000
CXUS53 KAPX 210631
CF6PLN
PRELIMINARY LOCAL CLIMATOLOGICAL DATA (WS FORM: F-6)

                                          STATION:   PELLSTON
                                          MONTH:     OCTOBER
                                          YEAR:      2017
                                          LATITUDE:   45 34 N
                                          LONGITUDE:  84 48 W

  TEMPERATURE IN F:       :PCPN:    SNOW:  WIND      :SUNSHINE: SKY     :PK WND
================================================================================
1   2   3   4   5  6A  6B    7    8   9   10  11  12  13   14  15   16   17  18
                                     12Z  AVG MX 2MIN
DY MAX MIN AVG DEP HDD CDD  WTR  SNW DPTH SPD SPD DIR MIN PSBL S-S WX    SPD DR
================================================================================

 1  68  31  50   0  15   0 0.00    M    M  3.1 13 130   M    M   0 1      17 210
 2  77  44  61  11   4   0 0.00    M    M  8.4 16 130   M    M   0        23 130
 3  80  55  68  19   0   3 0.00    M    M  8.7 18 210   M    M   3        30 210
 4  73  41  57   8   8   0 0.22    M    M  8.8 21 310   M    M   6 1      29 210
 5  62  34  48  -1  17   0    T    M    M  5.0 17 250   M    M   5 1      24 260
 6  65  50  58  10   7   0 0.02    M    M  3.3 10 140   M    M   6        15 130
 7  73  58  66  18   0   1 1.12    M    M  9.1 20 210   M    M   9 1      28 200
 8  76  48  62  15   3   0 0.10    M    M  5.8 21 300   M    M   2 1      29 290
 9  70  42  56   9   9   0 0.00    M    M  4.8 15 340   M    M   3        20 330
10  59  41  50   3  15   0 0.00    M    M  6.3 15 350   M    M   2        20 350
11  59  36  48   2  17   0 0.00    M    M  9.4 24 100   M    M   0        31 100
12  64  31  48   2  17   0 0.00    M    M  6.0 17 100   M    M   5        21 100
13  65  53  59  13   6   0    T    M    M  7.1 18 230   M    M  10 1      27 250
14  60  38  49   4  16   0 0.41    M    M  6.1 15 120   M    M   5 1      20  90
15  55  31  43  -2  22   0 0.83    M    M  9.7 24 330   M    M   8 1      35 320
16  56  26  41  -4  24   0    T    M    M  5.7 21 250   M    M   1        30 220
17  63  38  51   7  14   0 0.00    M    M  8.8 20 220   M    M   1 12     31 210
18  72  37  55  11  10   0 0.00    M    M 11.6 25 210   M    M   0        40 230
19  64  51  58  14   7   0 0.00    M    M 11.1 23 240   M    M   0        34 230
20  77  38  58  15   7   0 0.00    M    M  7.3 18 240   M    M   0        25 250
================================================================================
SM 1338  823       218   4  2.70    M    146.1          M       66
================================================================================
AV 66.9 41.2                               7.3 FASTST   M    M   3    MAX(MPH)
                                 MISC ---->  # 25 210               # 40  230
================================================================================
NOTES:
# LAST OF SEVERAL OCCURRENCES

COLUMN 17 PEAK WIND IN M.P.H.

PRELIMINARY LOCAL CLIMATOLOGICAL DATA (WS FORM: F-6) , PAGE 2

                                          STATION:  PELLSTON
                                          MONTH:    OCTOBER
                                          YEAR:     2017
                                          LATITUDE:   45 34 N
                                          LONGITUDE:  84 48 W

[TEMPERATURE DATA]      [PRECIPITATION DATA]       SYMBOLS USED IN COLUMN 16

AVERAGE MONTHLY: 54.0   TOTAL FOR MONTH:   2.70    1 = FOG OR MIST
DPTR FM NORMAL:   7.4   DPTR FM NORMAL:    0.26    2 = FOG REDUCING VISIBILITY
HIGHEST:    80 ON  3    GRTST 24HR  1.12 ON  7- 7      TO 1/4 MILE OR LESS
LOWEST:     26 ON 16                               3 = THUNDER
                        SNOW, ICE PELLETS, HAIL    4 = ICE PELLETS
                        TOTAL MONTH:    M          5 = HAIL
                        GRTST 24HR    M  ON   M    6 = FREEZING RAIN OR DRIZZLE
                        GRTST DEPTH:  M  ON   M    7 = DUSTSTORM OR SANDSTORM:
                                                       VSBY 1/2 MILE OR LESS
                                                   8 = SMOKE OR HAZE
[NO. OF DAYS WITH]      [WEATHER - DAYS WITH]      9 = BLOWING SNOW
                                                   X = TORNADO
MAX 32 OR BELOW:   0    0.01 INCH OR MORE:   6
MAX 90 OR ABOVE:   0    0.10 INCH OR MORE:   5
MIN 32 OR BELOW:   4    0.50 INCH OR MORE:   2
MIN  0 OR BELOW:   0    1.00 INCH OR MORE:   1

[HDD (BASE 65) ]
TOTAL THIS MO.   218    CLEAR  (SCALE 0-3)  12
DPTR FM NORMAL  -151    PTCLDY (SCALE 4-7)   5
TOTAL FM JUL 1   513    CLOUDY (SCALE 8-10)  3
DPTR FM NORMAL  -306

[CDD (BASE 65) ]
TOTAL THIS MO.     4
DPTR FM NORMAL     4    [PRESSURE DATA]
TOTAL FM JAN 1   225    HIGHEST SLP M ON M
DPTR FM NORMAL     7    LOWEST  SLP 29.38 ON  7

[REMARKS]
