000
CXUS55 KLOX 211655
CF6PMD
PRELIMINARY LOCAL CLIMATOLOGICAL DATA (WS FORM: F-6)

                                          STATION:   PALMDALE AIRPORT CA
                                          MONTH:     FEBRUARY
                                          YEAR:      2018
                                          LATITUDE:   34 37 N
                                          LONGITUDE: 118  5 W

  TEMPERATURE IN F:       :PCPN:    SNOW:  WIND      :SUNSHINE: SKY     :PK WND
================================================================================
1   2   3   4   5  6A  6B    7    8   9   10  11  12  13   14  15   16   17  18
                                     12Z  AVG MX 2MIN
DY MAX MIN AVG DEP HDD CDD  WTR  SNW DPTH SPD SPD DIR MIN PSBL S-S WX    SPD DR
================================================================================

 1  73  36  55   9  10   0 0.00  0.0    0  4.1 12 190   M    M   0        12 340
 2  74  37  56  10   9   0 0.00  0.0    0  4.2 10 210   M    M   0        12  10
 3  77  40  59  12   6   0 0.00  0.0    0  4.5 12 210   M    M   0        13  30
 4  77  40  59  12   6   0 0.00  0.0    0  4.6 10 210   M    M   0        13 350
 5  76  40  58  11   7   0 0.00  0.0    0  4.6 18 280   M    M   0        27 300
 6  76  43  60  13   5   0 0.00  0.0    0  9.2 21  60   M    M   0         M  M
 7  73  36  55   8  10   0 0.00  0.0    0  6.3 20 320   M    M   0        27 330
 8  76  35  56   9   9   0 0.00  0.0    0  5.8 18 330   M    M   0        23 330
 9  77  38  58  10   7   0 0.00  0.0    0  9.3 29 310   M    M   0        39 300
10  73  46  60  12   5   0 0.00  0.0    0 19.1 40 280   M    M   1 8      47 290
11  66  34  50   2  15   0 0.00  0.0    0 12.8 33 220   M    M   0        42 210
12  58  40  49   1  16   0 0.00  0.0    0 14.0 28 230   M    M   2        40 220
13  60  34  47  -1  18   0 0.00  0.0    0  7.9 23  60   M    M   4        30  60
14  60  42  51   3  14   0    T    M    0  6.4 18 280   M    M   6        26 290
15  63  35  49   0  16   0 0.00  0.0    0 11.9 29  70   M    M   1        33  70
16  64  27  46  -3  19   0 0.00  0.0    0  4.4 13  40   M    M   0        24  30
17  67  30  49   0  16   0 0.00  0.0    0  4.9 15 260   M    M   0        18 240
18  60  44  52   3  13   0 0.00  0.0    0 11.0 33 290   M    M   1        41 290
19  46  33  40  -9  25   0 0.00  0.0    0 21.7 37 280   M    M   3        45 290
20  49  22  36 -14  29   0 0.00  0.0    0  4.6 15 290   M    M   0        18 290
================================================================================
SM 1345  732       255   0    T      0.0 171.4          M       18
================================================================================
AV 67.3 36.6                               8.6 FASTST   M    M   1    MAX(MPH)
                                 MISC ---->  # 40 280               # 47  290
================================================================================
NOTES:
# LAST OF SEVERAL OCCURRENCES

COLUMN 17 PEAK WIND IN M.P.H.

PRELIMINARY LOCAL CLIMATOLOGICAL DATA (WS FORM: F-6) , PAGE 2

                                          STATION:  PALMDALE AIRPORT CA
                                          MONTH:    FEBRUARY
                                          YEAR:     2018
                                          LATITUDE:   34 37 N
                                          LONGITUDE: 118  5 W

[TEMPERATURE DATA]      [PRECIPITATION DATA]       SYMBOLS USED IN COLUMN 16

AVERAGE MONTHLY: 51.9   TOTAL FOR MONTH:      T    1 = FOG OR MIST
DPTR FM NORMAL:   4.1   DPTR FM NORMAL:   -1.26    2 = FOG REDUCING VISIBILITY
HIGHEST:    77 ON  9, 4 GRTST 24HR    T  ON 14-14      TO 1/4 MILE OR LESS
LOWEST:     22 ON 20                               3 = THUNDER
                        SNOW, ICE PELLETS, HAIL    4 = ICE PELLETS
                        TOTAL MONTH:   0.0 INCH    5 = HAIL
                        GRTST 24HR     0.0         6 = FREEZING RAIN OR DRIZZLE
                        GRTST DEPTH:   0           7 = DUSTSTORM OR SANDSTORM:
                                                       VSBY 1/2 MILE OR LESS
                                                   8 = SMOKE OR HAZE
[NO. OF DAYS WITH]      [WEATHER - DAYS WITH]      9 = BLOWING SNOW
                                                   X = TORNADO
MAX 32 OR BELOW:   0    0.01 INCH OR MORE:   0
MAX 90 OR ABOVE:   0    0.10 INCH OR MORE:   0
MIN 32 OR BELOW:   3    0.50 INCH OR MORE:   0
MIN  0 OR BELOW:   0    1.00 INCH OR MORE:   0

[HDD (BASE 65) ]
TOTAL THIS MO.   255    CLEAR  (SCALE 0-3)  18
DPTR FM NORMAL   -88    PTCLDY (SCALE 4-7)   2
TOTAL FM JUL 1  1493    CLOUDY (SCALE 8-10)  0
DPTR FM NORMAL  -634

[CDD (BASE 65) ]
TOTAL THIS MO.     0
DPTR FM NORMAL     0    [PRESSURE DATA]
TOTAL FM JAN 1     0    HIGHEST SLP M ON M
DPTR FM NORMAL     0    LOWEST  SLP 29.77 ON M

[REMARKS]
