000
CXUS54 KMOB 201347
CF6PNS
PRELIMINARY LOCAL CLIMATOLOGICAL DATA (WS FORM: F-6)

                                          STATION:   PENSACOLA
                                          MONTH:     OCTOBER
                                          YEAR:      2017
                                          LATITUDE:   30 28 N
                                          LONGITUDE:  87 12 W

  TEMPERATURE IN F:       :PCPN:    SNOW:  WIND      :SUNSHINE: SKY     :PK WND
================================================================================
1   2   3   4   5  6A  6B    7    8   9   10  11  12  13   14  15   16   17  18
                                     12Z  AVG MX 2MIN
DY MAX MIN AVG DEP HDD CDD  WTR  SNW DPTH SPD SPD DIR MIN PSBL S-S WX    SPD DR
================================================================================

 1  85  68  77   3   0  12 0.02  0.0    0  9.6 16  40   M    M   6 18     26  70
 2  83  70  77   3   0  12    T  0.0    0 10.1 20 120   M    M   8 8      27 120
 3  88  74  81   7   0  16 0.00  0.0    0  8.1 17 110   M    M   2 8      28  80
 4  88  70  79   6   0  14 0.00  0.0    0  6.7 14  80   M    M   3 8      20  60
 5  89  68  79   6   0  14 0.00  0.0    0  7.1 13  40   M    M   1 8      24  80
 6  88  71  80   7   0  15 0.00  0.0    0  7.6 17 150   M    M   1        28 100
 7  88  77  83  11   0  18 1.50  0.0    0 16.8 38 130   M    M   7 18     53 150
 8  85  77  81   9   0  16 1.78  0.0    0 15.1 38 170   M    M   9 1      49 180
 9  89  75  82  10   0  17 1.04  0.0    0  9.3 23 210   M    M   5 13     28 210
10  87  77  82  11   0  17 0.36  0.0    0  4.3 14 160   M    M   5 128    23 160
11  91  77  84  13   0  19 0.01  0.0    0  4.8 12 280   M    M   3 128    16 270
12  92  76  84  13   0  19 0.00  0.0    0  6.4 14 360   M    M   2        18  40
13  90  74  82  12   0  17    T  0.0    0  4.6 12 140   M    M   1        23 120
14  88  73  81  11   0  16 0.00  0.0    0  7.5 16 130   M    M   4        28 110
15  87  75  81  11   0  16 0.03  0.0    0  7.4 18 140   M    M   5        37 100
16  77  62  70   0   0   5 0.00  0.0    0 11.1 20 340   M    M   5        26 340
17  79  58  69   0   0   4 0.00  0.0    0  8.4 15  70   M    M   1 8      22  70
18  80  57  69   0   0   4 0.00  0.0    0  5.5 10  90   M    M   0 8      16  10
19  84  63  74   5   0   9 0.00  0.0    0  5.6 12  60   M    M   1 8      17  20
================================================================================
SM 1638 1342         0 260  4.74     0.0 156.0          M       69
================================================================================
AV 86.2 70.6                               8.2 FASTST   M    M   4    MAX(MPH)
                                 MISC ---->  # 38 130               # 53  150
================================================================================
NOTES:
# LAST OF SEVERAL OCCURRENCES

COLUMN 17 PEAK WIND IN M.P.H.

PRELIMINARY LOCAL CLIMATOLOGICAL DATA (WS FORM: F-6) , PAGE 2

                                          STATION:  PENSACOLA
                                          MONTH:    OCTOBER
                                          YEAR:     2017
                                          LATITUDE:   30 28 N
                                          LONGITUDE:  87 12 W

[TEMPERATURE DATA]      [PRECIPITATION DATA]       SYMBOLS USED IN COLUMN 16

AVERAGE MONTHLY: 78.4   TOTAL FOR MONTH:   4.74    1 = FOG OR MIST
DPTR FM NORMAL:   7.0   DPTR FM NORMAL:    1.50    2 = FOG REDUCING VISIBILITY
HIGHEST:    92 ON 12    GRTST 24HR  1.78 ON  8- 8      TO 1/4 MILE OR LESS
LOWEST:     57 ON 18                               3 = THUNDER
                        SNOW, ICE PELLETS, HAIL    4 = ICE PELLETS
                        TOTAL MONTH:   0.0 INCH    5 = HAIL
                        GRTST 24HR     0.0         6 = FREEZING RAIN OR DRIZZLE
                        GRTST DEPTH:   0           7 = DUSTSTORM OR SANDSTORM:
                                                       VSBY 1/2 MILE OR LESS
                                                   8 = SMOKE OR HAZE
[NO. OF DAYS WITH]      [WEATHER - DAYS WITH]      9 = BLOWING SNOW
                                                   X = TORNADO
MAX 32 OR BELOW:   0    0.01 INCH OR MORE:   7
MAX 90 OR ABOVE:   3    0.10 INCH OR MORE:   4
MIN 32 OR BELOW:   0    0.50 INCH OR MORE:   3
MIN  0 OR BELOW:   0    1.00 INCH OR MORE:   3

[HDD (BASE 65) ]
TOTAL THIS MO.     0    CLEAR  (SCALE 0-3)  10
DPTR FM NORMAL    -9    PTCLDY (SCALE 4-7)   8
TOTAL FM JUL 1     0    CLOUDY (SCALE 8-10)  1
DPTR FM NORMAL   -10

[CDD (BASE 65) ]
TOTAL THIS MO.   260
DPTR FM NORMAL   127    [PRESSURE DATA]
TOTAL FM JAN 1  3213    HIGHEST SLP M ON M
DPTR FM NORMAL   710    LOWEST  SLP 29.40 ON  8

[REMARKS]
