000
CXUS55 KALY 230710
CF6POU
PRELIMINARY LOCAL CLIMATOLOGICAL DATA (WS FORM: F-6)

                                          STATION:   POUGHKEEPSIE NY
                                          MONTH:     FEBRUARY
                                          YEAR:      2017
                                          LATITUDE:   41 37 N
                                          LONGITUDE:  73 53 W

  TEMPERATURE IN F:       :PCPN:    SNOW:  WIND      :SUNSHINE: SKY     :PK WND
================================================================================
1   2   3   4   5  6A  6B    7    8   9   10  11  12  13   14  15   16   17  18
                                     12Z  AVG MX 2MIN
DY MAX MIN AVG DEP HDD CDD  WTR  SNW DPTH SPD SPD DIR MIN PSBL S-S WX    SPD DR
================================================================================

 1  42  16  29   3  36   0    T    M    M  4.9 20 240   M    M   6 12     29 250
 2  39  19  29   3  36   0 0.00    M    M  5.3 17 270   M    M   3        25 250
 3  31  14  23  -3  42   0 0.00    M    M  8.0 20 270   M    M   2        26 290
 4  33  18  26  -1  39   0 0.00    M    M  8.8 20 240   M    M   1        26 250
 5  39  19  29   2  36   0 0.00    M    M  5.8 20 230   M    M   6        30 310
 6  41  25  33   6  32   0 0.00    M    M  5.9 22 300   M    M   4        28 260
 7  32  23  28   1  37   0 0.08    M    M  2.3  9 360   M    M   8 18     11 360
 8  56  32  44  17  21   0 0.08    M    M  5.9 21 290   M    M   5 128    29 280
 9  33  12  23  -4  42   0    M    M    M 13.7 24 310   M    M   8 123    39 310
10  29  13  21  -7  44   0 0.01    M    M  8.8 23 270   M    M   7 18     28 280
11  42  24  33   5  32   0    T    M    M  2.0  9 140   M    M   8 1      14 140
12  33  27  30   2  35   0 0.54    M    M  3.7 12  90   M    M  10 1268   16 100
13  36  23  30   2  35   0    T    M    M 14.3 41 310   M    M   5 1      59 300
14  39  15  27  -1  38   0 0.00    M    M  3.3 12 240   M    M   1        18 160
15  45  20  33   5  32   0 0.05    M    M  4.5 21 270   M    M   4 18     29 270
16  35  22  29   0  36   0 0.00    M    M 11.0 20 290   M    M   6        26 290
17  40  17  29   0  36   0 0.00    M    M  5.3 15 270   M    M   0        20 270
18  56  19  38   9  27   0 0.00    M    M  3.7 16 230   M    M   0 8      23 230
19  61  29  45  16  20   0 0.00  0.0    M  5.6 16 300   M    M   0        21 300
20  48  26  37   7  28   0 0.00  0.0    M  4.7 17  10   M    M   0        24  40
21  46  19  33   3  32   0 0.00  0.0    M  2.5 12 210   M    M   0        20 200
22  53  35  44  14  21   0    T    M    M  2.7  9 180   M    M   4        12 170
================================================================================
SM  909  467       737   0  0.76     0.0 132.7          M       88
================================================================================
AV 41.3 21.2                               6.0 FASTST   M    M   4    MAX(MPH)
                                 MISC ---->  # 41 310               # 59  300
================================================================================
NOTES:
# LAST OF SEVERAL OCCURRENCES

COLUMN 17 PEAK WIND IN M.P.H.

PRELIMINARY LOCAL CLIMATOLOGICAL DATA (WS FORM: F-6) , PAGE 2

                                          STATION:  POUGHKEEPSIE NY
                                          MONTH:    FEBRUARY
                                          YEAR:     2017
                                          LATITUDE:   41 37 N
                                          LONGITUDE:  73 53 W

[TEMPERATURE DATA]      [PRECIPITATION DATA]       SYMBOLS USED IN COLUMN 16

AVERAGE MONTHLY: 31.3   TOTAL FOR MONTH:   0.76    1 = FOG OR MIST
DPTR FM NORMAL:   3.4   DPTR FM NORMAL:   -1.28    2 = FOG REDUCING VISIBILITY
HIGHEST:    61 ON 19    GRTST 24HR  0.54 ON 12-12      TO 1/4 MILE OR LESS
LOWEST:     12 ON  9                               3 = THUNDER
                        SNOW, ICE PELLETS, HAIL    4 = ICE PELLETS
                        TOTAL MONTH:   0.0 INCH    5 = HAIL
                        GRTST 24HR     0.0         6 = FREEZING RAIN OR DRIZZLE
                        GRTST DEPTH:  M  ON   M    7 = DUSTSTORM OR SANDSTORM:
                                                       VSBY 1/2 MILE OR LESS
                                                   8 = SMOKE OR HAZE
[NO. OF DAYS WITH]      [WEATHER - DAYS WITH]      9 = BLOWING SNOW
                                                   X = TORNADO
MAX 32 OR BELOW:   3    0.01 INCH OR MORE:   5
MAX 90 OR ABOVE:   0    0.10 INCH OR MORE:   1
MIN 32 OR BELOW:  21    0.50 INCH OR MORE:   1
MIN  0 OR BELOW:   0    1.00 INCH OR MORE:   0

[HDD (BASE 65) ]
TOTAL THIS MO.   737    CLEAR  (SCALE 0-3)   9
DPTR FM NORMAL   -77    PTCLDY (SCALE 4-7)  12
TOTAL FM JUL 1  3933    CLOUDY (SCALE 8-10)  1
DPTR FM NORMAL  -433

[CDD (BASE 65) ]
TOTAL THIS MO.     0
DPTR FM NORMAL     0    [PRESSURE DATA]
TOTAL FM JAN 1     0    HIGHEST SLP M ON M
DPTR FM NORMAL     0    LOWEST  SLP 29.34 ON 15

[REMARKS]
