099
CXUS56 KFGZ 240900
CF6PRC
PRELIMINARY LOCAL CLIMATOLOGICAL DATA (WS FORM: F-6)

                                          STATION:   PRESCOTT AZ AIRPORT
                                          MONTH:     FEBRUARY
                                          YEAR:      2018
                                          LATITUDE:   34 39 N
                                          LONGITUDE: 112 26 W

  TEMPERATURE IN F:       :PCPN:    SNOW:  WIND      :SUNSHINE: SKY     :PK WND
================================================================================
1   2   3   4   5  6A  6B    7    8   9   10  11  12  13   14  15   16   17  18
                                     12Z  AVG MX 2MIN
DY MAX MIN AVG DEP HDD CDD  WTR  SNW DPTH SPD SPD DIR MIN PSBL S-S WX    SPD DR
================================================================================

 1  72  31  52  12  13   0 0.00    M    M  5.7 13 270   M    M   0        15 360
 2  70  31  51  11  14   0 0.00    M    M  4.7 13 250   M    M   0        15 250
 3  68  33  51  11  14   0 0.00    M    M  6.9 14 340   M    M   0        19 360
 4  70  33  52  12  13   0 0.00    M    M  5.2 10 200   M    M   0        14 200
 5  69  34  52  12  13   0 0.00    M    M  5.6 18 240   M    M   0        22 240
 6  65  31  48   8  17   0 0.00    M    M  9.2 31 340   M    M   0        40 340
 7  64  25  45   5  20   0 0.00    M    M  3.6 12 190   M    M   0 8      13 190
 8  70  28  49   8  16   0 0.00    M    M  3.6 12 190   M    M   0        12 190
 9  72  31  52  11  13   0 0.00    M    M  8.1 18 240   M    M   0        22 240
10  62  40  51  10  14   0 0.00    M    M 11.4 26 230   M    M   0        35 240
11  59  23  41   0  24   0 0.00    M    M  6.9 16 200   M    M   0        24 240
12  49  41  45   4  20   0 0.03    M    0 14.7 32 200   M    M   8 18     44 220
13  52  36  44   3  21   0 0.06    M    0  5.6 21 150   M    M   6 1      25 150
14  50  36  43   2  22   0 0.08    M    0  7.0 20 140   M    M   5 1      26 170
15  52  36  44   2  21   0 0.02    M    M  5.1 20 350   M    M   7 1      23 350
16  55  28  42   0  23   0 0.00  0.0    0  4.1 10 340   M    M   0        13 350
17  62  28  45   3  20   0 0.00    M    M  4.2 10 250   M    M   0        13 190
18  56  30  43   1  22   0 0.00    M    M 11.8 25 190   M    M   1        33 200
19  47  21  34  -8  31   0 0.01    M    M 17.5 36 210   M    M   6 18     47 240
20  41  17  29 -13  36   0    T    M    M  3.7 15 310   M    M   1        18 280
21  44  16  30 -12  35   0 0.00    M    M  7.0 16 230   M    M   4        23 200
22  43  19  31 -12  34   0 0.00  0.0    0 11.1 26 230   M    M   3        30 230
23  40  22  31 -12  34   0 0.04    M    0 11.9 25 210   M    M   7 128    32 210
================================================================================
SM 1332  670       490   0  0.24     0.0 174.6          M       48
================================================================================
AV 57.9 29.1                               7.6 FASTST   M    M   2    MAX(MPH)
                                 MISC ---->  # 36 210               # 47  240
================================================================================
NOTES:
# LAST OF SEVERAL OCCURRENCES

COLUMN 17 PEAK WIND IN M.P.H.

PRELIMINARY LOCAL CLIMATOLOGICAL DATA (WS FORM: F-6) , PAGE 2

                                          STATION:  PRESCOTT AZ AIRPORT
                                          MONTH:    FEBRUARY
                                          YEAR:     2018
                                          LATITUDE:   34 39 N
                                          LONGITUDE: 112 26 W

[TEMPERATURE DATA]      [PRECIPITATION DATA]       SYMBOLS USED IN COLUMN 16

AVERAGE MONTHLY: 43.5   TOTAL FOR MONTH:   0.24    1 = FOG OR MIST
DPTR FM NORMAL:   2.3   DPTR FM NORMAL:   -0.89    2 = FOG REDUCING VISIBILITY
HIGHEST:    72 ON  9, 1 GRTST 24HR  0.08 ON 14-14      TO 1/4 MILE OR LESS
LOWEST:     16 ON 21                               3 = THUNDER
                        SNOW, ICE PELLETS, HAIL    4 = ICE PELLETS
                        TOTAL MONTH:   0.0 INCH    5 = HAIL
                        GRTST 24HR     0.0         6 = FREEZING RAIN OR DRIZZLE
                        GRTST DEPTH:   0           7 = DUSTSTORM OR SANDSTORM:
                                                       VSBY 1/2 MILE OR LESS
                                                   8 = SMOKE OR HAZE
[NO. OF DAYS WITH]      [WEATHER - DAYS WITH]      9 = BLOWING SNOW
                                                   X = TORNADO
MAX 32 OR BELOW:   0    0.01 INCH OR MORE:   6
MAX 90 OR ABOVE:   0    0.10 INCH OR MORE:   0
MIN 32 OR BELOW:  15    0.50 INCH OR MORE:   0
MIN  0 OR BELOW:   0    1.00 INCH OR MORE:   0

[HDD (BASE 65) ]
TOTAL THIS MO.   490    CLEAR  (SCALE 0-3)  15
DPTR FM NORMAL   -57    PTCLDY (SCALE 4-7)   8
TOTAL FM JUL 1  2339    CLOUDY (SCALE 8-10)  0
DPTR FM NORMAL  -725

[CDD (BASE 65) ]
TOTAL THIS MO.     0
DPTR FM NORMAL     0    [PRESSURE DATA]
TOTAL FM JAN 1     0    HIGHEST SLP M ON M
DPTR FM NORMAL     0    LOWEST  SLP 29.41 ON 19

[REMARKS]
