000
CXUS54 KHGX 301415
CF6PSX
PRELIMINARY LOCAL CLIMATOLOGICAL DATA (WS FORM: F-6)

                                          STATION:   PALACIOS
                                          MONTH:     SEPTEMBER
                                          YEAR:      2014
                                          LATITUDE:   28 43 N
                                          LONGITUDE:  96 15 W

  TEMPERATURE IN F:       :PCPN:    SNOW:  WIND      :SUNSHINE: SKY     :PK WND
================================================================================
1   2   3   4   5  6A  6B    7    8   9   10  11  12  13   14  15   16   17  18
                                     12Z  AVG MX 2MIN
DY MAX MIN AVG DEP HDD CDD  WTR  SNW DPTH SPD SPD DIR MIN PSBL S-S WX    SPD DR
================================================================================

 1  92  78  85   2   0  20 0.00  0.0    0 10.2 17 130   M    M   2 1      22 140
 2  92  81  87   4   0  22    T  0.0    0 12.8 22 150   M    M   3        27 130
 3  93  80  87   4   0  22 0.00  0.0    0 11.8 22 130   M    M   2        31 190
 4  91  80  86   3   0  21 0.00  0.0    0 10.3 20 140   M    M   2 3      33 130
 5  93  79  86   4   0  21    T  0.0    0  9.0 20 150   M    M   1        23 140
 6  91  77  84   2   0  19 0.00  0.0    0  7.6 15 180   M    M   1 3      20 170
 7  84  73  79  -3   0  14 0.28  0.0    0  4.5 18 210   M    M   3 13     24 210
 8  91  73  82   0   0  17 0.00  0.0    0  6.8 13 170   M    M   0 18     17 190
 9  91  80  86   4   0  21    T  0.0    0 10.2 16 160   M    M   1        25 210
10  91  83  87   6   0  22 0.00  0.0    0 12.4 17 180   M    M   1 8      25 200
11  93  82  88   7   0  23 0.00  0.0    0  9.9 20 140   M    M   1        24 150
12  88  76  82   1   0  17 0.85  0.0    0  7.4 16 100   M    M   3 138    19 350
13  80  69  75  -6   0  10 0.97  0.0    0 14.4 22  20   M    M   8 13     26  30
14  78  69  74  -6   0   9 0.00  0.0    0  9.5 16  30   M    M   9 18     19  30
15  91  71  81   1   0  16    T  0.0    0  8.6 17  90   M    M   4        23  50
16  87  77  82   2   0  17 0.09  0.0    0  5.4 16 170   M    M   2 13     25 140
17  89  77  83   3   0  18 0.27  0.0    0  7.3 20 200   M    M   1 138    24 190
18  88  77  83   3   0  18 0.06  0.0    0  8.2 15 330   M    M   4 13     25 190
19  84  76  80   1   0  15 0.10  0.0    0  8.1 18  50   M    M   3 1      21  60
20  89  74  82   3   0  17 0.45  0.0    0  9.1 23  80   M    M   3 138    26  80
21  90  73  82   3   0  17 0.00  0.0    0 10.7 20  70   M    M   1 1      24  80
22  92  71  82   4   0  17    T  0.0    0  7.8 22  50   M    M   2 13     28  50
23  87  66  77  -1   0  12 0.00  0.0    0  7.6 15  50   M    M   0 1      18  50
24  87  64  76  -2   0  11 0.00  0.0    0  8.2 16  30   M    M   1        19 100
25  87  70  79   1   0  14 0.02  0.0    0 12.7 28  70   M    M   4        32  70
26  87  70  79   1   0  14 0.00  0.0    M  9.1 18 100   M    M   2        23 100
27  84  72  78   1   0  13 0.01  0.0    0  9.8 18  60   M    M   4        23  50
28  86  71  79   2   0  14 0.29  0.0    0 10.1 16  70   M    M   5 1      20  50
29  89  72  81   4   0  16 0.00  0.0    0  7.9 15  50   M    M   2 18     20  30
================================================================================
SM 2565 2161         0 487  3.39     0.0 267.4          M       75
================================================================================
AV 88.4 74.5                               9.2 FASTST   M    M   3    MAX(MPH)
                                 MISC ---->  # 28  70               # 33  130
================================================================================
NOTES:
# LAST OF SEVERAL OCCURRENCES

COLUMN 17 PEAK WIND IN M.P.H.

PRELIMINARY LOCAL CLIMATOLOGICAL DATA (WS FORM: F-6) , PAGE 2

                                          STATION:  PALACIOS
                                          MONTH:    SEPTEMBER
                                          YEAR:     2014
                                          LATITUDE:   28 43 N
                                          LONGITUDE:  96 15 W

[TEMPERATURE DATA]      [PRECIPITATION DATA]       SYMBOLS USED IN COLUMN 16

AVERAGE MONTHLY: 81.5   TOTAL FOR MONTH:   3.39    1 = FOG OR MIST
DPTR FM NORMAL:   1.3   DPTR FM NORMAL:   -1.57    2 = FOG REDUCING VISIBILITY
HIGHEST:    93 ON 11, 5 GRTST 24HR  1.82 ON 12-13      TO 1/4 MILE OR LESS
LOWEST:     64 ON 24                               3 = THUNDER
                        SNOW, ICE PELLETS, HAIL    4 = ICE PELLETS
                        TOTAL MONTH:   0.0 INCH    5 = HAIL
                        GRTST 24HR     0.0         6 = FREEZING RAIN OR DRIZZLE
                        GRTST DEPTH:   0           7 = DUSTSTORM OR SANDSTORM:
                                                       VSBY 1/2 MILE OR LESS
                                                   8 = SMOKE OR HAZE
[NO. OF DAYS WITH]      [WEATHER - DAYS WITH]      9 = BLOWING SNOW
                                                   X = TORNADO
MAX 32 OR BELOW:   0    0.01 INCH OR MORE:  11
MAX 90 OR ABOVE:  13    0.10 INCH OR MORE:   7
MIN 32 OR BELOW:   0    0.50 INCH OR MORE:   2
MIN  0 OR BELOW:   0    1.00 INCH OR MORE:   0

[HDD (BASE 65) ]
TOTAL THIS MO.     0    CLEAR  (SCALE 0-3)  20
DPTR FM NORMAL     0    PTCLDY (SCALE 4-7)   8
TOTAL FM JUL 1     0    CLOUDY (SCALE 8-10)  1
DPTR FM NORMAL     0

[CDD (BASE 65) ]
TOTAL THIS MO.   487
DPTR FM NORMAL    47    [PRESSURE DATA]
TOTAL FM JAN 1  2877    HIGHEST SLP M ON M
DPTR FM NORMAL    92    LOWEST  SLP 29.80 ON 10

[REMARKS]
