000
CXUS56 KOTX 240900
CF6PUW
PRELIMINARY LOCAL CLIMATOLOGICAL DATA (WS FORM: F-6)

                                          STATION:   PULLMAN-MOSCOW  AIRPORT
                                          MONTH:     JULY
                                          YEAR:      2017
                                          LATITUDE:   46 44 N
                                          LONGITUDE: 117  7 W

  TEMPERATURE IN F:       :PCPN:    SNOW:  WIND      :SUNSHINE: SKY     :PK WND
================================================================================
1   2   3   4   5  6A  6B    7    8   9   10  11  12  13   14  15   16   17  18
                                     12Z  AVG MX 2MIN
DY MAX MIN AVG DEP HDD CDD  WTR  SNW DPTH SPD SPD DIR MIN PSBL S-S WX    SPD DR
================================================================================

 1  85  52  69   7   0   4 0.00    M    M  3.2  9 350   M    M   0 8      13 340
 2  86  56  71   9   0   6 0.00    M    M  3.6 10 280   M    M   0        13 360
 3  82  56  69   6   0   4 0.00    M    M  5.8 18 240   M    M   0        23 230
 4  88  54  71   8   0   6 0.00    M    M  3.2 12 120   M    M   0 8      14 130
 5  93  54  74  11   0   9 0.00    M    M  3.5 12 350   M    M   0 8      17  20
 6  96  54  75  11   0  10 0.00    M    M  1.8 10 250   M    M   0 8      14 250
 7  95  58  77  13   0  12    T    M    M  4.1 18 280   M    M   0 8      23 260
 8  90  56  73   9   0   8 0.00    M    M  2.4 12 280   M    M   0        14 280
 9  88  53  71   7   0   6 0.00    M    M  4.8 15 270   M    M   0        19 260
10  81  57  69   4   0   4 0.00    M    M  9.4 21 260   M    M   0        27 270
11  80  55  68   3   0   3 0.00    M    M  7.1 20 250   M    M   3        27 260
12  86  50  68   3   0   3 0.00    M    M  1.9 10 260   M    M   0        14 290
13  86  54  70   5   0   5 0.00    M    M  4.6 15 250   M    M   0        21 250
14  92  54  73   7   0   8    T    M    M  3.4 10  70   M    M   0 8      16 280
15  88  65  77  11   0  12 0.02    M    M  9.1 22 250   M    M   1 3      35 270
16  76  48  62  -4   3   0 0.00    M    M  9.9 25 250   M    M   0        31 250
17  80  44  62  -4   3   0 0.00    M    M  2.8 12 360   M    M   0 8      17 340
18  86  47  67   1   0   2 0.00    M    M  2.2 12 330   M    M   0 8      16 330
19  87  51  69   2   0   4 0.00    M    M  2.5 10 280   M    M   0 8      16 300
20  79  56  68   1   0   3 0.00    M    M 10.2 23 240   M    M   0        30 280
21  79  50  65  -2   0   0 0.00    M    M  4.4 14 250   M    M   0 8      19 270
22  87  48  68   1   0   3 0.00    M    M  1.5  9 240   M    M   0        13 200
23  91  56  74   7   0   9 0.00    M    M  4.3 16 230   M    M   0        21 240
================================================================================
SM 1981 1228         6 121  0.02    M    105.7          M        4
================================================================================
AV 86.1 53.4                               4.6 FASTST   M    M   0    MAX(MPH)
                                 MISC ---->  # 25 250               # 35  270
================================================================================
NOTES:
# LAST OF SEVERAL OCCURRENCES

COLUMN 17 PEAK WIND IN M.P.H.

PRELIMINARY LOCAL CLIMATOLOGICAL DATA (WS FORM: F-6) , PAGE 2

                                          STATION:  PULLMAN-MOSCOW  AIRPORT
                                          MONTH:    JULY
                                          YEAR:     2017
                                          LATITUDE:   46 44 N
                                          LONGITUDE: 117  7 W

[TEMPERATURE DATA]      [PRECIPITATION DATA]       SYMBOLS USED IN COLUMN 16

AVERAGE MONTHLY: 69.8   TOTAL FOR MONTH:   0.02    1 = FOG OR MIST
DPTR FM NORMAL:   4.8   DPTR FM NORMAL:   -0.51    2 = FOG REDUCING VISIBILITY
HIGHEST:    96 ON  6    GRTST 24HR  0.02 ON 15-15      TO 1/4 MILE OR LESS
LOWEST:     44 ON 17                               3 = THUNDER
                        SNOW, ICE PELLETS, HAIL    4 = ICE PELLETS
                        TOTAL MONTH:    M          5 = HAIL
                        GRTST 24HR    M  ON   M    6 = FREEZING RAIN OR DRIZZLE
                        GRTST DEPTH:  M  ON   M    7 = DUSTSTORM OR SANDSTORM:
                                                       VSBY 1/2 MILE OR LESS
                                                   8 = SMOKE OR HAZE
[NO. OF DAYS WITH]      [WEATHER - DAYS WITH]      9 = BLOWING SNOW
                                                   X = TORNADO
MAX 32 OR BELOW:   0    0.01 INCH OR MORE:   1
MAX 90 OR ABOVE:   6    0.10 INCH OR MORE:   0
MIN 32 OR BELOW:   0    0.50 INCH OR MORE:   0
MIN  0 OR BELOW:   0    1.00 INCH OR MORE:   0

[HDD (BASE 65) ]
TOTAL THIS MO.     6    CLEAR  (SCALE 0-3)  23
DPTR FM NORMAL   -48    PTCLDY (SCALE 4-7)   0
TOTAL FM JUL 1     6    CLOUDY (SCALE 8-10)  0
DPTR FM NORMAL   -48

[CDD (BASE 65) ]
TOTAL THIS MO.   121
DPTR FM NORMAL    69    [PRESSURE DATA]
TOTAL FM JAN 1   195    HIGHEST SLP M ON M
DPTR FM NORMAL   125    LOWEST  SLP 29.73 ON 23

[REMARKS]
