000
CXUS56 KOTX 250900
CF6PUW
PRELIMINARY LOCAL CLIMATOLOGICAL DATA (WS FORM: F-6)

                                          STATION:   PULLMAN-MOSCOW  AIRPORT
                                          MONTH:     MARCH
                                          YEAR:      2017
                                          LATITUDE:   46 44 N
                                          LONGITUDE: 117  7 W

  TEMPERATURE IN F:       :PCPN:    SNOW:  WIND      :SUNSHINE: SKY     :PK WND
================================================================================
1   2   3   4   5  6A  6B    7    8   9   10  11  12  13   14  15   16   17  18
                                     12Z  AVG MX 2MIN
DY MAX MIN AVG DEP HDD CDD  WTR  SNW DPTH SPD SPD DIR MIN PSBL S-S WX    SPD DR
================================================================================

 1  43  29  36  -2  29   0 0.00    M    M 16.3 32 250   M    M   5        42 240
 2  46  33  40   2  25   0    T    M    M  7.4 16 140   M    M   5        20 140
 3  48  33  41   3  24   0 0.02    M    M  5.6 15 130   M    M   7        17 140
 4  42  31  37  -1  28   0 0.23    M    M  5.7 17 320   M    M   9 12     20 320
 5  39  25  32  -6  33   0 0.02    M    M  9.8 24 230   M    M   7 128    28 230
 6  37  24  31  -8  34   0 0.01    M    M 13.8 26 250   M    M   6 8      35 240
 7  42  29  36  -3  29   0 0.32    M    M 10.0 29 250   M    M   9 18     38 250
 8  42  33  38  -1  27   0 0.46    M    M  9.2 26 250   M    M  10 1      35 250
 9  44  33  39   0  26   0 0.77    M    M  8.4 15 110   M    M  10 1      17 100
10  56  39  48   8  17   0 0.02    M    M 11.8 30 250   M    M   2 1      39 250
11  52  38  45   5  20   0 0.13    M    M 13.2 29 250   M    M   3 1      37 240
12  51  41  46   6  19   0 0.00    M    M  9.7 22 240   M    M   4        30 260
13  52  41  47   7  18   0 0.35    M    0  6.1 13 100   M    M   9 1      15 100
14  56  44  50  10  15   0 0.32    M    M  9.4 18 260   M    M   8 1      24 260
15  55  47  51  10  14   0 0.53    M    M 11.1 22 230   M    M   9 1      29 230
16  48  34  41   0  24   0 0.00    M    M 12.0 26 240   M    M   3        32 250
17  51  33  42   1  23   0 0.23    M    M 11.5 23 100   M    M   6 1      27 100
18  52  38  45   4  20   0 0.52    M    M 14.9 28 250   M    M   8 1      35 250
19  47  34  41   0  24   0 0.00    M    M  4.2 12 250   M    M   3        14 260
20  54  32  43   1  22   0    T    M    M  8.5 18 100   M    M   5        22  90
21  55  40  48   6  17   0 0.24    M    M  6.8 32 250   M    M   9 1      38 240
22  56  38  47   5  18   0 0.09    M    M  8.1 22 280   M    M   5 1      27 280
23  49  34  42   0  23   0 0.00    M    M  8.3 20 240   M    M   2        23 230
24  47  37  42   0  23   0 0.18    M    M  9.4 25 230   M    M   7 1      33 220
================================================================================
SM 1164  840       552   0  4.44    M    231.2          M      151
================================================================================
AV 48.5 35.0                               9.6 FASTST   M    M   6    MAX(MPH)
                                 MISC ---->  # 32 250               # 42  240
================================================================================
NOTES:
# LAST OF SEVERAL OCCURRENCES

COLUMN 17 PEAK WIND IN M.P.H.

PRELIMINARY LOCAL CLIMATOLOGICAL DATA (WS FORM: F-6) , PAGE 2

                                          STATION:  PULLMAN-MOSCOW  AIRPORT
                                          MONTH:    MARCH
                                          YEAR:     2017
                                          LATITUDE:   46 44 N
                                          LONGITUDE: 117  7 W

[TEMPERATURE DATA]      [PRECIPITATION DATA]       SYMBOLS USED IN COLUMN 16

AVERAGE MONTHLY: 41.8   TOTAL FOR MONTH:   4.44    1 = FOG OR MIST
DPTR FM NORMAL:   1.7   DPTR FM NORMAL:    2.85    2 = FOG REDUCING VISIBILITY
HIGHEST:    56 ON 22,14 GRTST 24HR  0.77 ON  9- 9      TO 1/4 MILE OR LESS
LOWEST:     24 ON  6                               3 = THUNDER
                        SNOW, ICE PELLETS, HAIL    4 = ICE PELLETS
                        TOTAL MONTH:    M          5 = HAIL
                        GRTST 24HR    M  ON   M    6 = FREEZING RAIN OR DRIZZLE
                        GRTST DEPTH:   0           7 = DUSTSTORM OR SANDSTORM:
                                                       VSBY 1/2 MILE OR LESS
                                                   8 = SMOKE OR HAZE
[NO. OF DAYS WITH]      [WEATHER - DAYS WITH]      9 = BLOWING SNOW
                                                   X = TORNADO
MAX 32 OR BELOW:   0    0.01 INCH OR MORE:  17
MAX 90 OR ABOVE:   0    0.10 INCH OR MORE:  12
MIN 32 OR BELOW:   6    0.50 INCH OR MORE:   3
MIN  0 OR BELOW:   0    1.00 INCH OR MORE:   0

[HDD (BASE 65) ]
TOTAL THIS MO.   552    CLEAR  (SCALE 0-3)   4
DPTR FM NORMAL   -48    PTCLDY (SCALE 4-7)  12
TOTAL FM JUL 1  5329    CLOUDY (SCALE 8-10)  8
DPTR FM NORMAL    26

[CDD (BASE 65) ]
TOTAL THIS MO.     0
DPTR FM NORMAL     0    [PRESSURE DATA]
TOTAL FM JAN 1     0    HIGHEST SLP M ON M
DPTR FM NORMAL     0    LOWEST  SLP 29.48 ON  5

[REMARKS]
