000
CXUS51 KBOX 251200
CF6PVD
PRELIMINARY LOCAL CLIMATOLOGICAL DATA (WS FORM: F-6)

                                          STATION:   PROVIDENCE RI
                                          MONTH:     AUGUST
                                          YEAR:      2016
                                          LATITUDE:   41 43 N
                                          LONGITUDE:  71 26 W

  TEMPERATURE IN F:       :PCPN:    SNOW:  WIND      :SUNSHINE: SKY     :PK WND
================================================================================
1   2   3   4   5  6A  6B    7    8   9   10  11  12  13   14  15   16   17  18
                                     12Z  AVG MX 2MIN
DY MAX MIN AVG DEP HDD CDD  WTR  SNW DPTH SPD SPD DIR MIN PSBL S-S WX    SPD DR
================================================================================

 1  80  64  72  -2   0   7 0.42  0.0    0  7.6 14  90   M    M   8 1      17  90
 2  75  64  70  -4   0   5 0.53  0.0    0  7.7 18  30   M    M   7 1      21  40
 3  81  61  71  -3   0   6 0.00  0.0    0  6.8 15 160   M    M   2 1      20 150
 4  80  58  69  -5   0   4 0.00  0.0    0  5.8 15 150   M    M   2        20 160
 5  83  60  72  -2   0   7 0.00  0.0    0  8.6 20 200   M    M   3        26 140
 6  87  69  78   4   0  13    T  0.0    0  7.8 17 230   M    M   5 3      22 260
 7  88  66  77   4   0  12 0.00  0.0    0  7.3 16 300   M    M   2        22 280
 8  86  65  76   3   0  11 0.00  0.0    0  6.9 17 180   M    M   3        20 180
 9  87  63  75   2   0  10 0.00  0.0    0  6.7 17 170   M    M   3        20 180
10  79  68  74   1   0   9 0.33  0.0    0  9.1 17 210   M    M   8 1      26 220
11  93  77  85  12   0  20 0.00  0.0    0  8.0 16 210   M    M   7 1      19 210
12  93  75  84  11   0  19 0.48  0.0    0 10.9 23 280   M    M   6 13     30 270
13  89  70  80   7   0  15 0.19  0.0    0  5.9 23 350   M    M   6 13     30 360
14  96  71  84  11   0  19 0.02  0.0    0  8.1 17 270   M    M   4 13     23 270
15  89  73  81   8   0  16 0.00  0.0    0  8.1 15 290   M    M   4        21 280
16  85  71  78   5   0  13    T  0.0    0  9.0 22 210   M    M   6        27 200
17  86  69  78   6   0  13 0.00  0.0    0 12.8 21 350   M    M   5        30 210
18  89  67  78   6   0  13    T  0.0    0  6.4 15 150   M    M   3        21 160
19  86  69  78   6   0  13 0.00  0.0    0  6.8 15 160   M    M   4        19 170
20  83  68  76   4   0  11 0.00  0.0    0  7.0 18 180   M    M   4        23 170
21  83  68  76   4   0  11    T  0.0    0  8.9 17 180   M    M   5 1      21 170
22  81  59  70  -2   0   5 0.74  0.0    0 10.5 24 240   M    M   3 1      31 240
23  81  56  69  -3   0   4 0.00  0.0    0  6.9 16 150   M    M   1        19 160
24  87  61  74   3   0   9 0.00  0.0    0  7.3 17 220   M    M   3        21 200
================================================================================
SM 2047 1592         0 265  2.71     0.0 190.9          M      104
================================================================================
AV 85.3 66.3                               8.0 FASTST   M    M   4    MAX(MPH)
                                 MISC ---->  # 24 240               # 31  240
================================================================================
NOTES:
# LAST OF SEVERAL OCCURRENCES

COLUMN 17 PEAK WIND IN M.P.H.

PRELIMINARY LOCAL CLIMATOLOGICAL DATA (WS FORM: F-6) , PAGE 2

                                          STATION:  PROVIDENCE RI
                                          MONTH:    AUGUST
                                          YEAR:     2016
                                          LATITUDE:   41 43 N
                                          LONGITUDE:  71 26 W

[TEMPERATURE DATA]      [PRECIPITATION DATA]       SYMBOLS USED IN COLUMN 16

AVERAGE MONTHLY: 75.8   TOTAL FOR MONTH:   2.71    1 = FOG OR MIST
DPTR FM NORMAL:   3.0   DPTR FM NORMAL:   -0.13    2 = FOG REDUCING VISIBILITY
HIGHEST:    96 ON 14    GRTST 24HR  0.74 ON 22-22      TO 1/4 MILE OR LESS
LOWEST:     56 ON 23                               3 = THUNDER
                        SNOW, ICE PELLETS, HAIL    4 = ICE PELLETS
                        TOTAL MONTH:   0.0 INCH    5 = HAIL
                        GRTST 24HR     0.0         6 = FREEZING RAIN OR DRIZZLE
                        GRTST DEPTH:   0           7 = DUSTSTORM OR SANDSTORM:
                                                       VSBY 1/2 MILE OR LESS
                                                   8 = SMOKE OR HAZE
[NO. OF DAYS WITH]      [WEATHER - DAYS WITH]      9 = BLOWING SNOW
                                                   X = TORNADO
MAX 32 OR BELOW:   0    0.01 INCH OR MORE:   7
MAX 90 OR ABOVE:   3    0.10 INCH OR MORE:   6
MIN 32 OR BELOW:   0    0.50 INCH OR MORE:   2
MIN  0 OR BELOW:   0    1.00 INCH OR MORE:   0

[HDD (BASE 65) ]
TOTAL THIS MO.     0    CLEAR  (SCALE 0-3)   7
DPTR FM NORMAL     0    PTCLDY (SCALE 4-7)  17
TOTAL FM JUL 1     0    CLOUDY (SCALE 8-10)  0
DPTR FM NORMAL    -3

[CDD (BASE 65) ]
TOTAL THIS MO.   265
DPTR FM NORMAL    74    [PRESSURE DATA]
TOTAL FM JAN 1   799    HIGHEST SLP M ON M
DPTR FM NORMAL   184    LOWEST  SLP 29.61 ON  6

[REMARKS]
