000
CXUS51 KBOX 011200
CF6PVD
PRELIMINARY LOCAL CLIMATOLOGICAL DATA (WS FORM: F-6)

                                          STATION:   PROVIDENCE RI
                                          MONTH:     JUNE
                                          YEAR:      2015
                                          LATITUDE:   41 43 N
                                          LONGITUDE:  71 26 W

  TEMPERATURE IN F:       :PCPN:    SNOW:  WIND      :SUNSHINE: SKY     :PK WND
================================================================================
1   2   3   4   5  6A  6B    7    8   9   10  11  12  13   14  15   16   17  18
                                     12Z  AVG MX 2MIN
DY MAX MIN AVG DEP HDD CDD  WTR  SNW DPTH SPD SPD DIR MIN PSBL S-S WX    SPD DR
================================================================================

 1  53  48  51 -12  14   0 0.29  0.0    0 12.9 22  40   M    M  10 1      28  40
 2  51  47  49 -15  16   0 0.35  0.0    0 11.9 18  10   M    M  10 1      24  10
 3  64  46  55  -9  10   0 0.00  0.0    0  5.6 13 180   M    M   7        17 360
 4  68  46  57  -7   8   0 0.00  0.0    0  7.1 18 170   M    M   6        22 180
 5  70  52  61  -4   4   0    T  0.0    0  5.3 13 160   M    M   6        15 160
 6  74  55  65   0   0   0 0.00  0.0    0  8.2 22  20   M    M   7        28  20
 7  71  50  61  -4   4   0 0.00  0.0    0  8.4 17 150   M    M   3        22 180
 8  75  53  64  -2   1   0    T  0.0    0 14.2 26 200   M    M   6        33 200
 9  75  63  69   3   0   4    T  0.0    0 11.1 22 200   M    M   7 18     32 200
10  83  60  72   6   0   7 0.00  0.0    0  8.5 17 200   M    M   2        23 230
11  86  62  74   7   0   9 0.00  0.0    0  9.9 18 240   M    M   6 18     24 230
12  82  67  75   8   0  10 0.00  0.0    0  6.7 16 150   M    M   7 18     20 160
13  85  67  76   9   0  11 0.00  0.0    0  8.3 21 360   M    M   5        25  30
14  83  63  73   5   0   8 0.00  0.0    0  7.4 18 150   M    M   5        23 180
15  63  57  60  -8   5   0 1.32  0.0    0  7.9 14 110   M    M   9 1      19 110
16  76  57  67  -1   0   2    T  0.0    0  6.3 12 240   M    M   8 1      14 230
17  73  57  65  -4   0   0 0.00  0.0    0  9.7 20  40   M    M   7        25  60
18  71  52  62  -7   3   0 0.00  0.0    0  8.2 18 140   M    M   6        22 140
19  85  63  74   5   0   9    T  0.0    0  7.7 16 350   M    M   7        20  60
20  72  60  66  -3   0   1 0.08  0.0    0  9.4 18 170   M    M   7 1      22 170
21  83  65  74   4   0   9 1.19  0.0    0  8.0 23 180   M    M   8 1      30 190
22  87  67  77   7   0  12 0.00  0.0    0  8.3 18 260   M    M   4        22 260
23  84  64  74   4   0   9 0.04  0.0    0 10.3 28 240   M    M   6 138    39 250
24  83  65  74   3   0   9 0.00  0.0    0  9.0 16 310   M    M   3        22 320
25  83  64  74   3   0   9    T  0.0    0  7.4 16 240   M    M   6        21 250
26  77  59  68  -3   0   3 0.01  0.0    0  7.6 17  10   M    M   7        23  30
27  71  55  63  -8   2   0 0.30  0.0    0  6.9 18  80   M    M   8 1      24  90
28  65  54  60 -11   5   0 1.77  0.0    0 11.1 20  60   M    M  10 1      28  50
29  75  54  65  -7   0   0 0.00  0.0    0  6.0 14 220   M    M   8        18 230
30  82  60  71  -1   0   6 0.00  0.0    0  6.3 18 200   M    M   5        24 200
================================================================================
SM 2250 1732        72 118  5.35     0.0 255.6          M      196
================================================================================
AV 75.0 57.7                               8.5 FASTST   M    M   7    MAX(MPH)
                                 MISC ---->  # 28 240               # 39  250
================================================================================
NOTES:
# LAST OF SEVERAL OCCURRENCES

COLUMN 17 PEAK WIND IN M.P.H.

PRELIMINARY LOCAL CLIMATOLOGICAL DATA (WS FORM: F-6) , PAGE 2

                                          STATION:  PROVIDENCE RI
                                          MONTH:    JUNE
                                          YEAR:     2015
                                          LATITUDE:   41 43 N
                                          LONGITUDE:  71 26 W

[TEMPERATURE DATA]      [PRECIPITATION DATA]       SYMBOLS USED IN COLUMN 16

AVERAGE MONTHLY: 66.4   TOTAL FOR MONTH:   5.35    1 = FOG OR MIST
DPTR FM NORMAL:  -1.6   DPTR FM NORMAL:    1.71    2 = FOG REDUCING VISIBILITY
HIGHEST:    87 ON 22    GRTST 24HR  3.21 ON 31- 1      TO 1/4 MILE OR LESS
LOWEST:     46 ON  4, 3                            3 = THUNDER
                        SNOW, ICE PELLETS, HAIL    4 = ICE PELLETS
                        TOTAL MONTH:   0.0 INCH    5 = HAIL
                        GRTST 24HR     0.0         6 = FREEZING RAIN OR DRIZZLE
                        GRTST DEPTH:   0           7 = DUSTSTORM OR SANDSTORM:
                                                       VSBY 1/2 MILE OR LESS
                                                   8 = SMOKE OR HAZE
[NO. OF DAYS WITH]      [WEATHER - DAYS WITH]      9 = BLOWING SNOW
                                                   X = TORNADO
MAX 32 OR BELOW:   0    0.01 INCH OR MORE:   9
MAX 90 OR ABOVE:   0    0.10 INCH OR MORE:   6
MIN 32 OR BELOW:   0    0.50 INCH OR MORE:   3
MIN  0 OR BELOW:   0    1.00 INCH OR MORE:   3

[HDD (BASE 65) ]
TOTAL THIS MO.    72    CLEAR  (SCALE 0-3)   3
DPTR FM NORMAL    29    PTCLDY (SCALE 4-7)  23
TOTAL FM JUL 1  6020    CLOUDY (SCALE 8-10)  4
DPTR FM NORMAL   402

[CDD (BASE 65) ]
TOTAL THIS MO.   118
DPTR FM NORMAL   -14    [PRESSURE DATA]
TOTAL FM JAN 1   182    HIGHEST SLP 30.33 ON  4
DPTR FM NORMAL    24    LOWEST  SLP 29.63 ON 21

[REMARKS]
#FINAL-06-15#
