000
CXUS54 KOUN 270800
CF6PWA
PRELIMINARY LOCAL CLIMATOLOGICAL DATA (WS FORM: F-6)

                                          STATION:   BETHANY/WILEY POST
                                          MONTH:     MAY
                                          YEAR:      2015
                                          LATITUDE:   35 31 N
                                          LONGITUDE:  97 38 W

  TEMPERATURE IN F:       :PCPN:    SNOW:  WIND      :SUNSHINE: SKY     :PK WND
================================================================================
1   2   3   4   5  6A  6B    7    8   9   10  11  12  13   14  15   16   17  18
                                     12Z  AVG MX 2MIN
DY MAX MIN AVG DEP HDD CDD  WTR  SNW DPTH SPD SPD DIR MIN PSBL S-S WX    SPD DR
================================================================================

 1  80  60  70   6   0   5 0.00  0.0    0  7.2 13 180   M    M   1        17 140
 2  82  55  69   4   0   4 0.00  0.0    0 13.0 22 170   M    M   0        26 170
 3  82  64  73   8   0   8    T  0.0    0 17.5 25 170   M    M   0        32 180
 4  82  62  72   7   0   7 0.00  0.0    0 16.5 23 180   M    M   1        31 180
 5  73  61  67   1   0   2 2.85  0.0    0 14.9 28 180   M    M   5 138    40 250
 6  78  60  69   3   0   4 1.54  0.0    0 19.6 38 110   M    M   8 13     47 120
 7  78  59  69   3   0   4 0.42  0.0    0 14.9 33 160   M    M   4 123    41 170
 8  73  57  65  -2   0   0 2.23  0.0    0  7.0 33 350   M    M   8 1238   37  10
 9  70  65  68   1   0   3 0.89  0.0    0 13.8 24 100   M    M   7 13     32 110
10  78  56  67   0   0   2 0.10  0.0    0 12.2 23 160   M    M   4 13     28 160
11  68  46  57 -11   8   0 0.00  0.0    0  9.2 20 350   M    M   0        26 360
12  72  48  60  -8   5   0 0.00  0.0    0  6.9 16  70   M    M   0        20  70
13  64  58  61  -7   4   0 0.32  0.0    0 12.5 24 160   M    M   9 18     31 160
14  83  63  73   5   0   8 0.46  0.0    0 15.0 21 210   M    M   5 13     25 220
15  82  64  73   4   0   8 0.93  0.0    0 16.0 26 180   M    M   2 13     38 250
16  77  66  72   3   0   7 0.46  0.0    0 16.7 28 240   M    M   7 13     33 230
17  83  64  74   4   0   9 0.00  0.0    0  9.3 18 190   M    M   1 8      23 200
18  85  63  74   4   0   9    T  0.0    0  8.5 17  60   M    M   2 12     24  50
19  68  60  64  -6   1   0 0.65  0.0    0 12.9 23  90   M    M   8 13     28 310
20  66  53  60 -10   5   0 0.01  0.0    0 13.9 22 310   M    M  10 128    28 310
21  68  49  59 -12   6   0 0.00  0.0    0  9.8 18  30   M    M   3        22  40
22  60  53  57 -14   8   0 0.38  0.0    0  9.3 17 140   M    M   8 18     23 140
23  71  58  65  -6   0   0 2.28  0.0    0 12.0 23 140   M    M  10 123    29 150
24  72  61  67  -5   0   2 0.70  0.0    0  7.7 17 150   M    M   8 13     23 150
25  78  57  68  -4   0   3 0.20  0.0    0 11.6 33 230   M    M   5 3      44 200
26  80  52  66  -6   0   1    T  0.0    0  9.5 22 160   M    M   2 123    26 160
================================================================================
SM 1953 1514        37  86 14.42     0.0 317.4          M      118
================================================================================
AV 75.1 58.2                              12.2 FASTST   M    M   5    MAX(MPH)
                                 MISC ---->  # 38 110               # 47  120
================================================================================
NOTES:
# LAST OF SEVERAL OCCURRENCES

COLUMN 17 PEAK WIND IN M.P.H.

PRELIMINARY LOCAL CLIMATOLOGICAL DATA (WS FORM: F-6) , PAGE 2

                                          STATION:  BETHANY/WILEY POST
                                          MONTH:    MAY
                                          YEAR:     2015
                                          LATITUDE:   35 31 N
                                          LONGITUDE:  97 38 W

[TEMPERATURE DATA]      [PRECIPITATION DATA]       SYMBOLS USED IN COLUMN 16

AVERAGE MONTHLY: 66.7   TOTAL FOR MONTH:  14.42    1 = FOG OR MIST
DPTR FM NORMAL:  -1.7   DPTR FM NORMAL:   11.39    2 = FOG REDUCING VISIBILITY
HIGHEST:    85 ON 18    GRTST 24HR  3.21 ON  5- 6      TO 1/4 MILE OR LESS
LOWEST:     46 ON 11                               3 = THUNDER
                        SNOW, ICE PELLETS, HAIL    4 = ICE PELLETS
                        TOTAL MONTH:   0.0 INCH    5 = HAIL
                        GRTST 24HR     0.0         6 = FREEZING RAIN OR DRIZZLE
                        GRTST DEPTH:   0           7 = DUSTSTORM OR SANDSTORM:
                                                       VSBY 1/2 MILE OR LESS
                                                   8 = SMOKE OR HAZE
[NO. OF DAYS WITH]      [WEATHER - DAYS WITH]      9 = BLOWING SNOW
                                                   X = TORNADO
MAX 32 OR BELOW:   0    0.01 INCH OR MORE:  16
MAX 90 OR ABOVE:   0    0.10 INCH OR MORE:  15
MIN 32 OR BELOW:   0    0.50 INCH OR MORE:   8
MIN  0 OR BELOW:   0    1.00 INCH OR MORE:   4

[HDD (BASE 65) ]
TOTAL THIS MO.    37    CLEAR  (SCALE 0-3)  11
DPTR FM NORMAL    -2    PTCLDY (SCALE 4-7)  10
TOTAL FM JUL 1  3420    CLOUDY (SCALE 8-10)  5
DPTR FM NORMAL  -212

[CDD (BASE 65) ]
TOTAL THIS MO.    86
DPTR FM NORMAL   -39    [PRESSURE DATA]
TOTAL FM JAN 1   144    HIGHEST SLP M ON M
DPTR FM NORMAL   -30    LOWEST  SLP 29.63 ON 25

[REMARKS]
