829
CXUS54 KOUN 300700
CF6PWA
PRELIMINARY LOCAL CLIMATOLOGICAL DATA (WS FORM: F-6)

                                          STATION:   BETHANY/WILEY POST
                                          MONTH:     AUGUST
                                          YEAR:      2016
                                          LATITUDE:   35 31 N
                                          LONGITUDE:  97 38 W

  TEMPERATURE IN F:       :PCPN:    SNOW:  WIND      :SUNSHINE: SKY     :PK WND
================================================================================
1   2   3   4   5  6A  6B    7    8   9   10  11  12  13   14  15   16   17  18
                                     12Z  AVG MX 2MIN
DY MAX MIN AVG DEP HDD CDD  WTR  SNW DPTH SPD SPD DIR MIN PSBL S-S WX    SPD DR
================================================================================

 1  97  79  88   5   0  23 0.00  0.0    0 15.6 22 200   M    M   0        26 210
 2  97  78  88   5   0  23 0.00  0.0    0 12.6 20 200   M    M   0        25 210
 3  98  74  86   3   0  21 0.00  0.0    0 11.9 18 160   M    M   0        24 150
 4  94  79  87   4   0  22    T  0.0    0 10.3 16 180   M    M   0        21 170
 5  96  77  87   4   0  22 0.02  0.0    0  7.0 14 140   M    M   2 8      19 180
 6  94  76  85   2   0  20 0.00  0.0    0  8.1 15 120   M    M   3        19 130
 7  98  77  88   5   0  23 0.00  0.0    0  8.7 16 360   M    M   0 3      22 150
 8  92  76  84   1   0  19    T  0.0    0  7.5 16 140   M    M   1        21 300
 9  96  75  86   3   0  21 0.00  0.0    0  9.5 16 150   M    M   2        21 120
10  98  81  90   7   0  25 0.00  0.0    0 13.8 22 210   M    M   0        29 210
11 101  80  91   8   0  26 0.00  0.0    0 14.6 22 180   M    M   0        27 200
12  90  77  84   2   0  19 0.01  0.0    0  8.1 21  30   M    M   2        26  20
13  92  70  81  -1   0  16 0.00  0.0    0 12.1 24  30   M    M   1        30  40
14  87  66  77  -5   0  12 0.00  0.0    0  8.7 22  60   M    M   0        30  50
15  92  70  81  -1   0  16 0.00  0.0    0  6.0 15 170   M    M   0        19 160
16  92  67  80  -2   0  15 0.00  0.0    0  8.0 14 120   M    M   0        18 130
17  92  70  81  -1   0  16 0.00  0.0    0 10.0 20 160   M    M   3 1      24 150
18  90  71  81  -1   0  16 0.00  0.0    0 10.6 20 170   M    M   4        24 150
19  89  69  79  -2   0  14    T  0.0    0 14.4 33 180   M    M   1        40 180
20  86  69  78  -3   0  13 0.01  0.0    0 11.0 23 360   M    M   5        29  10
21  87  62  75  -6   0  10 0.00  0.0    0  7.2 14  50   M    M   0        21  40
22  90  60  75  -6   0  10 0.00  0.0    0 11.8 22 170   M    M   2        29 170
23  92  75  84   3   0  19 0.11  0.0    0 17.8 26 180   M    M   5 138    33 180
24  97  78  88   8   0  23 0.00  0.0    0 19.2 31 190   M    M   1        39 180
25  96  71  84   4   0  19 0.27  0.0    0 10.2 22 160   M    M   2 13     25 160
26  94  68  81   1   0  16 0.12  0.0    0  6.7 23 100   M    M   3 13     28 100
27  90  72  81   1   0  16 0.08  0.0    0  7.1 13 200   M    M   2 8      16  90
28  94  71  83   4   0  18 0.00  0.0    0  6.9 15 110   M    M   2        20 150
29  93  71  82   3   0  17 0.00  0.0    0  5.3 28  70   M    M   2        36  80
================================================================================
SM 2704 2109         0 530  0.62     0.0 300.7          M       43
================================================================================
AV 93.2 72.7                              10.4 FASTST   M    M   1    MAX(MPH)
                                 MISC ---->  # 33 180               # 40  180
================================================================================
NOTES:
# LAST OF SEVERAL OCCURRENCES

COLUMN 17 PEAK WIND IN M.P.H.

PRELIMINARY LOCAL CLIMATOLOGICAL DATA (WS FORM: F-6) , PAGE 2

                                          STATION:  BETHANY/WILEY POST
                                          MONTH:    AUGUST
                                          YEAR:     2016
                                          LATITUDE:   35 31 N
                                          LONGITUDE:  97 38 W

[TEMPERATURE DATA]      [PRECIPITATION DATA]       SYMBOLS USED IN COLUMN 16

AVERAGE MONTHLY: 83.0   TOTAL FOR MONTH:   0.62    1 = FOG OR MIST
DPTR FM NORMAL:   1.3   DPTR FM NORMAL:   -2.42    2 = FOG REDUCING VISIBILITY
HIGHEST:   101 ON 11    GRTST 24HR  0.39 ON 25-26      TO 1/4 MILE OR LESS
LOWEST:     60 ON 22                               3 = THUNDER
                        SNOW, ICE PELLETS, HAIL    4 = ICE PELLETS
                        TOTAL MONTH:   0.0 INCH    5 = HAIL
                        GRTST 24HR     0.0         6 = FREEZING RAIN OR DRIZZLE
                        GRTST DEPTH:   0           7 = DUSTSTORM OR SANDSTORM:
                                                       VSBY 1/2 MILE OR LESS
                                                   8 = SMOKE OR HAZE
[NO. OF DAYS WITH]      [WEATHER - DAYS WITH]      9 = BLOWING SNOW
                                                   X = TORNADO
MAX 32 OR BELOW:   0    0.01 INCH OR MORE:   7
MAX 90 OR ABOVE:  25    0.10 INCH OR MORE:   3
MIN 32 OR BELOW:   0    0.50 INCH OR MORE:   0
MIN  0 OR BELOW:   0    1.00 INCH OR MORE:   0

[HDD (BASE 65) ]
TOTAL THIS MO.     0    CLEAR  (SCALE 0-3)  26
DPTR FM NORMAL     0    PTCLDY (SCALE 4-7)   3
TOTAL FM JUL 1     0    CLOUDY (SCALE 8-10)  0
DPTR FM NORMAL     0

[CDD (BASE 65) ]
TOTAL THIS MO.   530
DPTR FM NORMAL    45    [PRESSURE DATA]
TOTAL FM JAN 1  1861    HIGHEST SLP M ON M
DPTR FM NORMAL   249    LOWEST  SLP 29.70 ON 19

[REMARKS]
