198
CXUS56 KSGX 191545
CF6RAL
PRELIMINARY LOCAL CLIMATOLOGICAL DATA (WS FORM: F-6)

                                          STATION:   RIVERSIDE MUNI AIRPORT CA
                                          MONTH:     JANUARY
                                          YEAR:      2018
                                          LATITUDE:   33 57 N
                                          LONGITUDE: 117 27 W

  TEMPERATURE IN F:       :PCPN:    SNOW:  WIND      :SUNSHINE: SKY     :PK WND
================================================================================
1   2   3   4   5  6A  6B    7    8   9   10  11  12  13   14  15   16   17  18
                                     12Z  AVG MX 2MIN
DY MAX MIN AVG DEP HDD CDD  WTR  SNW DPTH SPD SPD DIR MIN PSBL S-S WX    SPD DR
================================================================================

 1  75  43  59   5   6   0 0.00  0.0    0  3.0  9  40   M    M   3 18     12  40
 2  85  47  66  12   0   1 0.00  0.0    0  4.2 12  40   M    M   3 8      16 360
 3  77  52  65  11   0   0 0.00  0.0    0  2.9  8  70   M    M   5        11  70
 4  76  47  62   7   3   0 0.00  0.0    0  3.2  8 280   M    M   2        12 280
 5  75  51  63   8   2   0 0.00  0.0    0  2.7 10 270   M    M   3        13 290
 6  72  55  64   9   1   0 0.00  0.0    0  3.9 10 250   M    M   4 18     14 270
 7  77  49  63   8   2   0 0.00  0.0    0  2.6  8 270   M    M   3 1      10  20
 8  63  58  61   6   4   0 0.33  0.0    0  3.1 12  70   M    M   9 1      16  70
 9  59  50  55   0  10   0 1.20  0.0    0  4.6 23 280   M    M  10 1      30 270
10  62  45  54  -1  11   0 0.00  0.0    0  1.6  9 270   M    M   5 12     11 270
11  73  44  59   4   6   0 0.00  0.0    0  2.5  7 280   M    M   1 128     9 270
12  77  47  62   7   3   0 0.00  0.0    0  4.7 10  40   M    M   3        19  50
13  81  49  65  10   0   0 0.00  0.0    0  8.0 15  60   M    M   3        24  40
14  83  53  68  13   0   3 0.00  0.0    0  5.1 12  40   M    M   3        17  40
15  76  46  61   6   4   0 0.00  0.0    0  2.7 12 280   M    M   2        15 270
16  72  48  60   5   5   0 0.00  0.0    0  2.2  8 250   M    M   4         9 250
17  82  48  65  10   0   0 0.00  0.0    0  5.0 10  10   M    M   2        16  20
18  81  49  65  10   0   0 0.00  0.0    0  4.7 17 270   M    M   0        21 270
================================================================================
SM 1346  881        57   4  1.53     0.0  66.7          M       65
================================================================================
AV 74.8 48.9                               3.7 FASTST   M    M   4    MAX(MPH)
                                 MISC ---->  # 23 280               # 30  270
================================================================================
NOTES:
# LAST OF SEVERAL OCCURRENCES

COLUMN 17 PEAK WIND IN M.P.H.

PRELIMINARY LOCAL CLIMATOLOGICAL DATA (WS FORM: F-6) , PAGE 2

                                          STATION:  RIVERSIDE MUNI AIRPORT CA
                                          MONTH:    JANUARY
                                          YEAR:     2018
                                          LATITUDE:   33 57 N
                                          LONGITUDE: 117 27 W

[TEMPERATURE DATA]      [PRECIPITATION DATA]       SYMBOLS USED IN COLUMN 16

AVERAGE MONTHLY: 61.9   TOTAL FOR MONTH:   1.53    1 = FOG OR MIST
DPTR FM NORMAL:   7.0   DPTR FM NORMAL:   -0.50    2 = FOG REDUCING VISIBILITY
HIGHEST:    85 ON  2    GRTST 24HR  1.20 ON  9- 9      TO 1/4 MILE OR LESS
LOWEST:     43 ON  1                               3 = THUNDER
                        SNOW, ICE PELLETS, HAIL    4 = ICE PELLETS
                        TOTAL MONTH:   0.0 INCH    5 = HAIL
                        GRTST 24HR     0.0         6 = FREEZING RAIN OR DRIZZLE
                        GRTST DEPTH:   0           7 = DUSTSTORM OR SANDSTORM:
                                                       VSBY 1/2 MILE OR LESS
                                                   8 = SMOKE OR HAZE
[NO. OF DAYS WITH]      [WEATHER - DAYS WITH]      9 = BLOWING SNOW
                                                   X = TORNADO
MAX 32 OR BELOW:   0    0.01 INCH OR MORE:   2
MAX 90 OR ABOVE:   0    0.10 INCH OR MORE:   2
MIN 32 OR BELOW:   0    0.50 INCH OR MORE:   1
MIN  0 OR BELOW:   0    1.00 INCH OR MORE:   1

[HDD (BASE 65) ]
TOTAL THIS MO.    57    CLEAR  (SCALE 0-3)   7
DPTR FM NORMAL  -127    PTCLDY (SCALE 4-7)   9
TOTAL FM JUL 1   253    CLOUDY (SCALE 8-10)  2
DPTR FM NORMAL  -457

[CDD (BASE 65) ]
TOTAL THIS MO.     4
DPTR FM NORMAL     4    [PRESSURE DATA]
TOTAL FM JAN 1     4    HIGHEST SLP M ON M
DPTR FM NORMAL     4    LOWEST  SLP 29.64 ON  9

[REMARKS]
