000
CXUS53 KUNR 300945
CF6RAP
PRELIMINARY LOCAL CLIMATOLOGICAL DATA (WS FORM: F-6)

                                          STATION:   RAPID CITY AIRPORT SD
                                          MONTH:     SEPTEMBER
                                          YEAR:      2014
                                          LATITUDE:   44  2 N
                                          LONGITUDE: 103  4 W

  TEMPERATURE IN F:       :PCPN:    SNOW:  WIND      :SUNSHINE: SKY     :PK WND
================================================================================
1   2   3   4   5  6A  6B    7    8   9   10  11  12  13   14  15   16   17  18
                                     12Z  AVG MX 2MIN
DY MAX MIN AVG DEP HDD CDD  WTR  SNW DPTH SPD SPD DIR MIN PSBL S-S WX    SPD DR
================================================================================

 1  73  45  59  -8   6   0 0.05    M    0  6.3 17 280   M    M   2 3      22 350
 2  81  43  62  -5   3   0 0.00  0.0    0  5.3 14 160   M    M   0        19 180
 3  94  47  71   5   0   6 0.00  0.0    0  9.8 39 330   M    M   0        47 330
 4  68  47  58  -8   7   0 0.00  0.0    0 20.8 33 350   M    M   0        43 320
 5  69  42  56 -10   9   0 0.00  0.0    0  6.1 16 190   M    M   0        20 180
 6  78  42  60  -5   5   0 0.00  0.0    0  3.9 13 120   M    M   0        17 170
 7  87  46  67   2   0   2 0.02  0.0    0  6.2 28  10   M    M   1 3      34  10
 8  90  52  71   7   0   6 0.00  0.0    0  5.9 14 290   M    M   0        16 290
 9  84  43  64   0   1   0    T  0.0    0 16.1 24 360   M    M   8 1      34 270
10  45  37  41 -22  24   0 0.08  0.0    0 11.6 21 360   M    M  10 1      26 360
11  39  33  36 -27  29   0 0.37    T    0  9.0 14 350   M    M  10 1      17 360
12  56  28  42 -20  23   0 0.00  0.0    0  9.9 20 170   M    M   1        25 200
13  65  31  48 -14  17   0 0.00  0.0    0 11.1 26 350   M    M   0        33 340
14  55  32  44 -18  21   0 0.00  0.0    0  5.4 12 130   M    M   4        15 140
15  68  33  51 -10  14   0 0.00  0.0    0  8.2 23 160   M    M   1        27 160
16  82  40  61   0   4   0 0.00  0.0    0  3.7  8 130   M    M   0        10 150
17  80  50  65   5   0   0 0.00  0.0    0  7.8 15  80   M    M   1        20  80
18  92  48  70  10   0   5 0.00  0.0    0  7.6 32 350   M    M   0 1      37 350
19  85  59  72  13   0   7 0.00  0.0    0  9.7 24 350   M    M   2        30 340
20  78  50  64   5   1   0    T  0.0    0 14.2 35 320   M    M   0        43 340
21  74  42  58   0   7   0 0.00  0.0    0  6.3 12 130   M    M   0        15 100
22  78  46  62   4   3   0 0.01  0.0    0 12.0 25 160   M    M   2        31 160
23  82  56  69  12   0   4 0.00  0.0    0  4.0 10  30   M    M   4 8      13  20
24  89  58  74  17   0   9 0.00  0.0    0  6.6 15 140   M    M   0        21 140
25  92  53  73  17   0   8 0.00  0.0    0  9.1 22 150   M    M   0        28 150
26  95  57  76  20   0  11 0.00  0.0    0 13.0 28 170   M    M   0        34 170
27  82  53  68  12   0   3 0.00  0.0    0 10.9 24 340   M    M   0        31 330
28  61  50  56   1   9   0 0.03  0.0    0 18.8 30 340   M    M   8 18     38 350
29  53  48  51  -4  14   0 2.05    M    0  5.5 16 340   M    M   7 13     21 150
================================================================================
SM 2175 1311       197  61  2.61    T    264.8          M       61
================================================================================
AV 75.0 45.2                               9.1 FASTST   M    M   2    MAX(MPH)
                                 MISC ---->  # 39 330               # 47  330
================================================================================
NOTES:
# LAST OF SEVERAL OCCURRENCES

COLUMN 17 PEAK WIND IN M.P.H.

PRELIMINARY LOCAL CLIMATOLOGICAL DATA (WS FORM: F-6) , PAGE 2

                                          STATION:  RAPID CITY AIRPORT SD
                                          MONTH:    SEPTEMBER
                                          YEAR:     2014
                                          LATITUDE:   44  2 N
                                          LONGITUDE: 103  4 W

[TEMPERATURE DATA]      [PRECIPITATION DATA]       SYMBOLS USED IN COLUMN 16

AVERAGE MONTHLY: 60.1   TOTAL FOR MONTH:   2.61    1 = FOG OR MIST
DPTR FM NORMAL:  -0.9   DPTR FM NORMAL:    1.36    2 = FOG REDUCING VISIBILITY
HIGHEST:    95 ON 26    GRTST 24HR  2.05 ON 29-29      TO 1/4 MILE OR LESS
LOWEST:     28 ON 12                               3 = THUNDER
                        SNOW, ICE PELLETS, HAIL    4 = ICE PELLETS
                        TOTAL MONTH:    T          5 = HAIL
                        GRTST 24HR    T  ON 11-11  6 = FREEZING RAIN OR DRIZZLE
                        GRTST DEPTH:   0           7 = DUSTSTORM OR SANDSTORM:
                                                       VSBY 1/2 MILE OR LESS
                                                   8 = SMOKE OR HAZE
[NO. OF DAYS WITH]      [WEATHER - DAYS WITH]      9 = BLOWING SNOW
                                                   X = TORNADO
MAX 32 OR BELOW:   0    0.01 INCH OR MORE:   7
MAX 90 OR ABOVE:   5    0.10 INCH OR MORE:   2
MIN 32 OR BELOW:   3    0.50 INCH OR MORE:   1
MIN  0 OR BELOW:   0    1.00 INCH OR MORE:   1

[HDD (BASE 65) ]
TOTAL THIS MO.   197    CLEAR  (SCALE 0-3)  22
DPTR FM NORMAL    22    PTCLDY (SCALE 4-7)   5
TOTAL FM JUL 1   233    CLOUDY (SCALE 8-10)  2
DPTR FM NORMAL    21

[CDD (BASE 65) ]
TOTAL THIS MO.    61
DPTR FM NORMAL     1    [PRESSURE DATA]
TOTAL FM JAN 1   424    HIGHEST SLP M ON M
DPTR FM NORMAL  -208    LOWEST  SLP 29.49 ON  3

[REMARKS]
