000
CXUS56 KMFR 171000
CF6RBG
PRELIMINARY LOCAL CLIMATOLOGICAL DATA (WS FORM: F-6)

                                          STATION:   ROSEBURG OR
                                          MONTH:     JANUARY
                                          YEAR:      2017
                                          LATITUDE:   43 13 N
                                          LONGITUDE: 123 22 W

  TEMPERATURE IN F:       :PCPN:    SNOW:  WIND      :SUNSHINE: SKY     :PK WND
================================================================================
1   2   3   4   5  6A  6B    7    8   9   10  11  12  13   14  15   16   17  18
                                     12Z  AVG MX 2MIN
DY MAX MIN AVG DEP HDD CDD  WTR  SNW DPTH SPD SPD DIR MIN PSBL S-S WX    SPD DR
================================================================================

 1  42  33  38  -4  27   0 0.35    M    M  4.4 14 320   M    M  10 1      24 180
 2  43  29  36  -6  29   0    T    M    M  2.2 16 160   M    M   7 1      20 160
 3  33  29  31 -11  34   0 0.07    M    M  3.3 13 360   M    M  10 12     16 360
 4  34  29  32 -10  33   0 0.05    M    M  4.5 14  10   M    M  10 1      17 360
 5  35  19  27 -15  38   0 0.00    M    M  2.2 12 350   M    M   2 12     15 350
 6  39  24  32 -10  33   0 0.00    M    M  1.4  7 100   M    M   5 1       8 110
 7  38  28  33  -9  32   0 0.60    M    M  0.6  7 220   M    M   9 16      9 250
 8  46  33  40  -2  25   0 0.77    M    M  1.2 10 270   M    M  10 12     13 270
 9  45  36  41  -2  24   0 0.85    M    M  3.5 13 170   M    M   8 1      22 180
10  43  38  41  -2  24   0 0.95    M    M  1.6  8 230   M    M  10 1      10 230
11  45  33  39  -4  26   0 0.08    M    M  2.4  8  10   M    M   7 12     13 230
12  35  33  34  -9  31   0 0.00    M    M  4.9 10 360   M    M  10 12     12 360
13  42  33  38  -5  27   0 0.00    M    M  3.6  9  10   M    M   8 1      11 360
14  39  34  37  -6  28   0 0.00    M    M  3.8  8 360   M    M  10 1      10 360
15  37  32  35  -8  30   0 0.00    M    M  1.8  8 360   M    M  10 12     10 360
16  52  34  43   0  22   0 0.00    M    M  0.9  7 230   M    M   5 12      9 240
================================================================================
SM  648  497       463   0  3.72    M     42.3          M      131
================================================================================
AV 40.5 31.1                               2.6 FASTST   M    M   8    MAX(MPH)
                                 MISC ---->  # 16 160               # 24  180
================================================================================
NOTES:
# LAST OF SEVERAL OCCURRENCES

COLUMN 17 PEAK WIND IN M.P.H.

PRELIMINARY LOCAL CLIMATOLOGICAL DATA (WS FORM: F-6) , PAGE 2

                                          STATION:  ROSEBURG OR
                                          MONTH:    JANUARY
                                          YEAR:     2017
                                          LATITUDE:   43 13 N
                                          LONGITUDE: 123 22 W

[TEMPERATURE DATA]      [PRECIPITATION DATA]       SYMBOLS USED IN COLUMN 16

AVERAGE MONTHLY: 35.8   TOTAL FOR MONTH:   3.72    1 = FOG OR MIST
DPTR FM NORMAL:  -6.7   DPTR FM NORMAL:    0.50    2 = FOG REDUCING VISIBILITY
HIGHEST:    52 ON 16    GRTST 24HR  1.25 ON  9-10      TO 1/4 MILE OR LESS
LOWEST:     19 ON  5                               3 = THUNDER
                        SNOW, ICE PELLETS, HAIL    4 = ICE PELLETS
                        TOTAL MONTH:    M          5 = HAIL
                        GRTST 24HR    M  ON   M    6 = FREEZING RAIN OR DRIZZLE
                        GRTST DEPTH:  M  ON   M    7 = DUSTSTORM OR SANDSTORM:
                                                       VSBY 1/2 MILE OR LESS
                                                   8 = SMOKE OR HAZE
[NO. OF DAYS WITH]      [WEATHER - DAYS WITH]      9 = BLOWING SNOW
                                                   X = TORNADO
MAX 32 OR BELOW:   0    0.01 INCH OR MORE:   8
MAX 90 OR ABOVE:   0    0.10 INCH OR MORE:   5
MIN 32 OR BELOW:   7    0.50 INCH OR MORE:   4
MIN  0 OR BELOW:   0    1.00 INCH OR MORE:   0

[HDD (BASE 65) ]
TOTAL THIS MO.   463    CLEAR  (SCALE 0-3)   1
DPTR FM NORMAL   104    PTCLDY (SCALE 4-7)   6
TOTAL FM JUL 1  1870    CLOUDY (SCALE 8-10)  9
DPTR FM NORMAL  -129

[CDD (BASE 65) ]
TOTAL THIS MO.     0
DPTR FM NORMAL     0    [PRESSURE DATA]
TOTAL FM JAN 1     0    HIGHEST SLP  0.00 ON M
DPTR FM NORMAL     0    LOWEST  SLP  0.00 ON 10

[REMARKS]
