000
CXUS56 KSTO 291355
CF6RDD
PRELIMINARY LOCAL CLIMATOLOGICAL DATA (WS FORM: F-6)

                                          STATION:   REDDING AIRPORT CA
                                          MONTH:     MARCH
                                          YEAR:      2017
                                          LATITUDE:   40 30 N
                                          LONGITUDE: 122 18 W

  TEMPERATURE IN F:       :PCPN:    SNOW:  WIND      :SUNSHINE: SKY     :PK WND
================================================================================
1   2   3   4   5  6A  6B    7    8   9   10  11  12  13   14  15   16   17  18
                                     12Z  AVG MX 2MIN
DY MAX MIN AVG DEP HDD CDD  WTR  SNW DPTH SPD SPD DIR MIN PSBL S-S WX    SPD DR
================================================================================

 1  70  32  51  -1  14   0 0.00  0.0    0  3.9 14  10   M    M   0        15  10
 2  68  32  50  -2  15   0 0.00  0.0    0  1.7  8 160   M    M   0        12 200
 3  60  38  49  -3  16   0 0.00  0.0    0  1.2 10  90   M    M   4        10  90
 4  58  47  53   1  12   0 0.49    M    0  9.3 30 170   M    M   8 13     37 170
 5  51  37  44  -8  21   0 0.00  0.0    0  7.1 21 220   M    M   4        30 230
 6  50  40  45  -8  20   0 0.65  0.0    0 11.1 22 180   M    M  10 1      27 180
 7  52  44  48  -5  17   0 0.09  0.0    0  4.6 12 220   M    M  10 1      15 210
 8  69  47  58   5   7   0 0.00  0.0    0  2.9  8 340   M    M   5        10 320
 9  71  46  59   6   6   0 0.00  0.0    0  2.6  8  20   M    M   0        10 360
10  76  51  64  11   1   0 0.00  0.0    0  2.7 10  10   M    M   1        13  20
11  74  47  61   8   4   0 0.00  0.0    0  2.9  9  70   M    M   0        11 140
12  82  46  64  11   1   0 0.00  0.0    0  3.9 13  20   M    M   0        16  10
13  79  41  60   6   5   0 0.00  0.0    0  2.3  8 160   M    M   0        10 100
14  77  44  61   7   4   0 0.00  0.0    0  2.1  8 150   M    M   0        11 170
15  65  52  59   5   6   0 0.11  0.0    0  2.9  9 100   M    M   5 1      11 330
16  68  48  58   4   7   0 0.00  0.0    0  2.1  7 120   M    M   4 12     10  90
17  73  45  59   5   6   0 0.01  0.0    0  3.0  7 270   M    M   3        10 320
18  65  56  61   7   4   0 0.18  0.0    0  3.3 16 190   M    M   8 1      23 190
19  68  56  62   8   3   0 0.01  0.0    0  2.7  8 290   M    M   8        10 300
20  65  52  59   5   6   0 0.27  0.0    0  7.4 18 170   M    M   7 1      23 180
21  67  54  61   7   4   0 0.34  0.0    0 19.6 33 150   M    M   7 1      43 160
22  54  41  48  -6  17   0 0.52  0.0    0  7.8 23 150   M    M   7 13     30 150
23  61  37  49  -5  16   0 0.09  0.0    0  5.4 20 190   M    M   7 12     26 190
24  52  46  49  -5  16   0 1.30  0.0    0 10.6 29 180   M    M  10 1      38 170
25  63  45  54  -1  11   0 0.00  0.0    0  3.6 10 140   M    M   5 1      12 140
26  56  47  52  -3  13   0 0.47  0.0    0  6.9 20 180   M    M  10 1      24 170
27  66  41  54  -1  11   0 0.00  0.0    0  3.2  9 250   M    M   2 1      12 300
28  73  48  61   6   4   0 0.00  0.0    0  9.4 20  30   M    M   0        24  20
================================================================================
SM 1833 1260       267   0  4.53     0.0 146.2          M      125
================================================================================
AV 65.5 45.0                               5.2 FASTST   M    M   4    MAX(MPH)
                                 MISC ---->  # 33 150               # 43  160
================================================================================
NOTES:
# LAST OF SEVERAL OCCURRENCES

COLUMN 17 PEAK WIND IN M.P.H.

PRELIMINARY LOCAL CLIMATOLOGICAL DATA (WS FORM: F-6) , PAGE 2

                                          STATION:  REDDING AIRPORT CA
                                          MONTH:    MARCH
                                          YEAR:     2017
                                          LATITUDE:   40 30 N
                                          LONGITUDE: 122 18 W

[TEMPERATURE DATA]      [PRECIPITATION DATA]       SYMBOLS USED IN COLUMN 16

AVERAGE MONTHLY: 55.2   TOTAL FOR MONTH:   4.53    1 = FOG OR MIST
DPTR FM NORMAL:   1.7   DPTR FM NORMAL:    0.46    2 = FOG REDUCING VISIBILITY
HIGHEST:    82 ON 12    GRTST 24HR  1.30 ON 24-24      TO 1/4 MILE OR LESS
LOWEST:     32 ON  2, 1                            3 = THUNDER
                        SNOW, ICE PELLETS, HAIL    4 = ICE PELLETS
                        TOTAL MONTH:   0.0 INCH    5 = HAIL
                        GRTST 24HR     0.0         6 = FREEZING RAIN OR DRIZZLE
                        GRTST DEPTH:   0           7 = DUSTSTORM OR SANDSTORM:
                                                       VSBY 1/2 MILE OR LESS
                                                   8 = SMOKE OR HAZE
[NO. OF DAYS WITH]      [WEATHER - DAYS WITH]      9 = BLOWING SNOW
                                                   X = TORNADO
MAX 32 OR BELOW:   0    0.01 INCH OR MORE:  13
MAX 90 OR ABOVE:   0    0.10 INCH OR MORE:   9
MIN 32 OR BELOW:   2    0.50 INCH OR MORE:   3
MIN  0 OR BELOW:   0    1.00 INCH OR MORE:   1

[HDD (BASE 65) ]
TOTAL THIS MO.   267    CLEAR  (SCALE 0-3)  11
DPTR FM NORMAL   -56    PTCLDY (SCALE 4-7)  12
TOTAL FM JUL 1  2326    CLOUDY (SCALE 8-10)  5
DPTR FM NORMAL  -158

[CDD (BASE 65) ]
TOTAL THIS MO.     0
DPTR FM NORMAL     0    [PRESSURE DATA]
TOTAL FM JAN 1     0    HIGHEST SLP M ON M
DPTR FM NORMAL     0    LOWEST  SLP 29.63 ON  4

[REMARKS]
