913
CXUS51 KPHI 250800
CF6RDG
PRELIMINARY LOCAL CLIMATOLOGICAL DATA (WS FORM: F-6)

                                          STATION:   READING PA
                                          MONTH:     APRIL
                                          YEAR:      2017
                                          LATITUDE:   40 22 N
                                          LONGITUDE:  75 58 W

  TEMPERATURE IN F:       :PCPN:    SNOW:  WIND      :SUNSHINE: SKY     :PK WND
================================================================================
1   2   3   4   5  6A  6B    7    8   9   10  11  12  13   14  15   16   17  18
                                     12Z  AVG MX 2MIN
DY MAX MIN AVG DEP HDD CDD  WTR  SNW DPTH SPD SPD DIR MIN PSBL S-S WX    SPD DR
================================================================================

 1  51  37  44  -3  21   0    T    M    M 10.2 20 340   M    M   9 1      25 340
 2  64  36  50   3  15   0 0.00    M    M  6.8 18 310   M    M   1        25 300
 3  68  38  53   6  12   0 0.32    M    M  7.2 18 130   M    M   5 1      29 120
 4  75  50  63  15   2   0 0.11    M    M  7.3 23 270   M    M   7 1      32 260
 5  68  50  59  11   6   0 0.00    M    M  8.1 22 290   M    M   2        27 290
 6  52  44  48   0  17   0 0.84    M    M 10.8 31 330   M    M   9 13     38 320
 7  47  40  44  -5  21   0 0.01    M    M 16.9 29 300   M    M  10        35 290
 8  59  36  48  -1  17   0 0.00    M    M 13.9 26 330   M    M   1        33 310
 9  69  32  51   2  14   0 0.00    M    M  5.1 16 250   M    M   0        20 240
10  80  42  61  11   4   0 0.00    M    M  5.7 18 200   M    M   0        22 200
11  85  49  67  17   0   2 0.00    M    M  4.6 20 210   M    M   1        24 210
12  75  54  65  15   0   0 0.01    M    M  7.3 20 280   M    M   3        25 250
13  66  44  55   4  10   0 0.00    M    M  8.4 20 350   M    M   1        23 350
14  68  43  56   5   9   0 0.00    M    M  2.8 14 150   M    M   4        18 150
15  68  44  56   5   9   0 0.00    M    M  5.3 15 200   M    M   5        18 200
16  86  52  69  17   0   4 0.10    M    M  7.6 30 240   M    M   2 1      38 240
17  72  57  65  13   0   0 0.02    M    M  7.3 20 330   M    M   3        24 340
18  69  48  59   7   6   0 0.00    M    M  6.1 21 160   M    M   0        26 150
19  58  46  52  -1  13   0 0.00    M    M  8.4 16 170   M    M   8        20 140
20  78  54  66  13   0   1 0.12    M    M  3.9 16 140   M    M   8 13     23 140
21  64  54  59   6   6   0 0.24    M    M  4.7 10 160   M    M  10 1      15  60
22  57  45  51  -3  14   0 0.08    M    M  4.8 13  10   M    M   8 1      18  40
23  68  40  54   0  11   0 0.00    M    M  4.5 13  40   M    M   0        18 350
24  61  46  54   0  11   0 0.04    M    M  4.0 13 120   M    M   7        17 130
================================================================================
SM 1608 1081       218   7  1.89    M    171.7          M      104
================================================================================
AV 67.0 45.0                               7.2 FASTST   M    M   4    MAX(MPH)
                                 MISC ---->  # 31 330               # 38  320
================================================================================
NOTES:
# LAST OF SEVERAL OCCURRENCES

COLUMN 17 PEAK WIND IN M.P.H.

PRELIMINARY LOCAL CLIMATOLOGICAL DATA (WS FORM: F-6) , PAGE 2

                                          STATION:  READING PA
                                          MONTH:    APRIL
                                          YEAR:     2017
                                          LATITUDE:   40 22 N
                                          LONGITUDE:  75 58 W

[TEMPERATURE DATA]      [PRECIPITATION DATA]       SYMBOLS USED IN COLUMN 16

AVERAGE MONTHLY: 56.0   TOTAL FOR MONTH:   1.89    1 = FOG OR MIST
DPTR FM NORMAL:   5.5   DPTR FM NORMAL:   -1.21    2 = FOG REDUCING VISIBILITY
HIGHEST:    86 ON 16    GRTST 24HR  1.26 ON 31- 1      TO 1/4 MILE OR LESS
LOWEST:     32 ON  9                               3 = THUNDER
                        SNOW, ICE PELLETS, HAIL    4 = ICE PELLETS
                        TOTAL MONTH:    M          5 = HAIL
                        GRTST 24HR    M  ON   M    6 = FREEZING RAIN OR DRIZZLE
                        GRTST DEPTH:  M  ON   M    7 = DUSTSTORM OR SANDSTORM:
                                                       VSBY 1/2 MILE OR LESS
                                                   8 = SMOKE OR HAZE
[NO. OF DAYS WITH]      [WEATHER - DAYS WITH]      9 = BLOWING SNOW
                                                   X = TORNADO
MAX 32 OR BELOW:   0    0.01 INCH OR MORE:  11
MAX 90 OR ABOVE:   0    0.10 INCH OR MORE:   6
MIN 32 OR BELOW:   1    0.50 INCH OR MORE:   1
MIN  0 OR BELOW:   0    1.00 INCH OR MORE:   0

[HDD (BASE 65) ]
TOTAL THIS MO.   218    CLEAR  (SCALE 0-3)  12
DPTR FM NORMAL  -133    PTCLDY (SCALE 4-7)   8
TOTAL FM JUL 1  4374    CLOUDY (SCALE 8-10)  4
DPTR FM NORMAL  -762

[CDD (BASE 65) ]
TOTAL THIS MO.     7
DPTR FM NORMAL     7    [PRESSURE DATA]
TOTAL FM JAN 1     7    HIGHEST SLP M ON M
DPTR FM NORMAL     7    LOWEST  SLP 29.21 ON  6

[REMARKS]
