000
CXUS51 KPHI 250815
CF6RDG
PRELIMINARY LOCAL CLIMATOLOGICAL DATA (WS FORM: F-6)
STATION: READING PA
MONTH: APRIL
YEAR: 2024
LATITUDE: 40 22 N
LONGITUDE: 75 58 W
TEMPERATURE IN F: :PCPN: SNOW: WIND :SUNSHINE: SKY :PK WND
================================================================================
1 2 3 4 5 6A 6B 7 8 9 10 11 12 13 14 15 16 17 18
12Z AVG MX 2MIN
DY MAX MIN AVG DEP HDD CDD WTR SNW DPTH SPD SPD DIR MIN PSBL S-S WX SPD DR
================================================================================
1 51 46 49 2 16 0 0.44 0.0 0 4.3 20 150 M M 9 1 26 140
2 49 46 48 0 17 0 1.10 0.0 0 6.6 16 60 M M 10 12 24 110
3 48 41 45 -3 20 0 1.89 0.0 0 9.6 24 80 M M 10 13 39 90
4 53 37 45 -3 20 0 T 0.0 0 6.8 21 290 M M 8 26 290
5 50 39 45 -4 20 0 0.01 0.0 0 11.3 22 290 M M 8 30 290
6 55 39 47 -2 18 0 T 0.0 0 13.9 28 360 M M 7 44 320
7 64 43 54 5 11 0 0.00 0.0 0 7.9 18 340 M M 5 31 330
8 68 35 52 2 13 0 0.00 0.0 0 2.4 13 230 M M 3 17 260
9 80 41 61 11 4 0 0.00 0.0 0 3.1 15 210 M M 1 20 210
10 74 55 65 14 0 0 0.01 0.0 0 1.5 10 150 M M 5 15 150
11 74 56 65 14 0 0 0.17 0.0 0 10.5 24 150 M M 10 138 38 140
12 67 49 58 7 7 0 0.32 0.0 0 15.7 29 250 M M 9 1 45 250
13 60 46 53 1 12 0 0.15 0.0 0 15.2 32 300 M M 7 1 45 270
14 76 42 59 7 6 0 0.24 0.0 0 11.1 32 260 M M 2 3 51 250
15 81 56 69 17 0 4 T 0.0 0 7.9 20 10 M M 4 1 30 360
16 73 44 59 6 6 0 0.00 0.0 0 3.2 20 300 M M 0 25 300
17 68 50 59 6 6 0 T 0.0 0 5.6 13 110 M M 5 19 100
18 57 49 53 -1 12 0 0.01 0.0 0 5.8 8 90 M M 10 1 17 110
19 57 47 52 -2 13 0 T 0.0 0 5.7 14 140 M M 10 1 19 140
20 69 42 56 2 9 0 0.01 0.0 0 10.9 25 310 M M 5 18 36 290
21 53 37 45 -10 20 0 0.00 0.0 0 6.9 20 310 M M 2 24 310
22 63 36 50 -5 15 0 0.00 0.0 0 5.6 18 300 M M 0 25 360
23 70 36 53 -2 12 0 0.00 0.0 0 7.8 20 200 M M 0 27 190
24 70 49 60 4 5 0 T 0.0 0 8.5 26 320 M M 6 34 270
================================================================================
SM 1530 1061 262 4 4.35 0.0 187.8 M 136
================================================================================
AV 63.8 44.2 7.8 FASTST M M 6 MAX(MPH)
MISC ----> # 32 300 51 250
================================================================================
NOTES:
# LAST OF SEVERAL OCCURRENCES
COLUMN 17 PEAK WIND IN M.P.H.
PRELIMINARY LOCAL CLIMATOLOGICAL DATA (WS FORM: F-6) , PAGE 2
STATION: READING PA
MONTH: APRIL
YEAR: 2024
LATITUDE: 40 22 N
LONGITUDE: 75 58 W
[TEMPERATURE DATA] [PRECIPITATION DATA] SYMBOLS USED IN COLUMN 16
AVERAGE MONTHLY: 54.0 TOTAL FOR MONTH: 4.35 1 = FOG OR MIST
DPTR FM NORMAL: 2.5 DPTR FM NORMAL: 1.68 2 = FOG REDUCING VISIBILITY
HIGHEST: 81 ON 15 GRTST 24HR 1.89 ON 3- 3 TO 1/4 MILE OR LESS
LOWEST: 35 ON 8 3 = THUNDER
SNOW, ICE PELLETS, HAIL 4 = ICE PELLETS
TOTAL MONTH: 0.0 INCH 5 = HAIL
GRTST 24HR 0.0 6 = FREEZING RAIN OR DRIZZLE
GRTST DEPTH: 0 7 = DUSTSTORM OR SANDSTORM:
VSBY 1/2 MILE OR LESS
8 = SMOKE OR HAZE
[NO. OF DAYS WITH] [WEATHER - DAYS WITH] 9 = BLOWING SNOW
X = TORNADO
MAX 32 OR BELOW: 0 0.01 INCH OR MORE: 11
MAX 90 OR ABOVE: 0 0.10 INCH OR MORE: 7
MIN 32 OR BELOW: 0 0.50 INCH OR MORE: 2
MIN 0 OR BELOW: 0 1.00 INCH OR MORE: 2
[HDD (BASE 65) ]
TOTAL THIS MO. 262 CLEAR (SCALE 0-3) 7
DPTR FM NORMAL -69 PTCLDY (SCALE 4-7) 8
TOTAL FM JUL 1 4144 CLOUDY (SCALE 8-10) 9
DPTR FM NORMAL -771
[CDD (BASE 65) ]
TOTAL THIS MO. 4
DPTR FM NORMAL 4 [PRESSURE DATA]
TOTAL FM JAN 1 4 HIGHEST SLP M ON M
DPTR FM NORMAL 4 LOWEST SLP 29.27 ON 12
[REMARKS]