000
CXUS56 KPDT 271832
CF6RDM
PRELIMINARY LOCAL CLIMATOLOGICAL DATA (WS FORM: F-6)

                                          STATION:   REDMOND OR
                                          MONTH:     MAY
                                          YEAR:      2017
                                          LATITUDE:   44 16 N
                                          LONGITUDE: 121  9 W

  TEMPERATURE IN F:       :PCPN:    SNOW:  WIND      :SUNSHINE: SKY     :PK WND
================================================================================
1   2   3   4   5  6A  6B    7    8   9   10  11  12  13   14  15   16   17  18
                                     12Z  AVG MX 2MIN
DY MAX MIN AVG DEP HDD CDD  WTR  SNW DPTH SPD SPD DIR MIN PSBL S-S WX    SPD DR
================================================================================

 1  59  28  44  -4  21   0 0.00  0.0    0  6.7 16 320   M    M   5        19 320
 2  69  32  51   3  14   0 0.00  0.0    0  3.3 14 350   M    M   6        17 340
 3  82  43  63  15   2   0 0.00  0.0    0  5.1 16 350   M    M   0        20 350
 4  89  44  67  19   0   2 0.01  0.0    0  7.0 23 300   M    M   1 3      29 300
 5  65  39  52   3  13   0 0.06  0.0    0 10.6 25 300   M    M   8        34 300
 6  55  27  41  -8  24   0 0.01  0.0    0  8.9 21 350   M    M   4        27 340
 7  60  22  41  -8  24   0 0.00  0.0    0  6.7 21 310   M    M   0        25 310
 8  71  27  49   0  16   0 0.00  0.0    0  6.3 15 330   M    M   0        19  20
 9  75  32  54   4  11   0 0.00  0.0    0  5.2 14 340   M    M   0 8      17  20
10  81  34  58   8   7   0 0.00  0.0    0  7.6 18 330   M    M   0        23 330
11  69  41  55   5  10   0 0.01  0.0    0  8.9 24 210   M    M   6        34 180
12  56  32  44  -6  21   0    T  0.0    0  5.6 24 290   M    M   7        30 240
13  51  30  41 -10  24   0 0.02  0.0    0  5.7 18 290   M    M   7        28 290
14  55  26  41 -10  24   0 0.00  0.0    0  5.4 20 330   M    M   8        22 320
15  65  27  46  -5  19   0 0.00  0.0    0  5.3 20 320   M    M   3        25 320
16  59  36  48  -4  17   0 0.02  0.0    0 15.4 38 310   M    M   7        49 270
17  60  31  46  -6  19   0    T  0.0    0 11.4 23 280   M    M   8        30 280
18  72  27  50  -2  15   0 0.00  0.0    0  6.0 14  20   M    M   2        18 360
19  75  40  58   6   7   0 0.00  0.0    0  5.1 15 350   M    M   2        21  30
20  72  38  55   2  10   0 0.00  0.0    0  6.7 21  20   M    M   0        26  40
21  77  40  59   6   6   0 0.00  0.0    0  8.2 22 330   M    M   0        26 330
22  87  40  64  11   1   0 0.00  0.0    0  5.8 20 320   M    M   0        24 320
23  90  44  67  14   0   2 0.00  0.0    0 10.1 24 290   M    M   0        33 300
24  68  34  51  -3  14   0 0.00  0.0    0  9.2 24 360   M    M   0        32  10
25  69  32  51  -3  14   0 0.00  0.0    0  6.7 21  30   M    M   2        28 360
26  74  35  55   1  10   0 0.00  0.0    0  4.7 15 340   M    M   1        22 350
================================================================================
SM 1805  881       343   4  0.13     0.0 187.6          M       77
================================================================================
AV 69.4 33.9                               7.2 FASTST   M    M   3    MAX(MPH)
                                 MISC ---->  # 38 310               # 49  270
================================================================================
NOTES:
# LAST OF SEVERAL OCCURRENCES

COLUMN 17 PEAK WIND IN M.P.H.

PRELIMINARY LOCAL CLIMATOLOGICAL DATA (WS FORM: F-6) , PAGE 2

                                          STATION:  REDMOND OR
                                          MONTH:    MAY
                                          YEAR:     2017
                                          LATITUDE:   44 16 N
                                          LONGITUDE: 121  9 W

[TEMPERATURE DATA]      [PRECIPITATION DATA]       SYMBOLS USED IN COLUMN 16

AVERAGE MONTHLY: 51.7   TOTAL FOR MONTH:   0.13    1 = FOG OR MIST
DPTR FM NORMAL:   0.8   DPTR FM NORMAL:   -0.71    2 = FOG REDUCING VISIBILITY
HIGHEST:    90 ON 23    GRTST 24HR  0.06 ON  5- 5      TO 1/4 MILE OR LESS
LOWEST:     22 ON  7                               3 = THUNDER
                        SNOW, ICE PELLETS, HAIL    4 = ICE PELLETS
                        TOTAL MONTH:   0.0 INCH    5 = HAIL
                        GRTST 24HR     0.0         6 = FREEZING RAIN OR DRIZZLE
                        GRTST DEPTH:   0           7 = DUSTSTORM OR SANDSTORM:
                                                       VSBY 1/2 MILE OR LESS
                                                   8 = SMOKE OR HAZE
[NO. OF DAYS WITH]      [WEATHER - DAYS WITH]      9 = BLOWING SNOW
                                                   X = TORNADO
MAX 32 OR BELOW:   0    0.01 INCH OR MORE:   6
MAX 90 OR ABOVE:   1    0.10 INCH OR MORE:   0
MIN 32 OR BELOW:  13    0.50 INCH OR MORE:   0
MIN  0 OR BELOW:   0    1.00 INCH OR MORE:   0

[HDD (BASE 65) ]
TOTAL THIS MO.   343    CLEAR  (SCALE 0-3)  16
DPTR FM NORMAL   -30    PTCLDY (SCALE 4-7)   9
TOTAL FM JUL 1  6540    CLOUDY (SCALE 8-10)  1
DPTR FM NORMAL    96

[CDD (BASE 65) ]
TOTAL THIS MO.     4
DPTR FM NORMAL     4    [PRESSURE DATA]
TOTAL FM JAN 1     4    HIGHEST SLP 30.18 ON  8
DPTR FM NORMAL     4    LOWEST  SLP 29.51 ON 16

[REMARKS]
