000
CXUS56 KPDT 241810
CF6RDM
PRELIMINARY LOCAL CLIMATOLOGICAL DATA (WS FORM: F-6)
STATION: REDMOND OR
MONTH: APRIL
YEAR: 2024
LATITUDE: 44 16 N
LONGITUDE: 121 9 W
TEMPERATURE IN F: :PCPN: SNOW: WIND :SUNSHINE: SKY :PK WND
================================================================================
1 2 3 4 5 6A 6B 7 8 9 10 11 12 13 14 15 16 17 18
12Z AVG MX 2MIN
DY MAX MIN AVG DEP HDD CDD WTR SNW DPTH SPD SPD DIR MIN PSBL S-S WX SPD DR
================================================================================
1 71 23 47 4 18 0 0.00 M M 6.1 18 340 M M 0 28 360
2 80 32 56 13 9 0 0.00 M M 8.2 22 280 M M 0 28 270
3 49 35 42 -2 23 0 0.01 M M 7.8 15 290 M M 8 1 19 30
4 44 33 39 -5 26 0 0.32 M M 6.1 18 320 M M 8 1 25 320
5 48 25 37 -7 28 0 0.00 M M 9.2 26 290 M M 4 34 310
6 49 26 38 -6 27 0 T M M 4.6 17 310 M M 6 22 320
7 55 26 41 -3 24 0 0.00 M M 5.5 18 300 M M 3 1 25 300
8 60 24 42 -2 23 0 0.00 M M 5.2 17 290 M M 4 22 320
9 62 31 47 3 18 0 0.00 M M 7.3 21 340 M M 1 28 320
10 67 24 46 2 19 0 0.00 M M 5.5 13 360 M M 0 21 360
11 69 30 50 6 15 0 0.00 M M 5.6 20 290 M M 3 26 310
12 53 35 44 0 21 0 0.01 M M 5.4 13 260 M M 6 1 16 320
13 57 32 45 0 20 0 0.29 M M 5.4 18 290 M M 7 12 24 40
14 70 46 58 13 7 0 0.15 M M 10.3 24 280 M M 6 1 33 270
15 57 33 45 0 20 0 0.00 M M 10.6 23 290 M M 0 30 290
16 57 29 43 -2 22 0 0.00 M M 7.2 25 320 M M 1 37 10
17 56 21 39 -6 26 0 0.00 M M 4.1 17 340 M M 0 23 330
18 62 23 43 -3 22 0 0.00 M M 6.3 17 20 M M 0 22 10
19 62 24 43 -3 22 0 0.00 M M 7.1 20 330 M M 0 25 330
20 74 28 51 5 14 0 T M M 7.2 28 300 M M 3 37 300
21 59 26 43 -3 22 0 0.00 M M 4.7 14 360 M M 1 19 360
22 67 23 45 -1 20 0 0.00 M M 6.0 17 340 M M 0 23 340
23 70 30 50 3 15 0 0.00 M M 6.9 21 350 M M 0 25 350
================================================================================
SM 1398 659 461 0 0.78 M 152.3 M 61
================================================================================
AV 60.8 28.7 6.6 FASTST M M 3 MAX(MPH)
MISC ----> 28 300 # 37 10
================================================================================
NOTES:
# LAST OF SEVERAL OCCURRENCES
COLUMN 17 PEAK WIND IN M.P.H.
PRELIMINARY LOCAL CLIMATOLOGICAL DATA (WS FORM: F-6) , PAGE 2
STATION: REDMOND OR
MONTH: APRIL
YEAR: 2024
LATITUDE: 44 16 N
LONGITUDE: 121 9 W
[TEMPERATURE DATA] [PRECIPITATION DATA] SYMBOLS USED IN COLUMN 16
AVERAGE MONTHLY: 44.7 TOTAL FOR MONTH: 0.78 1 = FOG OR MIST
DPTR FM NORMAL: 0.0 DPTR FM NORMAL: 0.24 2 = FOG REDUCING VISIBILITY
HIGHEST: 80 ON 2 GRTST 24HR 0.44 ON 13-14 TO 1/4 MILE OR LESS
LOWEST: 21 ON 17 3 = THUNDER
SNOW, ICE PELLETS, HAIL 4 = ICE PELLETS
TOTAL MONTH: M 5 = HAIL
GRTST 24HR M ON M 6 = FREEZING RAIN OR DRIZZLE
GRTST DEPTH: M ON M 7 = DUSTSTORM OR SANDSTORM:
VSBY 1/2 MILE OR LESS
8 = SMOKE OR HAZE
[NO. OF DAYS WITH] [WEATHER - DAYS WITH] 9 = BLOWING SNOW
X = TORNADO
MAX 32 OR BELOW: 0 0.01 INCH OR MORE: 5
MAX 90 OR ABOVE: 0 0.10 INCH OR MORE: 3
MIN 32 OR BELOW: 18 0.50 INCH OR MORE: 0
MIN 0 OR BELOW: 0 1.00 INCH OR MORE: 0
[HDD (BASE 65) ]
TOTAL THIS MO. 461 CLEAR (SCALE 0-3) 14
DPTR FM NORMAL -5 PTCLDY (SCALE 4-7) 9
TOTAL FM JUL 1 5119 CLOUDY (SCALE 8-10) 0
DPTR FM NORMAL -386
[CDD (BASE 65) ]
TOTAL THIS MO. 0
DPTR FM NORMAL 0 [PRESSURE DATA]
TOTAL FM JAN 1 0 HIGHEST SLP M ON M
DPTR FM NORMAL 0 LOWEST SLP 29.65 ON 4
[REMARKS]