000
CXUS55 KRIW 260945
CF6RIW
PRELIMINARY LOCAL CLIMATOLOGICAL DATA (WS FORM: F-6)

                                          STATION:   RIVERTON WY
                                          MONTH:     MAY
                                          YEAR:      2016
                                          LATITUDE:   43  2 N
                                          LONGITUDE: 108 27 W

  TEMPERATURE IN F:       :PCPN:    SNOW:  WIND      :SUNSHINE: SKY     :PK WND
================================================================================
1   2   3   4   5  6A  6B    7    8   9   10  11  12  13   14  15   16   17  18
                                     12Z  AVG MX 2MIN
DY MAX MIN AVG DEP HDD CDD  WTR  SNW DPTH SPD SPD DIR MIN PSBL S-S WX    SPD DR
================================================================================

 1  52  33  43  -6  22   0 0.00  0.0    0  4.4 13 310   M    M   5        15 310
 2  62  31  47  -2  18   0 0.00  0.0    0  5.8 13 290   M    M   0        16 270
 3  70  38  54   4  11   0 0.00  0.0    0  6.4 15 280   M    M   0        17 290
 4  77  40  59   9   6   0 0.00  0.0    0  5.7 14 220   M    M   0        16 200
 5  79  48  64  14   1   0 0.00  0.0    0  4.4 13 120   M    M   0        17 120
 6  63  49  56   5   9   0 0.47  0.0    0 13.7 26  20   M    M   7 18     33  20
 7  49  42  46  -5  19   0 1.41  0.0    0 13.5 28  80   M    M  10 13     35  70
 8  49  38  44  -7  21   0 0.22  0.0    0  5.8 15 320   M    M   9 123    17 310
 9  67  36  52   0  13   0 0.05  0.0    0  7.6 28 260   M    M   2 12     34 270
10  47  31  39 -13  26   0 0.02    T    0  9.6 26  20   M    M   7        32  20
11  54  28  41 -11  24   0 0.00  0.0    0  5.7 13  60   M    M   1        16  90
12  70  35  53   0  12   0 0.00  0.0    0  8.0 20 250   M    M   0        25 260
13  53  41  47  -6  18   0 0.00  0.0    0 11.1 21  60   M    M   7        27  70
14  52  39  46  -7  19   0    T  0.0    0  8.0 17  80   M    M  10        21  70
15  51  38  45  -9  20   0 0.16  0.0    0  5.9 14  70   M    M   7 1      16  80
16  49  40  45  -9  20   0 0.24  0.0    0  8.7 20  60   M    M  10 1      25  60
17  57  40  49  -5  16   0 0.06  0.0    0  5.8 10 300   M    M   7 1      14 310
18  70  39  55   0  10   0 0.00  0.0    0  5.3 12 310   M    M   0        13 200
19  74  44  59   4   6   0    T  0.0    0  9.1 31 300   M    M   1        39 300
20  75  48  62   7   3   0 0.02  0.0    0 11.0 28 190   M    M   2        34 190
21  77  47  62   6   3   0    T  0.0    0 17.8 43 270   M    M   3        50 270
22  63  39  51  -5  14   0 0.00  0.0    0  8.8 25 260   M    M   2        31 260
23  64  36  50  -6  15   0 0.00  0.0    0  9.7 25 270   M    M   1        31 260
24  69  38  54  -2  11   0 0.03  0.0    0  8.7 39 250   M    M   2 3      51 260
25  65  40  53  -4  12   0 0.05  0.0    0  6.5 22 300   M    M   5        26 280
================================================================================
SM 1558  978       349   0  2.73    T    207.0          M       98
================================================================================
AV 62.3 39.1                               8.3 FASTST   M    M   4    MAX(MPH)
                                 MISC ---->  # 43 270               # 51  260
================================================================================
NOTES:
# LAST OF SEVERAL OCCURRENCES

COLUMN 17 PEAK WIND IN M.P.H.

PRELIMINARY LOCAL CLIMATOLOGICAL DATA (WS FORM: F-6) , PAGE 2

                                          STATION:  RIVERTON WY
                                          MONTH:    MAY
                                          YEAR:     2016
                                          LATITUDE:   43  2 N
                                          LONGITUDE: 108 27 W

[TEMPERATURE DATA]      [PRECIPITATION DATA]       SYMBOLS USED IN COLUMN 16

AVERAGE MONTHLY: 50.7   TOTAL FOR MONTH:   2.73    1 = FOG OR MIST
DPTR FM NORMAL:  -2.2   DPTR FM NORMAL:    1.28    2 = FOG REDUCING VISIBILITY
HIGHEST:    79 ON  5    GRTST 24HR  1.88 ON  6- 7      TO 1/4 MILE OR LESS
LOWEST:     28 ON 11                               3 = THUNDER
                        SNOW, ICE PELLETS, HAIL    4 = ICE PELLETS
                        TOTAL MONTH:    T          5 = HAIL
                        GRTST 24HR    T  ON 10-10  6 = FREEZING RAIN OR DRIZZLE
                        GRTST DEPTH:   0           7 = DUSTSTORM OR SANDSTORM:
                                                       VSBY 1/2 MILE OR LESS
                                                   8 = SMOKE OR HAZE
[NO. OF DAYS WITH]      [WEATHER - DAYS WITH]      9 = BLOWING SNOW
                                                   X = TORNADO
MAX 32 OR BELOW:   0    0.01 INCH OR MORE:  11
MAX 90 OR ABOVE:   0    0.10 INCH OR MORE:   5
MIN 32 OR BELOW:   3    0.50 INCH OR MORE:   1
MIN  0 OR BELOW:   0    1.00 INCH OR MORE:   1

[HDD (BASE 65) ]
TOTAL THIS MO.   349    CLEAR  (SCALE 0-3)  14
DPTR FM NORMAL    44    PTCLDY (SCALE 4-7)   7
TOTAL FM JUL 1  7042    CLOUDY (SCALE 8-10)  4
DPTR FM NORMAL  -659

[CDD (BASE 65) ]
TOTAL THIS MO.     0
DPTR FM NORMAL     0    [PRESSURE DATA]
TOTAL FM JAN 1     0    HIGHEST SLP M ON M
DPTR FM NORMAL     0    LOWEST  SLP 29.51 ON  8

[REMARKS]
