000
CXUS55 KRIW 240945
CF6RKS
PRELIMINARY LOCAL CLIMATOLOGICAL DATA (WS FORM: F-6)

                                          STATION:   ROCK SPRINGS WY
                                          MONTH:     AUGUST
                                          YEAR:      2016
                                          LATITUDE:   41 35 N
                                          LONGITUDE: 109  4 W

  TEMPERATURE IN F:       :PCPN:    SNOW:  WIND      :SUNSHINE: SKY     :PK WND
================================================================================
1   2   3   4   5  6A  6B    7    8   9   10  11  12  13   14  15   16   17  18
                                     12Z  AVG MX 2MIN
DY MAX MIN AVG DEP HDD CDD  WTR  SNW DPTH SPD SPD DIR MIN PSBL S-S WX    SPD DR
================================================================================

 1  87  50  69  -1   0   4 0.00  0.0    0  7.9 23 280   M    M   1        28 280
 2  92  54  73   3   0   8 0.00  0.0    0  7.3 36 340   M    M   0        44 340
 3  88  58  73   3   0   8 0.00  0.0    0 11.5 28 260   M    M   1        36 250
 4  83  50  67  -2   0   2 0.00  0.0    0  8.5 13 150   M    M   0         M  M
 5  84  55  70   1   0   5 0.00  0.0    0  8.5 18 120   M    M   0        25  90
 6  83  60  72   3   0   7 0.00  0.0    0 12.2 28 220   M    M   2        33 220
 7  85  54  70   1   0   5 0.02  0.0    0  8.4 29 280   M    M   2 3      37 210
 8  83  54  69   0   0   4 0.02  0.0    0 11.3 35 170   M    M   2 3      45 160
 9  87  58  73   4   0   8    T  0.0    0 12.4 31 220   M    M   2        44 210
10  82  56  69   1   0   4 0.00  0.0    0 10.9 37 280   M    M   1        46 290
11  75  51  63  -5   2   0 0.04  0.0    0 11.5 39 200   M    M   4 3      51 190
12  78  42  60  -8   5   0 0.00  0.0    0  8.0 23 280   M    M   0        32 300
13  80  51  66  -2   0   1 0.00  0.0    0  5.4 16 240   M    M   0        25 240
14  85  53  69   1   0   4 0.00  0.0    0  7.7 23 300   M    M   0        31 280
15  82  53  68   1   0   3 0.00  0.0    0  8.2 23 340   M    M   1 8      30 310
16  85  49  67   0   0   2 0.00  0.0    0  4.6 16 140   M    M   0        21 140
17  83  57  70   3   0   5 0.00  0.0    0  8.5 29 230   M    M   2        37 290
18  80  49  65  -2   0   0 0.12  0.0    0  7.6 23 100   M    M   4 3      28 110
19  63  41  52 -14  13   0 0.00  0.0    0 13.3 31  70   M    M   2 12     38  50
20  77  36  57  -9   8   0 0.00  0.0    0  5.6 16 330   M    M   0        22 310
21  84  47  66   0   0   1 0.00  0.0    0  5.8 17 270   M    M   0        24 270
22  84  53  69   3   0   4 0.00  0.0    0 10.4 25 230   M    M   0        31 220
23  80  51  66   1   0   1 0.00  0.0    0 11.5 31 270   M    M   1        38 260
================================================================================
SM 1890 1182        28  76  0.20     0.0 207.0          M       25
================================================================================
AV 82.2 51.4                               9.0 FASTST   M    M   1    MAX(MPH)
                                 MISC ---->  # 39 200               # 51  190
================================================================================
NOTES:
# LAST OF SEVERAL OCCURRENCES

COLUMN 17 PEAK WIND IN M.P.H.

PRELIMINARY LOCAL CLIMATOLOGICAL DATA (WS FORM: F-6) , PAGE 2

                                          STATION:  ROCK SPRINGS WY
                                          MONTH:    AUGUST
                                          YEAR:     2016
                                          LATITUDE:   41 35 N
                                          LONGITUDE: 109  4 W

[TEMPERATURE DATA]      [PRECIPITATION DATA]       SYMBOLS USED IN COLUMN 16

AVERAGE MONTHLY: 66.8   TOTAL FOR MONTH:   0.20    1 = FOG OR MIST
DPTR FM NORMAL:  -1.1   DPTR FM NORMAL:   -0.25    2 = FOG REDUCING VISIBILITY
HIGHEST:    92 ON  2    GRTST 24HR  0.12 ON 18-18      TO 1/4 MILE OR LESS
LOWEST:     36 ON 20                               3 = THUNDER
                        SNOW, ICE PELLETS, HAIL    4 = ICE PELLETS
                        TOTAL MONTH:   0.0 INCH    5 = HAIL
                        GRTST 24HR     0.0         6 = FREEZING RAIN OR DRIZZLE
                        GRTST DEPTH:   0           7 = DUSTSTORM OR SANDSTORM:
                                                       VSBY 1/2 MILE OR LESS
                                                   8 = SMOKE OR HAZE
[NO. OF DAYS WITH]      [WEATHER - DAYS WITH]      9 = BLOWING SNOW
                                                   X = TORNADO
MAX 32 OR BELOW:   0    0.01 INCH OR MORE:   4
MAX 90 OR ABOVE:   1    0.10 INCH OR MORE:   1
MIN 32 OR BELOW:   0    0.50 INCH OR MORE:   0
MIN  0 OR BELOW:   0    1.00 INCH OR MORE:   0

[HDD (BASE 65) ]
TOTAL THIS MO.    28    CLEAR  (SCALE 0-3)  21
DPTR FM NORMAL     9    PTCLDY (SCALE 4-7)   2
TOTAL FM JUL 1    41    CLOUDY (SCALE 8-10)  0
DPTR FM NORMAL    -2

[CDD (BASE 65) ]
TOTAL THIS MO.    76
DPTR FM NORMAL    -9    [PRESSURE DATA]
TOTAL FM JAN 1   331    HIGHEST SLP M ON M
DPTR FM NORMAL    66    LOWEST  SLP 29.83 ON  9

[REMARKS]
