000
CXUS52 KFFC 271110
CF6RMG
PRELIMINARY LOCAL CLIMATOLOGICAL DATA (WS FORM: F-6)

                                          STATION:   ROME
                                          MONTH:     JUNE
                                          YEAR:      2017
                                          LATITUDE:   34 20 N
                                          LONGITUDE:  85 10 W

  TEMPERATURE IN F:       :PCPN:    SNOW:  WIND      :SUNSHINE: SKY     :PK WND
================================================================================
1   2   3   4   5  6A  6B    7    8   9   10  11  12  13   14  15   16   17  18
                                     12Z  AVG MX 2MIN
DY MAX MIN AVG DEP HDD CDD  WTR  SNW DPTH SPD SPD DIR MIN PSBL S-S WX    SPD DR
================================================================================

 1  85  63  74   1   0   9 0.00  0.0    0  0.9  7  30   M    M   1 1      11 160
 2  87  67  77   4   0  12 0.00  0.0    0  1.5  8  80   M    M   1        14  60
 3  90  66  78   5   0  13 0.00  0.0    0  3.0 12 190   M    M   2 1      14 190
 4  84  71  78   4   0  13 1.16  0.0    0  4.0 16 200   M    M   7 13     20 190
 5  83  72  78   4   0  13 0.94  0.0    0  4.5 20 320   M    M   6 13     25 320
 6  82  69  76   2   0  11 0.01  0.0    0  4.4 13 350   M    M   5 1      17 360
 7  83  63  73  -1   0   8 0.07  0.0    0  8.7 18  20   M    M   1 1      23 350
 8  81  64  73  -2   0   8 0.00  0.0    0  4.6  9 100   M    M   6        13 100
 9  85  59  72  -3   0   7 0.00  0.0    0  1.9 12 250   M    M   2        16 240
10  87  60  74  -1   0   9 0.00  0.0    0  1.5  9 330   M    M   2        15 180
11  89  63  76   1   0  11 0.00  0.0    0  4.6 12 120   M    M   2        15 140
12  92  72  82   7   0  17    T  0.0    0  2.0 20 170   M    M   5 3      24 170
13  90  68  79   3   0  14 0.00  0.0    0  1.3  8 180   M    M   3 12     10 180
14  92  71  82   6   0  17 0.00  0.0    0  2.9 12 290   M    M   3 3      15 320
15  93  67  80   4   0  15 0.02  0.0    0  2.7 21 290   M    M   2 3      35 310
16  88  67  78   2   0  13 0.00  0.0    0  2.1  9 350   M    M   5 1      13  10
17  91  67  79   3   0  14 0.10  0.0    0  3.1 15 210   M    M   2 13     21 210
18  87  70  79   2   0  14 0.01  0.0    0  3.5 13 160   M    M   5        15 170
19  87  72  80   3   0  15    T  0.0    0  2.1 13 330   M    M   5 1      16 340
20  86  71  79   2   0  14 0.00  0.0    0  3.9 13 160   M    M   4 12     15 160
21  83  71  77   0   0  12 0.08  0.0    0  2.7 10 170   M    M   8 1      13 150
22  80  71  76  -1   0  11 0.49  0.0    0  3.4 13 120   M    M   8 1      17 120
23  89  74  82   4   0  17 0.39  0.0    0  8.0 26 250   M    M   6 18     38 250
24  87  70  79   1   0  14 0.04  0.0    0  4.4 15 330   M    M   7 1      19 310
25  79  61  70  -8   0   5 0.00  0.0    0  4.5 12 360   M    M   1 1      17 350
26  86  54  70  -8   0   5 0.00  0.0    0  3.2 13 360   M    M   1 1      16  40
================================================================================
SM 2246 1743         0 311  3.31     0.0  89.4          M      100
================================================================================
AV 86.4 67.0                               3.4 FASTST   M    M   4    MAX(MPH)
                                 MISC ---->  # 26 250               # 38  250
================================================================================
NOTES:
# LAST OF SEVERAL OCCURRENCES

COLUMN 17 PEAK WIND IN M.P.H.

PRELIMINARY LOCAL CLIMATOLOGICAL DATA (WS FORM: F-6) , PAGE 2

                                          STATION:  ROME
                                          MONTH:    JUNE
                                          YEAR:     2017
                                          LATITUDE:   34 20 N
                                          LONGITUDE:  85 10 W

[TEMPERATURE DATA]      [PRECIPITATION DATA]       SYMBOLS USED IN COLUMN 16

AVERAGE MONTHLY: 76.7   TOTAL FOR MONTH:   3.31    1 = FOG OR MIST
DPTR FM NORMAL:   1.1   DPTR FM NORMAL:   -0.18    2 = FOG REDUCING VISIBILITY
HIGHEST:    93 ON 15    GRTST 24HR  1.16 ON  4- 4      TO 1/4 MILE OR LESS
LOWEST:     54 ON 26                               3 = THUNDER
                        SNOW, ICE PELLETS, HAIL    4 = ICE PELLETS
                        TOTAL MONTH:   0.0 INCH    5 = HAIL
                        GRTST 24HR     0.0         6 = FREEZING RAIN OR DRIZZLE
                        GRTST DEPTH:   0           7 = DUSTSTORM OR SANDSTORM:
                                                       VSBY 1/2 MILE OR LESS
                                                   8 = SMOKE OR HAZE
[NO. OF DAYS WITH]      [WEATHER - DAYS WITH]      9 = BLOWING SNOW
                                                   X = TORNADO
MAX 32 OR BELOW:   0    0.01 INCH OR MORE:  11
MAX 90 OR ABOVE:   6    0.10 INCH OR MORE:   5
MIN 32 OR BELOW:   0    0.50 INCH OR MORE:   2
MIN  0 OR BELOW:   0    1.00 INCH OR MORE:   1

[HDD (BASE 65) ]
TOTAL THIS MO.     0    CLEAR  (SCALE 0-3)  13
DPTR FM NORMAL     0    PTCLDY (SCALE 4-7)  12
TOTAL FM JUL 1  2106    CLOUDY (SCALE 8-10)  1
DPTR FM NORMAL -1143

[CDD (BASE 65) ]
TOTAL THIS MO.   311
DPTR FM NORMAL    35    [PRESSURE DATA]
TOTAL FM JAN 1   637    HIGHEST SLP M ON M
DPTR FM NORMAL   193    LOWEST  SLP 29.72 ON  6

[REMARKS]
