000
CXUS51 KRNK 010616
CF6RNK

PRELIMINARY LOCAL CLIMATOLOGICAL DATA (WS FORM: F-6)

                                          STATION:   BLACKSBURG VA
                                          MONTH:     SEPTEMBER
                                          YEAR:      2016
                                          LATITUDE:   37 13 N
                                          LONGITUDE:  80 25 W

  TEMPERATURE IN F:       :PCPN:    SNOW:  WIND      :SUNSHINE: SKY     :PK WND
================================================================================
1   2   3   4   5  6A  6B    7    8   9   10  11  12  13   14  15   16   17  18
                                     12Z  AVG MX 2MIN
DY MAX MIN AVG DEP HDD CDD  WTR  SNW DPTH SPD SPD DIR MIN PSBL S-S WX    SPD DR
================================================================================

 1  79  61  70   2   0   5 0.10  0.0    0  2.6 12 330   M    M   6 123     M  M
 2  70  59  65  -3   0   0 0.00  0.0    0  6.1 14  70   M    M   6        18  50
 3  79  50  65  -3   0   0 0.00  0.0    0  4.2 13  70   M    M   1        18  70
 4  80  53  67   0   0   2 0.00  0.0    0  1.3  7 120   M    M   2 1       M  M
 5  83  53  68   1   0   3 0.00  0.0    0  0.6  7 320   M    M   3 12      M  M
 6  86  54  70   3   0   5 0.00  0.0    0  3.2 14 310   M    M   2        20 310
 7  87  61  74   8   0   9 0.00  0.0    0  3.1 13 290   M    M   2        21 290
 8  88  62  75   9   0  10 0.00  0.0    0  2.0 10 310   M    M   1         M  M
 9  88  62  75   9   0  10 0.00  0.0    0  1.4  7 260   M    M   1 1       M  M
10  88  63  76  11   0  11 0.00  0.0    0  2.0  9 150   M    M   4         M  M
11  80  54  67   2   0   2 0.00  0.0    0  3.8 13 310   M    M   2        18 320
12  80  53  67   2   0   2 0.00  0.0    0  3.1 10 110   M    M   5        16 110
13  86  58  72   8   0   7 0.00  0.0    0  2.1  7 110   M    M   4         M  M
14  87  58  73   9   0   8 0.05  0.0    0  0.6  8 320   M    M   2 1       M  M
15  80  56  68   4   0   3 0.00  0.0    0  5.3 12  80   M    M   4        16  90
16  72  63  68   5   0   3    T  0.0    0  5.1  9 120   M    M  10 1       M  M
17  80  60  70   7   0   5 0.00  0.0    0  4.1 12 160   M    M   7        16 160
18  81  57  69   7   0   4 0.01  0.0    0  2.1  8 160   M    M   4 1       M  M
19  83  63  73  11   0   8 0.82  0.0    0  3.4 10  50   M    M   8 12     18  50
20  81  58  70   8   0   5 0.00  0.0    0  3.0 10  60   M    M   4 12      M  M
21  80  57  69   8   0   4 0.00  0.0    0  4.7 13  80   M    M   4        21  80
22  78  59  69   8   0   4 0.00  0.0    0  5.0 13 110   M    M   3        17 120
23  86  55  71  11   0   6 0.00  0.0    0  1.2  7  30   M    M   2 1       M  M
24  86  56  71  11   0   6 0.00  0.0    0  1.8  8 300   M    M   2 1       M  M
25  76  64  70  10   0   5 0.00  0.0    0  5.8  9 110   M    M   8 1       M  M
26  77  63  70  11   0   5 1.25  0.0    0  4.5 10 110   M    M  10 123    26 310
27  77  52  65   6   0   0 0.54  0.0    0  2.2  8 320   M    M   6 1       M  M
28  71  48  60   2   5   0 1.02  0.0    0  2.8 20 280   M    M   6 13     31 280
29  67  58  63   5   2   0 2.80  0.0    0  5.0 13 100   M    M   8 1      17  90
30  72  57  65   7   0   0 0.12  0.0    0  5.4 13  70   M    M   8 12      M  M
================================================================================
SM 2408 1727         7 132  6.71     0.0  97.5          M      135
================================================================================
AV 80.3 57.6                               3.2 FASTST   M    M   5    MAX(MPH)
                                 MISC ---->  # 20 280               # 31  280
================================================================================
NOTES:
# LAST OF SEVERAL OCCURRENCES

COLUMN 17 PEAK WIND IN M.P.H.

PRELIMINARY LOCAL CLIMATOLOGICAL DATA (WS FORM: F-6) , PAGE 2

                                          STATION:  BLACKSBURG VA
                                          MONTH:    SEPTEMBER
                                          YEAR:     2016
                                          LATITUDE:   37 13 N
                                          LONGITUDE:  80 25 W

[TEMPERATURE DATA]      [PRECIPITATION DATA]       SYMBOLS USED IN COLUMN 16

AVERAGE MONTHLY: 68.9   TOTAL FOR MONTH:   6.71    1 = FOG OR MIST
DPTR FM NORMAL:   5.8   DPTR FM NORMAL:    3.61    2 = FOG REDUCING VISIBILITY
HIGHEST:    88 ON 10, 9 GRTST 24HR  2.80 ON 29-29      TO 1/4 MILE OR LESS
LOWEST:     48 ON 28                               3 = THUNDER
                        SNOW, ICE PELLETS, HAIL    4 = ICE PELLETS
                        TOTAL MONTH:   0.0 INCH    5 = HAIL
                        GRTST 24HR     0.0         6 = FREEZING RAIN OR DRIZZLE
                        GRTST DEPTH:   0           7 = DUSTSTORM OR SANDSTORM:
                                                       VSBY 1/2 MILE OR LESS
                                                   8 = SMOKE OR HAZE
[NO. OF DAYS WITH]      [WEATHER - DAYS WITH]      9 = BLOWING SNOW
                                                   X = TORNADO
MAX 32 OR BELOW:   0    0.01 INCH OR MORE:   9
MAX 90 OR ABOVE:   0    0.10 INCH OR MORE:   7
MIN 32 OR BELOW:   0    0.50 INCH OR MORE:   5
MIN  0 OR BELOW:   0    1.00 INCH OR MORE:   3

[HDD (BASE 65) ]
TOTAL THIS MO.     7    CLEAR  (SCALE 0-3)  11
DPTR FM NORMAL  -106    PTCLDY (SCALE 4-7)  15
TOTAL FM JUL 1     7    CLOUDY (SCALE 8-10)  4
DPTR FM NORMAL  -124

[CDD (BASE 65) ]
TOTAL THIS MO.   132
DPTR FM NORMAL    75    [PRESSURE DATA]
TOTAL FM JAN 1   909    HIGHEST SLP M ON M
DPTR FM NORMAL   340    LOWEST  SLP M ON M

[REMARKS]
#FINAL-09-16#
