666
CXUS51 KRNK 300625
CF6RNK

PRELIMINARY LOCAL CLIMATOLOGICAL DATA (WS FORM: F-6)

                                          STATION:   BLACKSBURG VA
                                          MONTH:     JULY
                                          YEAR:      2016
                                          LATITUDE:   37 13 N
                                          LONGITUDE:  80 25 W

  TEMPERATURE IN F:       :PCPN:    SNOW:  WIND      :SUNSHINE: SKY     :PK WND
================================================================================
1   2   3   4   5  6A  6B    7    8   9   10  11  12  13   14  15   16   17  18
                                     12Z  AVG MX 2MIN
DY MAX MIN AVG DEP HDD CDD  WTR  SNW DPTH SPD SPD DIR MIN PSBL S-S WX    SPD DR
================================================================================

 1  84  62  73   2   0   8 0.00  0.0    0  2.7  9 300   M    M   5 1      16 300
 2  83  60  72   1   0   7 0.01  0.0    0  2.5  9 110   M    M   5         9 160
 3  69  64  67  -4   0   2    T  0.0    0  4.5  7 120   M    M  10 1       M  M
 4  80  62  71   0   0   6 1.58  0.0    0  4.6  9 100   M    M   9 123     M  M
 5  85  66  76   5   0  11 0.20  0.0    0  2.8 13 280   M    M   6 1      23 280
 6  85  68  77   6   0  12 0.06  0.0    0  2.5 10 300   M    M   5         M  M
 7  78  64  71   0   0   6 0.19  0.0    0  3.8 10 240   M    M   5        18 220
 8  84  63  74   3   0   9 0.04  0.0    0  5.0 22 290   M    M   5 1      35 290
 9  82  64  73   2   0   8 0.05  0.0    0  4.0 13 300   M    M   5 1      20 290
10  82  61  72   1   0   7 0.00  0.0    0  3.3 12 310   M    M   2        16 310
11  85  60  73   2   0   8 0.00  0.0    0  1.7  9  80   M    M   6         M  M
12  83  65  74   3   0   9 0.03  0.0    0  2.1  9 120   M    M   5 12     17 290
13  84  64  74   3   0   9 0.63  0.0    0   M   M   M   M    M   M 123     M  M
14  84  65  75   4   0  10 0.86  0.0    0   M   M   M   M    M   M 13      M  M
15  82  65  74   3   0   9 0.00  0.0    0  1.8  7 270   M    M   1         M  M
16  84  62  73   2   0   8 0.25  0.0    0  1.0 20 340   M    M   2 128    35 340
17  87  61  74   3   0   9 0.00  0.0    0  1.5  7 160   M    M   5 12      M  M
18  86  64  75   4   0  10 0.00  0.0    0  2.1  9 290   M    M   1 1       M  M
19  86  67  77   6   0  12 0.00  0.0    0  3.4 10 310   M    M   2         M  M
20  85  62  74   3   0   9 0.00  0.0    0  1.7  7 110   M    M   2 1       M  M
21  87  59  73   2   0   8 0.00  0.0    0  2.2  7 320   M    M   2         M  M
22  88  61  75   4   0  10 0.00  0.0    0  2.2 14 340   M    M   1 1      23 340
23  92  64  78   7   0  13 0.00  0.0    0  0.8  8  70   M    M   0 1       M  M
24  93  65  79   8   0  14 0.05  0.0    0  1.4 18 140   M    M   2 1      23 140
25  89  66  78   7   0  13 0.03  0.0    0  1.5 10 320   M    M   2 3       M  M
26  90  68  79   8   0  14 0.00  0.0    0  2.2  8 290   M    M   2 1       M  M
27  89  68  79   8   0  14 0.33  0.0    0  2.2  8 130   M    M   2 123    21 270
28  86  68  77   6   0  12 0.43  0.0    0  3.2 10 300   M    M   7 13     30 210
29  84  66  75   4   0  10 0.02  0.0    0  2.3  9 300   M    M   7 1      16 300
================================================================================
SM 2456 1854         0 277  4.76     0.0  69.0          M      106
================================================================================
AV 84.7 63.9                               2.6 FASTST   M    M   4    MAX(MPH)
                                 MISC ---->  # 22 290               # 35  290
================================================================================
NOTES:
# LAST OF SEVERAL OCCURRENCES

COLUMN 17 PEAK WIND IN M.P.H.

PRELIMINARY LOCAL CLIMATOLOGICAL DATA (WS FORM: F-6) , PAGE 2

                                          STATION:  BLACKSBURG VA
                                          MONTH:    JULY
                                          YEAR:     2016
                                          LATITUDE:   37 13 N
                                          LONGITUDE:  80 25 W

[TEMPERATURE DATA]      [PRECIPITATION DATA]       SYMBOLS USED IN COLUMN 16

AVERAGE MONTHLY: 74.3   TOTAL FOR MONTH:   4.76    1 = FOG OR MIST
DPTR FM NORMAL:   3.3   DPTR FM NORMAL:    0.77    2 = FOG REDUCING VISIBILITY
HIGHEST:    93 ON 24    GRTST 24HR  1.58 ON  4- 4      TO 1/4 MILE OR LESS
LOWEST:     59 ON 21                               3 = THUNDER
                        SNOW, ICE PELLETS, HAIL    4 = ICE PELLETS
                        TOTAL MONTH:   0.0 INCH    5 = HAIL
                        GRTST 24HR     0.0         6 = FREEZING RAIN OR DRIZZLE
                        GRTST DEPTH:   0           7 = DUSTSTORM OR SANDSTORM:
                                                       VSBY 1/2 MILE OR LESS
                                                   8 = SMOKE OR HAZE
[NO. OF DAYS WITH]      [WEATHER - DAYS WITH]      9 = BLOWING SNOW
                                                   X = TORNADO
MAX 32 OR BELOW:   0    0.01 INCH OR MORE:  16
MAX 90 OR ABOVE:   3    0.10 INCH OR MORE:   8
MIN 32 OR BELOW:   0    0.50 INCH OR MORE:   3
MIN  0 OR BELOW:   0    1.00 INCH OR MORE:   1

[HDD (BASE 65) ]
TOTAL THIS MO.     0    CLEAR  (SCALE 0-3)  13
DPTR FM NORMAL     0    PTCLDY (SCALE 4-7)  12
TOTAL FM JUL 1     0    CLOUDY (SCALE 8-10)  2
DPTR FM NORMAL     0

[CDD (BASE 65) ]
TOTAL THIS MO.   277
DPTR FM NORMAL    97    [PRESSURE DATA]
TOTAL FM JAN 1   481    HIGHEST SLP M ON M
DPTR FM NORMAL   153    LOWEST  SLP M ON M

[REMARKS]
