041
CXUS56 KSGX 301545
CF6RNM
PRELIMINARY LOCAL CLIMATOLOGICAL DATA (WS FORM: F-6)

                                          STATION:   RAMONA AIRPORT CA
                                          MONTH:     MAY
                                          YEAR:      2016
                                          LATITUDE:   33  2 N
                                          LONGITUDE: 116 55 W

  TEMPERATURE IN F:       :PCPN:    SNOW:  WIND      :SUNSHINE: SKY     :PK WND
================================================================================
1   2   3   4   5  6A  6B    7    8   9   10  11  12  13   14  15   16   17  18
                                     12Z  AVG MX 2MIN
DY MAX MIN AVG DEP HDD CDD  WTR  SNW DPTH SPD SPD DIR MIN PSBL S-S WX    SPD DR
================================================================================

 1  72  39  56  -3   9   0 0.00  0.0    0  3.8 15 270   M    M   4 1      17 270
 2  81  43  62   3   3   0 0.00  0.0    0  5.1 18 270   M    M   2 12     23 270
 3  81  43  62   3   3   0 0.00  0.0    0  5.0 17 280   M    M   2 12     21 280
 4  77  45  61   2   4   0 0.00  0.0    0  6.8 18 270   M    M   6 128    23 280
 5  62  53  58  -2   7   0 0.02  0.0    0  5.4 14 260   M    M  10 18     16 260
 6  63  50  57  -3   8   0 0.23  0.0    0  4.3 15 270   M    M   7 1      19 270
 7  69  42  56  -4   9   0    T    M    0  4.5 18 270   M    M   6 1      24 270
 8  66  42  54  -6  11   0 0.00  0.0    0  4.8 16 280   M    M   6 12     20 270
 9  69  49  59  -1   6   0 0.00  0.0    0  4.1 13 270   M    M   8        17 250
10  75  51  63   3   2   0 0.00  0.0    0  3.9 15 280   M    M   6 1      20 270
11  79  53  66   5   0   1 0.00  0.0    0  5.1 14 270   M    M   5 18     18 280
12  81  52  67   6   0   2 0.00  0.0    0  5.1 15 300   M    M   4 128    20 300
13  80  44  62   1   3   0 0.00  0.0    0  5.9 15 270   M    M   3 12     19 270
14  63  54  59  -2   6   0 0.00  0.0    0  2.9 12 260   M    M  10 18     14 260
15  70  54  62   1   3   0 0.00  0.0    0  6.6 16 250   M    M  10 1      21 260
16   M   M   M   M   M   M 0.00  0.0    0  5.9 12 270   M    M   8         M  M
17  69  55  62   0   3   0 0.00  0.0    0  5.3 14 260   M    M   8 18     17 240
18  78  54  66   4   0   1 0.00  0.0    0  5.0 14 290   M    M   5 18     19 260
19  79  54  67   5   0   2 0.00  0.0    0  5.5 15 280   M    M   5 18     21 290
20  69  53  61  -1   4   0 0.00  0.0    0  8.6 16 240   M    M   6        23 260
21  67  42  55  -7  10   0    T    M    0  7.9 17 270   M    M   6        23 270
22  71  39  55  -7  10   0 0.00  0.0    0  4.7 17 270   M    M   1        22 280
23  70  40  55  -8  10   0 0.00  0.0    0  5.9 17 230   M    M   4        22 260
24  69  49  59  -4   6   0 0.00  0.0    0  8.8 17 270   M    M   8 8      21 260
25  67  44  56  -7   9   0 0.00  0.0    0  6.8 20 270   M    M   6        24 250
26  73  43  58  -5   7   0 0.00  0.0    0  4.4 15 280   M    M   4        21 270
27  77  50  64   1   1   0 0.00  0.0    0  4.6 16 270   M    M   4 1      20 280
28  75  53  64   1   1   0 0.00  0.0    0  5.8 18 270   M    M   8 128    22 280
29  66  55  61  -3   4   0 0.00  0.0    0  7.0 12 290   M    M  10 18     14 270
================================================================================
SM 2018 1345       139   6  0.25     0.0 159.5          M      172
================================================================================
AV 72.1 48.0                               5.5 FASTST   M    M   6    MAX(MPH)
                                 MISC ---->  # 20 270               # 24  270
================================================================================
NOTES:
# LAST OF SEVERAL OCCURRENCES

COLUMN 17 PEAK WIND IN M.P.H.

PRELIMINARY LOCAL CLIMATOLOGICAL DATA (WS FORM: F-6) , PAGE 2

                                          STATION:  RAMONA AIRPORT CA
                                          MONTH:    MAY
                                          YEAR:     2016
                                          LATITUDE:   33  2 N
                                          LONGITUDE: 116 55 W

[TEMPERATURE DATA]      [PRECIPITATION DATA]       SYMBOLS USED IN COLUMN 16

AVERAGE MONTHLY: 60.1   TOTAL FOR MONTH:   0.25    1 = FOG OR MIST
DPTR FM NORMAL:  -1.2   DPTR FM NORMAL:   -0.05    2 = FOG REDUCING VISIBILITY
HIGHEST:    81 ON 12, 3 GRTST 24HR  0.23 ON  6- 6      TO 1/4 MILE OR LESS
LOWEST:     39 ON 22, 1                            3 = THUNDER
                        SNOW, ICE PELLETS, HAIL    4 = ICE PELLETS
                        TOTAL MONTH:   0.0 INCH    5 = HAIL
                        GRTST 24HR     0.0         6 = FREEZING RAIN OR DRIZZLE
                        GRTST DEPTH:   0           7 = DUSTSTORM OR SANDSTORM:
                                                       VSBY 1/2 MILE OR LESS
                                                   8 = SMOKE OR HAZE
[NO. OF DAYS WITH]      [WEATHER - DAYS WITH]      9 = BLOWING SNOW
                                                   X = TORNADO
MAX 32 OR BELOW:   0    0.01 INCH OR MORE:   2
MAX 90 OR ABOVE:   0    0.10 INCH OR MORE:   1
MIN 32 OR BELOW:   0    0.50 INCH OR MORE:   0
MIN  0 OR BELOW:   0    1.00 INCH OR MORE:   0

[HDD (BASE 65) ]
TOTAL THIS MO.   139    CLEAR  (SCALE 0-3)   4
DPTR FM NORMAL    11    PTCLDY (SCALE 4-7)  20
TOTAL FM JUL 1  2152    CLOUDY (SCALE 8-10)  5
DPTR FM NORMAL  -368

[CDD (BASE 65) ]
TOTAL THIS MO.     6
DPTR FM NORMAL   -11    [PRESSURE DATA]
TOTAL FM JAN 1    12    HIGHEST SLP M ON M
DPTR FM NORMAL   -10    LOWEST  SLP 29.79 ON 28

[REMARKS]
