000
CXUS55 KREV 240836
CF6RNO
PRELIMINARY LOCAL CLIMATOLOGICAL DATA (WS FORM: F-6)

                                          STATION:   RENO TAHOE AIRPORT NV
                                          MONTH:     APRIL
                                          YEAR:      2014
                                          LATITUDE:   39 30 N
                                          LONGITUDE: 119 47 W

  TEMPERATURE IN F:       :PCPN:    SNOW:  WIND      :SUNSHINE: SKY     :PK WND
================================================================================
1   2   3   4   5  6A  6B    7    8   9   10  11  12  13   14  15   16   17  18
                                     12Z  AVG MX 2MIN
DY MAX MIN AVG DEP HDD CDD  WTR  SNW DPTH SPD SPD DIR MIN PSBL S-S WX    SPD DR
================================================================================

 1  48  28  38 -10  27   0    T    T    0  5.9 22 300   M    M   M        28 280
 2  52  28  40  -8  25   0 0.00  0.0    0  6.5 21  10   M    M   M        28 360
 3  57  28  43  -5  22   0 0.00  0.0    0  5.9 20 300   M    M   M        25 290
 4  57  39  48   0  17   0    T  0.0    0  7.0 23 340   M    M   M        29 350
 5  61  30  46  -2  19   0 0.00  0.0    0  4.7 21  10   M    M   M        23  10
 6  67  36  52   3  13   0 0.00  0.0    0  3.3 16  40   M    M   M        21  20
 7  76  38  57   8   8   0 0.00  0.0    0  3.8 12 340   M    M   M        18 320
 8  80  42  61  12   4   0 0.00  0.0    0  5.5 22 270   M    M   M        27 270
 9  77  47  62  13   3   0 0.00  0.0    0  7.1 24 300   M    M   M        31 310
10  79  41  60  11   5   0 0.00  0.0    0  4.1 18 300   M    M   M        22 300
11  80  46  63  13   2   0 0.00  0.0    0  5.5 18 280   M    M   M        24 290
12  78  45  62  12   3   0 0.00  0.0    0  9.0 28 300   M    M   M        34 300
13  66  45  56   6   9   0 0.00  0.0    0  6.9 23  10   M    M   M        28  10
14  75  38  57   7   8   0 0.00  0.0    0  4.6 17 290   M    M   M        24 280
15  76  44  60  10   5   0 0.00  0.0    0  8.0 22 280   M    M   M        28 290
16  73  47  60   9   5   0 0.00  0.0    0  5.5 16  10   M    M   M        20  50
17  81  47  64  13   1   0 0.00  0.0    0  7.5 25 290   M    M   M        33 300
18  74  48  61  10   4   0    T  0.0    0  7.4 25 270   M    M   M        31 270
19  77  47  62  10   3   0 0.00  0.0    0  8.5 25 300   M    M   M        33 310
20  74  43  59   7   6   0 0.00  0.0    0  5.0 13  10   M    M   M        18  50
21  76  44  60   8   5   0 0.00  0.0    0 10.2 40 210   M    M   M        47 220
22  56  43  50  -2  15   0    T  0.0    0 19.6 48 230   M    M   M        62 220
23  66  34  50  -3  15   0 0.00  0.0    0  6.7 23 300   M    M   M        29 300
================================================================================
SM 1606  928       224   0    T     T    158.2          M        M
================================================================================
AV 69.8 40.3                               6.9 FASTST   M    M   0    MAX(MPH)
                                 MISC ---->  # 48 230               # 62  220
================================================================================
NOTES:
# LAST OF SEVERAL OCCURRENCES

COLUMN 17 PEAK WIND IN M.P.H.

PRELIMINARY LOCAL CLIMATOLOGICAL DATA (WS FORM: F-6) , PAGE 2

                                          STATION:  RENO TAHOE AIRPORT NV
                                          MONTH:    APRIL
                                          YEAR:     2014
                                          LATITUDE:   39 30 N
                                          LONGITUDE: 119 47 W

[TEMPERATURE DATA]      [PRECIPITATION DATA]       SYMBOLS USED IN COLUMN 16

AVERAGE MONTHLY: 55.1   TOTAL FOR MONTH:      T    1 = FOG OR MIST
DPTR FM NORMAL:   5.1   DPTR FM NORMAL:   -0.36    2 = FOG REDUCING VISIBILITY
HIGHEST:    81 ON 17    GRTST 24HR    T  ON 22-22      TO 1/4 MILE OR LESS
LOWEST:     28 ON  3, 2                            3 = THUNDER
                        SNOW, ICE PELLETS, HAIL    4 = ICE PELLETS
                        TOTAL MONTH:    T          5 = HAIL
                        GRTST 24HR    T  ON  1- 1  6 = FREEZING RAIN OR DRIZZLE
                        GRTST DEPTH:   0           7 = DUSTSTORM OR SANDSTORM:
                                                       VSBY 1/2 MILE OR LESS
                                                   8 = SMOKE OR HAZE
[NO. OF DAYS WITH]      [WEATHER - DAYS WITH]      9 = BLOWING SNOW
                                                   X = TORNADO
MAX 32 OR BELOW:   0    0.01 INCH OR MORE:   0
MAX 90 OR ABOVE:   0    0.10 INCH OR MORE:   0
MIN 32 OR BELOW:   4    0.50 INCH OR MORE:   0
MIN  0 OR BELOW:   0    1.00 INCH OR MORE:   0

[HDD (BASE 65) ]
TOTAL THIS MO.   224    CLEAR  (SCALE 0-3)   0
DPTR FM NORMAL  -123    PTCLDY (SCALE 4-7)   0
TOTAL FM JUL 1  4318    CLOUDY (SCALE 8-10)  0
DPTR FM NORMAL  -265

[CDD (BASE 65) ]
TOTAL THIS MO.     0
DPTR FM NORMAL     0    [PRESSURE DATA]
TOTAL FM JAN 1     0    HIGHEST SLP M ON M
DPTR FM NORMAL     0    LOWEST  SLP 29.65 ON 22

[REMARKS]
