000
CXUS51 KBUF 011205
CF6ROC
PRELIMINARY LOCAL CLIMATOLOGICAL DATA (WS FORM: F-6)

                                          STATION:   ROCHESTER NY
                                          MONTH:     SEPTEMBER
                                          YEAR:      2016
                                          LATITUDE:   43  7 N
                                          LONGITUDE:  77 40 W

  TEMPERATURE IN F:       :PCPN:    SNOW:  WIND      :SUNSHINE: SKY     :PK WND
================================================================================
1   2   3   4   5  6A  6B    7    8   9   10  11  12  13   14  15   16   17  18
                                     12Z  AVG MX 2MIN
DY MAX MIN AVG DEP HDD CDD  WTR  SNW DPTH SPD SPD DIR MIN PSBL S-S WX    SPD DR
================================================================================

 1  73  62  68   1   0   3    T  0.0    0  9.8 21  30   M    M   6        27  30
 2  73  55  64  -2   1   0    T  0.0    0  7.4 17  30   M    M   5        20  30
 3  74  51  63  -3   2   0 0.00  0.0    0  4.2 14  40   M    M   2        18  50
 4  81  49  65  -1   0   0 0.00  0.0    0  4.5 14  30   M    M   1        18  20
 5  84  55  70   4   0   5 0.00  0.0    0  5.0 13  50   M    M   1        16  20
 6  88  57  73   8   0   8 0.00  0.0    0  3.5  9 290   M    M   2        13 260
 7  92  68  80  15   0  15    T  0.0    0  6.1 16 280   M    M   7 1      19 300
 8  90  73  82  17   0  17 0.01  0.0    0 10.3 29 260   M    M   9        39 270
 9  86  66  76  12   0  11    T  0.0    0  3.1 14 350   M    M   7 1      17 350
10  91  62  77  13   0  12 0.12  0.0    0 10.4 29 280   M    M   5 8      37 290
11  73  57  65   1   0   0 0.02  0.0    0  8.7 21 320   M    M   5        29 290
12  78  52  65   2   0   0 0.00  0.0    0  5.2 15  30   M    M   1        16  30
13  85  54  70   7   0   5    T  0.0    0  8.2 21 250   M    M   3        26 260
14  72  55  64   1   1   0    T  0.0    0  8.9 21 310   M    M   7        26 320
15  70  49  60  -2   5   0 0.00  0.0    0  4.7 14  50   M    M   4        17  40
16  81  46  64   2   1   0 0.00  0.0    0  6.4 16 180   M    M   4        22 210
17  78  64  71  10   0   6 1.01  0.0    0 10.4 25 250   M    M   8 13     30 240
18  80  66  73  12   0   8 0.75  0.0    0  5.9 30 270   M    M   8 13     35 270
19  81  61  71  10   0   6 0.00  0.0    0  3.2 10  50   M    M   6        12  50
20  84  59  72  12   0   7 0.00  0.0    0  7.6 16 270   M    M   2 1      20 250
21  82  54  68   8   0   3 0.00  0.0    0  4.0 10  30   M    M   3        12 240
22  85  55  70  11   0   5 0.00  0.0    0  5.8 15 260   M    M   5        18 260
23  72  59  66   7   0   1 0.03  0.0    0  8.9 25  40   M    M  10 1      31  40
24  64  45  55  -4  10   0 0.00  0.0    0  5.5 14  20   M    M   5        18  20
25  64  42  53  -5  12   0 0.00  0.0    0  5.1 12  50   M    M   3        22  50
26  75  50  63   5   2   0 0.07  0.0    0  7.9 18 200   M    M   8 1      25 200
27  72  53  63   6   2   0 0.00  0.0    0  9.3 25 240   M    M   5        31 230
28  77  46  62   5   3   0    T  0.0    0  8.8 22 130   M    M   6        26 140
29  62  54  58   1   7   0 0.29  0.0    0 11.2 17 100   M    M  10 1      22 100
30  66  54  60   4   5   0    T  0.0    0 10.7 22 120   M    M  10 18     28 110
================================================================================
SM 2333 1673        51 112  2.30     0.0 210.7          M      158
================================================================================
AV 77.8 55.8                               7.0 FASTST   M    M   5    MAX(MPH)
                                 MISC ---->  # 30 270               # 39  270
================================================================================
NOTES:
# LAST OF SEVERAL OCCURRENCES

COLUMN 17 PEAK WIND IN M.P.H.

PRELIMINARY LOCAL CLIMATOLOGICAL DATA (WS FORM: F-6) , PAGE 2

                                          STATION:  ROCHESTER NY
                                          MONTH:    SEPTEMBER
                                          YEAR:     2016
                                          LATITUDE:   43  7 N
                                          LONGITUDE:  77 40 W

[TEMPERATURE DATA]      [PRECIPITATION DATA]       SYMBOLS USED IN COLUMN 16

AVERAGE MONTHLY: 66.8   TOTAL FOR MONTH:   2.30    1 = FOG OR MIST
DPTR FM NORMAL:   5.0   DPTR FM NORMAL:   -1.08    2 = FOG REDUCING VISIBILITY
HIGHEST:    92 ON  7    GRTST 24HR  1.69 ON 17-18      TO 1/4 MILE OR LESS
LOWEST:     42 ON 25                               3 = THUNDER
                        SNOW, ICE PELLETS, HAIL    4 = ICE PELLETS
                        TOTAL MONTH:   0.0 INCH    5 = HAIL
                        GRTST 24HR     0.0         6 = FREEZING RAIN OR DRIZZLE
                        GRTST DEPTH:   0           7 = DUSTSTORM OR SANDSTORM:
                                                       VSBY 1/2 MILE OR LESS
                                                   8 = SMOKE OR HAZE
[NO. OF DAYS WITH]      [WEATHER - DAYS WITH]      9 = BLOWING SNOW
                                                   X = TORNADO
MAX 32 OR BELOW:   0    0.01 INCH OR MORE:   8
MAX 90 OR ABOVE:   3    0.10 INCH OR MORE:   4
MIN 32 OR BELOW:   0    0.50 INCH OR MORE:   2
MIN  0 OR BELOW:   0    1.00 INCH OR MORE:   1

[HDD (BASE 65) ]
TOTAL THIS MO.    51    CLEAR  (SCALE 0-3)   9
DPTR FM NORMAL   -96    PTCLDY (SCALE 4-7)  15
TOTAL FM JUL 1    51    CLOUDY (SCALE 8-10)  6
DPTR FM NORMAL  -130

[CDD (BASE 65) ]
TOTAL THIS MO.   112
DPTR FM NORMAL    62    [PRESSURE DATA]
TOTAL FM JAN 1   963    HIGHEST SLP 30.38 ON 29
DPTR FM NORMAL   429    LOWEST  SLP 29.70 ON 10

[REMARKS]
#FINAL-09-16#
