000
CXUS56 KFGZ 240900
CF6RQE
PRELIMINARY LOCAL CLIMATOLOGICAL DATA (WS FORM: F-6)

                                          STATION:   WINDOW ROCK AZ AIRPORT
                                          MONTH:     MAY
                                          YEAR:      2017
                                          LATITUDE:   35 39 N
                                          LONGITUDE: 109  4 W

  TEMPERATURE IN F:       :PCPN:    SNOW:  WIND      :SUNSHINE: SKY     :PK WND
================================================================================
1   2   3   4   5  6A  6B    7    8   9   10  11  12  13   14  15   16   17  18
                                     12Z  AVG MX 2MIN
DY MAX MIN AVG DEP HDD CDD  WTR  SNW DPTH SPD SPD DIR MIN PSBL S-S WX    SPD DR
================================================================================

 1  71  24  48  -2  17   0 0.00    M    M  5.1 20 250   M    M   1        26 260
 2  75  28  52   1  13   0 0.00    M    M  7.8 25 260   M    M   0        35 250
 3  75  32  54   3  11   0 0.00    M    M  5.1 16 310   M    M   0        21 300
 4  80  29  55   4  10   0 0.00  0.0    0  3.5 13 300   M    M   0        18 260
 5  83  32  58   6   7   0 0.00  0.0    0  4.9 22 240   M    M   0        30 250
 6  80  41  61   9   4   0 0.01    M    0  5.4 45 190   M    M   3 8      60 200
 7  75  33  54   2  11   0    T    M    0  7.0 35 200   M    M   1        49 190
 8  72  44  58   6   7   0    T    M    0  6.7 21 190   M    M   3        28 170
 9  61  35  48  -5  17   0 0.14    M    0  6.8 21 220   M    M   4        29  90
10  57  33  45  -8  20   0 0.41    M    0  5.9 20 260   M    M   8 1      26 320
11  68  34  51  -2  14   0 0.00  0.0    0  2.3 15 340   M    M   3 1      20 330
12  77  36  57   3   8   0 0.00  0.0    0  4.9 18 240   M    M   1        24 230
13  78  40  59   5   6   0 0.00  0.0    0 12.0 33 230   M    M   0        46 230
14  73  37  55   1  10   0 0.00  0.0    0  8.6 23 220   M    M   0        31 230
15  74  38  56   1   9   0 0.00  0.0    0 10.2 32 220   M    M   0        45 220
16  60  34  47  -8  18   0    T    M    0  9.9 29 240   M    M   4        40 220
17  66  34  50  -5  15   0 0.09    M    0 13.6 29 230   M    M   5 1      41 230
18  53  34  44 -12  21   0 0.03    M    0  8.6 17 310   M    M   7 1      23 320
19  57  34  46 -10  19   0 0.01    M    0  6.8 20 320   M    M   4        25 290
20  69  26  48  -8  17   0 0.00  0.0    0  3.9 18 260   M    M   0        22 270
21  75  29  52  -4  13   0 0.00  0.0    0  3.3 15 310   M    M   1        21 270
22  73  36  55  -2  10   0 0.00  0.0    0  6.6 20 330   M    M   0        26 300
23  74  33  54  -3  11   0 0.00    M    M  8.0 22 310   M    M   0        32 330
================================================================================
SM 1626  776       288   0  0.69     0.0 156.9          M       45
================================================================================
AV 70.7 33.7                               6.8 FASTST   M    M   2    MAX(MPH)
                                 MISC ---->  # 45 190               # 60  200
================================================================================
NOTES:
# LAST OF SEVERAL OCCURRENCES

COLUMN 17 PEAK WIND IN M.P.H.

PRELIMINARY LOCAL CLIMATOLOGICAL DATA (WS FORM: F-6) , PAGE 2

                                          STATION:  WINDOW ROCK AZ AIRPORT
                                          MONTH:    MAY
                                          YEAR:     2017
                                          LATITUDE:   35 39 N
                                          LONGITUDE: 109  4 W

[TEMPERATURE DATA]      [PRECIPITATION DATA]       SYMBOLS USED IN COLUMN 16

AVERAGE MONTHLY: 52.2   TOTAL FOR MONTH:   0.69    1 = FOG OR MIST
DPTR FM NORMAL:  -1.5   DPTR FM NORMAL:    0.20    2 = FOG REDUCING VISIBILITY
HIGHEST:    83 ON  5    GRTST 24HR  0.41 ON 10-10      TO 1/4 MILE OR LESS
LOWEST:     24 ON  1                               3 = THUNDER
                        SNOW, ICE PELLETS, HAIL    4 = ICE PELLETS
                        TOTAL MONTH:   0.0 INCH    5 = HAIL
                        GRTST 24HR     0.0         6 = FREEZING RAIN OR DRIZZLE
                        GRTST DEPTH:   0           7 = DUSTSTORM OR SANDSTORM:
                                                       VSBY 1/2 MILE OR LESS
                                                   8 = SMOKE OR HAZE
[NO. OF DAYS WITH]      [WEATHER - DAYS WITH]      9 = BLOWING SNOW
                                                   X = TORNADO
MAX 32 OR BELOW:   0    0.01 INCH OR MORE:   6
MAX 90 OR ABOVE:   0    0.10 INCH OR MORE:   2
MIN 32 OR BELOW:   7    0.50 INCH OR MORE:   0
MIN  0 OR BELOW:   0    1.00 INCH OR MORE:   0

[HDD (BASE 65) ]
TOTAL THIS MO.   288    CLEAR  (SCALE 0-3)  15
DPTR FM NORMAL    26    PTCLDY (SCALE 4-7)   7
TOTAL FM JUL 1  5061    CLOUDY (SCALE 8-10)  1
DPTR FM NORMAL -1207

[CDD (BASE 65) ]
TOTAL THIS MO.     0
DPTR FM NORMAL     0    [PRESSURE DATA]
TOTAL FM JAN 1     0    HIGHEST SLP M ON M
DPTR FM NORMAL     0    LOWEST  SLP 29.57 ON  6

[REMARKS]
