000
CXUS53 KARX 261552
CF6RST
PRELIMINARY LOCAL CLIMATOLOGICAL DATA (WS FORM: F-6)

                                          STATION:   ROCHESTER MN
                                          MONTH:     MARCH
                                          YEAR:      2015
                                          LATITUDE:   43 55 N
                                          LONGITUDE:  92 30 W

  TEMPERATURE IN F:       :PCPN:    SNOW:  WIND      :SUNSHINE: SKY     :PK WND
================================================================================
1   2   3   4   5  6A  6B    7    8   9   10  11  12  13   14  15   16   17  18
                                     12Z  AVG MX 2MIN
DY MAX MIN AVG DEP HDD CDD  WTR  SNW DPTH SPD SPD DIR MIN PSBL S-S WX    SPD DR
================================================================================

 1  21   5  13 -13  52   0    T    T    9 14.7 23 300   M    M   3 18     28 290
 2  20   2  11 -15  54   0 0.00  0.0    8  9.2 23 300   M    M   3 1      26 300
 3  29   6  18  -8  47   0 0.04  0.3    8 18.4 29 300   M    M   9 168    37 310
 4  11  -5   3 -24  62   0 0.00  0.0    8 15.5 25 310   M    M   1 8      32 310
 5   9 -12  -1 -28  66   0 0.00  0.0    8  9.5 15 180   M    M   0        18 180
 6  35   2  19  -9  46   0 0.00  0.0    8 14.2 24 190   M    M   1        29 190
 7  39  21  30   2  35   0 0.00  0.0    7 14.1 25 310   M    M   3        31 310
 8  45  27  36   7  29   0 0.00  0.0    6 10.0 18 290   M    M   3        22 290
 9  49  32  41  12  24   0 0.00  0.0    3 12.7 22 210   M    M   1        27 210
10  59  35  47  17  18   0 0.00  0.0    1 12.2 17 190   M    M   0 18     20 190
11  54  32  43  13  22   0 0.00  0.0    0  6.7 15 160   M    M   0        19 170
12  58  37  48  18  17   0 0.00  0.0    0 18.3 26 180   M    M   0 18     33 170
13  62  37  50  19  15   0 0.00  0.0    0 16.1 23 310   M    M   0 18     28 310
14  58  32  45  14  20   0 0.00  0.0    0 11.1 21 330   M    M   0        26 330
15  62  32  47  15  18   0 0.00  0.0    0 16.0 33 230   M    M   0        43 210
16  62  36  49  17  16   0 0.00  0.0    0 16.3 29 350   M    M   1        37 350
17  43  27  35   2  30   0 0.00  0.0    0 13.8 31  10   M    M   0        37  10
18  44  30  37   4  28   0 0.00  0.0    0  3.1 13 130   M    M   4        17 130
19  45  33  39   5  26   0 0.00  0.0    0 11.5 22 190   M    M   9        27 190
20  55  32  44  10  21   0 0.00  0.0    0 11.8 28 340   M    M   3 1      32 340
21  43  28  36   1  29   0 0.00  0.0    0 11.8 23 350   M    M   1        28 350
22  33  27  30  -5  35   0 0.62  7.4    0 11.6 21  70   M    M   8 124    25  70
23  30  26  28  -8  37   0 0.09  0.5    8 10.6 18 110   M    M  10 1      23 100
24  35  18  27  -9  38   0 0.30  2.6    7 14.2 24 130   M    M   6 168    28 160
25  36  28  32  -5  33   0 0.01  0.1   10 19.3 36 290   M    M  10 1      43 290
================================================================================
SM 1037  568       818   0  1.06    10.9 322.7          M       76
================================================================================
AV 41.5 22.7                              12.9 FASTST   M    M   3    MAX(MPH)
                                 MISC ---->  # 36 290               # 43  210
================================================================================
NOTES:
# LAST OF SEVERAL OCCURRENCES

COLUMN 17 PEAK WIND IN M.P.H.

PRELIMINARY LOCAL CLIMATOLOGICAL DATA (WS FORM: F-6) , PAGE 2

                                          STATION:  ROCHESTER MN
                                          MONTH:    MARCH
                                          YEAR:     2015
                                          LATITUDE:   43 55 N
                                          LONGITUDE:  92 30 W

[TEMPERATURE DATA]      [PRECIPITATION DATA]       SYMBOLS USED IN COLUMN 16

AVERAGE MONTHLY: 32.1   TOTAL FOR MONTH:   1.06    1 = FOG OR MIST
DPTR FM NORMAL:   1.1   DPTR FM NORMAL:   -0.36    2 = FOG REDUCING VISIBILITY
HIGHEST:    62 ON 16,15 GRTST 24HR  0.62 ON 22-22      TO 1/4 MILE OR LESS
LOWEST:    -12 ON  5                               3 = THUNDER
                        SNOW, ICE PELLETS, HAIL    4 = ICE PELLETS
                        TOTAL MONTH:  10.9 INCHES  5 = HAIL
                        GRTST 24HR   7.4 ON   M    6 = FREEZING RAIN OR DRIZZLE
                        GRTST DEPTH:  10 ON 25     7 = DUSTSTORM OR SANDSTORM:
                                                       VSBY 1/2 MILE OR LESS
                                                   8 = SMOKE OR HAZE
[NO. OF DAYS WITH]      [WEATHER - DAYS WITH]      9 = BLOWING SNOW
                                                   X = TORNADO
MAX 32 OR BELOW:   6    0.01 INCH OR MORE:   5
MAX 90 OR ABOVE:   0    0.10 INCH OR MORE:   2
MIN 32 OR BELOW:  20    0.50 INCH OR MORE:   1
MIN  0 OR BELOW:   2    1.00 INCH OR MORE:   0

[HDD (BASE 65) ]
TOTAL THIS MO.   818    CLEAR  (SCALE 0-3)  17
DPTR FM NORMAL   -32    PTCLDY (SCALE 4-7)   3
TOTAL FM JUL 1  7113    CLOUDY (SCALE 8-10)  5
DPTR FM NORMAL   402

[CDD (BASE 65) ]
TOTAL THIS MO.     0
DPTR FM NORMAL     0    [PRESSURE DATA]
TOTAL FM JAN 1     0    HIGHEST SLP M ON M
DPTR FM NORMAL     0    LOWEST  SLP 29.68 ON  3

[REMARKS]
