000
CXUS53 KARX 010930
CF6RST
PRELIMINARY LOCAL CLIMATOLOGICAL DATA (WS FORM: F-6)

                                          STATION:   ROCHESTER MN
                                          MONTH:     JUNE
                                          YEAR:      2015
                                          LATITUDE:   43 55 N
                                          LONGITUDE:  92 30 W

  TEMPERATURE IN F:       :PCPN:    SNOW:  WIND      :SUNSHINE: SKY     :PK WND
================================================================================
1   2   3   4   5  6A  6B    7    8   9   10  11  12  13   14  15   16   17  18
                                     12Z  AVG MX 2MIN
DY MAX MIN AVG DEP HDD CDD  WTR  SNW DPTH SPD SPD DIR MIN PSBL S-S WX    SPD DR
================================================================================

 1  67  43  55  -8  10   0 0.00  0.0    0  9.2 16 150   M    M   0        20 140
 2  74  48  61  -3   4   0 0.00  0.0    0 12.4 22 170   M    M   1        28 150
 3  77  58  68   4   0   3 0.06  0.0    0 12.7 28 140   M    M   6 1      32 160
 4  74  57  66   2   0   1 0.00  0.0    0  7.6 15 340   M    M   4 12     18 340
 5  73  57  65   1   0   0 0.00  0.0    0  9.3 16  50   M    M   4 1      20  80
 6  79  55  67   2   0   2 0.13  0.0    0 15.7 25 170   M    M   2 3      32 170
 7  79  62  71   6   0   6 0.67  0.0    0 12.6 29 190   M    M   4 13     36 190
 8  79  59  69   3   0   4 0.00  0.0    0 10.8 21 320   M    M   1        25 320
 9  93  58  76  10   0  11 0.00  0.0    0  8.7 17 320   M    M   1        27 300
10  79  63  71   5   0   6 0.01  0.0    0 10.2 22 350   M    M   0        29 360
11  65  56  61  -5   4   0 1.32  0.0    0 12.8 22  90   M    M  10 1      27 110
12  72  56  64  -3   1   0 0.07  0.0    0 10.8 17  80   M    M   7 1      22  50
13  74  59  67   0   0   2 0.31  0.0    0  5.9 14 210   M    M  10 1      16 210
14  82  65  74   7   0   9 0.00  0.0    0  4.7 13 280   M    M   7 18     17 260
15  73  57  65  -3   0   0 0.23  0.0    0  9.6 23 340   M    M   3 1      27 350
16  75  53  64  -4   1   0 0.00  0.0    0  6.8  9  80   M    M   1         M  M
17  76  60  68   0   0   3 0.00  0.0    0 10.3 17 180   M    M   6 13     22 170
18  77  58  68  -1   0   3 0.00  0.0    0  9.1 17 350   M    M   2 1      23  10
19  78  55  67  -2   0   2 0.00  0.0    0 10.2 18 150   M    M   0        22 140
20  81  60  71   2   0   6 0.14  0.0    0 12.8 29 190   M    M   5 1      34 210
21  85  59  72   3   0   7 0.00  0.0    0  6.2 13 350   M    M   1 1      18 280
22  81  62  72   2   0   7 0.71  0.0    0 16.1 31 220   M    M   2 13     37 220
23  77  55  66  -4   0   1 0.00  0.0    0  8.4 15 340   M    M   0        21 360
24  77  55  66  -4   0   1    T  0.0    0  6.5 14 190   M    M   3        19 160
25  80  61  71   1   0   6 0.00  0.0    0  6.9 16  30   M    M   2 1      23  40
26  76  60  68  -2   0   3 0.00  0.0    0  7.8 18  50   M    M   1 1      21  50
27  82  57  70  -1   0   5 0.00  0.0    0  4.8 10 330   M    M   1 18     14 280
28  76  60  68  -3   0   3 0.57  0.0    0  6.5 17 170   M    M   6 13     22 330
29  81  58  70  -1   0   5 0.24  0.0    0  8.6 21  60   M    M   2 13     27  80
30  74  57  66  -5   0   1 0.00  0.0    0  7.4 15  40   M    M   2 18     22  70
================================================================================
SM 2316 1723        20  97  4.46     0.0 281.4          M       94
================================================================================
AV 77.2 57.4                               9.4 FASTST   M    M   3    MAX(MPH)
                                 MISC ---->  # 31 220               # 37  220
================================================================================
NOTES:
# LAST OF SEVERAL OCCURRENCES

COLUMN 17 PEAK WIND IN M.P.H.

PRELIMINARY LOCAL CLIMATOLOGICAL DATA (WS FORM: F-6) , PAGE 2

                                          STATION:  ROCHESTER MN
                                          MONTH:    JUNE
                                          YEAR:     2015
                                          LATITUDE:   43 55 N
                                          LONGITUDE:  92 30 W

[TEMPERATURE DATA]      [PRECIPITATION DATA]       SYMBOLS USED IN COLUMN 16

AVERAGE MONTHLY: 67.3   TOTAL FOR MONTH:   4.46    1 = FOG OR MIST
DPTR FM NORMAL:  -0.3   DPTR FM NORMAL:   -0.22    2 = FOG REDUCING VISIBILITY
HIGHEST:    93 ON  9    GRTST 24HR  1.39 ON 11-12      TO 1/4 MILE OR LESS
LOWEST:     43 ON  1                               3 = THUNDER
                        SNOW, ICE PELLETS, HAIL    4 = ICE PELLETS
                        TOTAL MONTH:   0.0 INCH    5 = HAIL
                        GRTST 24HR     0.0         6 = FREEZING RAIN OR DRIZZLE
                        GRTST DEPTH:   0           7 = DUSTSTORM OR SANDSTORM:
                                                       VSBY 1/2 MILE OR LESS
                                                   8 = SMOKE OR HAZE
[NO. OF DAYS WITH]      [WEATHER - DAYS WITH]      9 = BLOWING SNOW
                                                   X = TORNADO
MAX 32 OR BELOW:   0    0.01 INCH OR MORE:  12
MAX 90 OR ABOVE:   1    0.10 INCH OR MORE:   9
MIN 32 OR BELOW:   0    0.50 INCH OR MORE:   4
MIN  0 OR BELOW:   0    1.00 INCH OR MORE:   1

[HDD (BASE 65) ]
TOTAL THIS MO.    20    CLEAR  (SCALE 0-3)  19
DPTR FM NORMAL   -32    PTCLDY (SCALE 4-7)   9
TOTAL FM JUL 1  8068    CLOUDY (SCALE 8-10)  2
DPTR FM NORMAL   346

[CDD (BASE 65) ]
TOTAL THIS MO.    97
DPTR FM NORMAL   -33    [PRESSURE DATA]
TOTAL FM JAN 1   113    HIGHEST SLP 30.30 ON  1
DPTR FM NORMAL   -51    LOWEST  SLP 29.56 ON 22

[REMARKS]
#FINAL-06-15#
