000
CXUS54 KTSA 300840
CF6RVS
PRELIMINARY LOCAL CLIMATOLOGICAL DATA (WS FORM: F-6)

                                          STATION:   TULSA-RIVERSIDE  OKLAHOMA
                                          MONTH:     JULY
                                          YEAR:      2015
                                          LATITUDE:   36  2 N
                                          LONGITUDE:  95 59 W

  TEMPERATURE IN F:       :PCPN:    SNOW:  WIND      :SUNSHINE: SKY     :PK WND
================================================================================
1   2   3   4   5  6A  6B    7    8   9   10  11  12  13   14  15   16   17  18
                                     12Z  AVG MX 2MIN
DY MAX MIN AVG DEP HDD CDD  WTR  SNW DPTH SPD SPD DIR MIN PSBL S-S WX    SPD DR
================================================================================

 1  96  76  86   6   0  21 0.00  0.0    0 10.7 21 190   M    M   0        27 180
 2  92  72  82   2   0  17 0.01  0.0    0  5.5 15 190   M    M   1 13     19  30
 3  92  69  81   1   0  16 0.08  0.0    0  4.0 14  20   M    M   2 1      18 350
 4  92  70  81   0   0  16 0.00  0.0    0  4.8 12 190   M    M   2 18     14  70
 5  96  72  84   3   0  19 0.00  0.0    0  9.2 20 180   M    M   2        25 180
 6  93  74  84   3   0  19 0.11  0.0    0  9.7 22 190   M    M   4 13     29 190
 7  79  67  73  -8   0   8 0.97  0.0    0  5.7 15  50   M    M   9 1      18  50
 8  74  67  71 -10   0   6 1.95  0.0    0  2.3  9 200   M    M  10 1      13 160
 9  79  71  75  -6   0  10 1.46  0.0    0  2.8 15 160   M    M   6 138    25 140
10  91  69  80  -2   0  15 0.00  0.0    0  7.0 17 190   M    M   1 1      23 190
11  93  70  82   0   0  17 0.00  0.0    0  8.0 18 180   M    M   0 1      25 210
12  95  73  84   2   0  19 0.00  0.0    0  8.5 18 190   M    M   0        26 180
13  98  75  87   5   0  22 0.00  0.0    0  9.2 18 190   M    M   0        24 180
14  98  75  87   5   0  22 0.00  0.0    0  4.2 14 200   M    M   0        19 170
15  97  75  86   4   0  21 0.00  0.0    0  5.4 15 180   M    M   0        19 170
16  97  73  85   3   0  20 0.00  0.0    0  8.5 18 190   M    M   0        26 180
17  96  78  87   5   0  22 0.00  0.0    0  8.9 17 170   M    M   0        22 180
18  97  72  85   3   0  20 0.00  0.0    0  8.7 18 190   M    M   0        24 200
19  98  74  86   4   0  21 0.00  0.0    0  5.8 15 180   M    M   0        20 180
20  97  74  86   4   0  21 0.93  0.0    0  5.1 17 140   M    M   2 138    24 140
21  82  71  77  -5   0  12 0.39  0.0    0  2.6 12  40   M    M   6 13     17 220
22  90  74  82   0   0  17 0.12  0.0    0  4.9 15 190   M    M   8 13     21 180
23  94  72  83   1   0  18 0.39  0.0    0  3.6 15 220   M    M   2 13     23 230
24  98  74  86   3   0  21 0.00  0.0    0  3.6 12 170   M    M   0 1      14 170
25  97  73  85   2   0  20 0.00  0.0    0  3.2 14 170   M    M   0        19 170
26  96  74  85   2   0  20 0.00  0.0    0  3.8 13 180   M    M   0 1      16 160
27  97  75  86   3   0  21 0.00  0.0    0  4.2 15 170   M    M   0 1      20 170
28  97  75  86   3   0  21 0.00  0.0    0  6.9 18 170   M    M   0        23 200
29  96  71  84   1   0  19 0.00  0.0    0  3.3 14  40   M    M   1 3      17  50
================================================================================
SM 2697 2105         0 521  6.41     0.0 170.1          M       56
================================================================================
AV 93.0 72.6                               5.9 FASTST   M    M   2    MAX(MPH)
                                 MISC ---->  # 22 190               # 29  190
================================================================================
NOTES:
# LAST OF SEVERAL OCCURRENCES

COLUMN 17 PEAK WIND IN M.P.H.

PRELIMINARY LOCAL CLIMATOLOGICAL DATA (WS FORM: F-6) , PAGE 2

                                          STATION:  TULSA-RIVERSIDE  OKLAHOMA
                                          MONTH:    JULY
                                          YEAR:     2015
                                          LATITUDE:   36  2 N
                                          LONGITUDE:  95 59 W

[TEMPERATURE DATA]      [PRECIPITATION DATA]       SYMBOLS USED IN COLUMN 16

AVERAGE MONTHLY: 82.8   TOTAL FOR MONTH:   6.41    1 = FOG OR MIST
DPTR FM NORMAL:   1.0   DPTR FM NORMAL:    3.20    2 = FOG REDUCING VISIBILITY
HIGHEST:    98 ON 24,19 GRTST 24HR  2.82 ON  7- 8      TO 1/4 MILE OR LESS
LOWEST:     67 ON  8, 7                            3 = THUNDER
                        SNOW, ICE PELLETS, HAIL    4 = ICE PELLETS
                        TOTAL MONTH:   0.0 INCH    5 = HAIL
                        GRTST 24HR     0.0         6 = FREEZING RAIN OR DRIZZLE
                        GRTST DEPTH:   0           7 = DUSTSTORM OR SANDSTORM:
                                                       VSBY 1/2 MILE OR LESS
                                                   8 = SMOKE OR HAZE
[NO. OF DAYS WITH]      [WEATHER - DAYS WITH]      9 = BLOWING SNOW
                                                   X = TORNADO
MAX 32 OR BELOW:   0    0.01 INCH OR MORE:  10
MAX 90 OR ABOVE:  25    0.10 INCH OR MORE:   8
MIN 32 OR BELOW:   0    0.50 INCH OR MORE:   4
MIN  0 OR BELOW:   0    1.00 INCH OR MORE:   2

[HDD (BASE 65) ]
TOTAL THIS MO.     0    CLEAR  (SCALE 0-3)  23
DPTR FM NORMAL     0    PTCLDY (SCALE 4-7)   4
TOTAL FM JUL 1     0    CLOUDY (SCALE 8-10)  2
DPTR FM NORMAL     0

[CDD (BASE 65) ]
TOTAL THIS MO.   521
DPTR FM NORMAL    33    [PRESSURE DATA]
TOTAL FM JAN 1  1140    HIGHEST SLP M ON M
DPTR FM NORMAL    92    LOWEST  SLP 29.76 ON 13

[REMARKS]
