000
CXUS53 KMPX 011000
CF6RWF
PRELIMINARY LOCAL CLIMATOLOGICAL DATA (WS FORM: F-6)

                                          STATION:   REDWOOD FALLS MN
                                          MONTH:     SEPTEMBER
                                          YEAR:      2014
                                          LATITUDE:   44 32 N
                                          LONGITUDE:  95  5 W

  TEMPERATURE IN F:       :PCPN:    SNOW:  WIND      :SUNSHINE: SKY     :PK WND
================================================================================
1   2   3   4   5  6A  6B    7    8   9   10  11  12  13   14  15   16   17  18
                                     12Z  AVG MX 2MIN
DY MAX MIN AVG DEP HDD CDD  WTR  SNW DPTH SPD SPD DIR MIN PSBL S-S WX    SPD DR
================================================================================

 1  79  62  71   4   0   6 0.72    M    M  8.6 17 290   M    M   3 13     23 330
 2  80  59  70   3   0   5 0.00    M    M  9.2 17 220   M    M   2        24 240
 3  83  60  72   6   0   7 0.07    M    M 13.1 26 160   M    M   5 13     32 170
 4  82  60  71   5   0   6 0.02    M    M 10.7 18 290   M    M   2 3      24 300
 5  66  52  59  -7   6   0 0.00    M    M  9.0 15 310   M    M   2        22 330
 6  79  50  65   0   0   0 0.00    M    M  9.6 13 280   M    M   1        24 290
 7  78  51  65   0   0   0 0.00    M    M 12.1 18 200   M    M   0        23 200
 8  80  57  69   5   0   4 0.01    M    M 12.5 23 190   M    M   3 3      28 180
 9  70  58  64   0   1   0 0.04    M    M  5.6 14  10   M    M   8 12     21 360
10  61  48  55  -9  10   0 0.07    M    M 11.0 20 340   M    M   9 1      28 340
11  55  44  50 -13  15   0 0.00    M    M  5.5 13 310   M    M   7        16 300
12  56  38  47 -16  18   0 0.00    M    M  5.5 17  10   M    M   6        23  10
13  63  35  49 -13  16   0 0.00    M    M 12.1 25 180   M    M   3 8      32 180
14  64  44  54  -8  11   0 0.03    M    M  7.5 15 300   M    M   4        18 300
15  63  43  53  -9  12   0 0.08    M    M  5.6 15 320   M    M   4 18     20 310
16  70  41  56  -5   9   0 0.00    M    M  8.1 16 220   M    M   3        22 220
17  77  50  64   3   1   0 0.00    M    M  3.8 10 170   M    M   2        12 130
18  77  52  65   5   0   0 0.00    M    M 10.6 21 160   M    M   3 12     25 170
19  84  57  71  11   0   6    T    M    M 12.1 23 190   M    M   4        30 170
20  83  56  70  11   0   5 0.22    M    M 13.6 37 330   M    M   1 138    56 330
21  67  48  58  -1   7   0 0.00    M    M  8.4 16 340   M    M   3        22 320
22  75  42  59   1   6   0 0.00    M    M  5.8 13 160   M    M   0        16 190
23  72  47  60   2   5   0 0.09    M    M 11.8 24 160   M    M   4 1      30 180
24  71  58  65   7   0   0 0.01    M    M 11.2 21 160   M    M   7        26 160
25  83  54  69  12   0   4 0.00    M    M  7.3 16 150   M    M   0 1      24 130
26  84  55  70  13   0   5 0.00    M    M 10.9 23 150   M    M   1 1      28 130
27  83  60  72  16   0   7 0.00    M    M 12.0 24 170   M    M   2        30 160
28  84  55  70  14   0   5    T    M    M  7.5 16 190   M    M   4 1      20 170
29  65  47  56   1   9   0 0.00    M    M  8.1 14  30   M    M   6        20  10
30  62  44  53  -2  12   0    T    M    M 13.7 22 120   M    M   6        30 100
================================================================================
SM 2196 1527       138  60  1.36    M    282.5          M      105
================================================================================
AV 73.2 50.9                               9.4 FASTST   M    M   4    MAX(MPH)
                                 MISC ---->  # 37 330               # 56  330
================================================================================
NOTES:
# LAST OF SEVERAL OCCURRENCES

COLUMN 17 PEAK WIND IN M.P.H.

PRELIMINARY LOCAL CLIMATOLOGICAL DATA (WS FORM: F-6) , PAGE 2

                                          STATION:  REDWOOD FALLS MN
                                          MONTH:    SEPTEMBER
                                          YEAR:     2014
                                          LATITUDE:   44 32 N
                                          LONGITUDE:  95  5 W

[TEMPERATURE DATA]      [PRECIPITATION DATA]       SYMBOLS USED IN COLUMN 16

AVERAGE MONTHLY: 62.0   TOTAL FOR MONTH:   1.36    1 = FOG OR MIST
DPTR FM NORMAL:   0.8   DPTR FM NORMAL:   -1.67    2 = FOG REDUCING VISIBILITY
HIGHEST:    84 ON 28,26 GRTST 24HR  0.90 ON 31- 1      TO 1/4 MILE OR LESS
LOWEST:     35 ON 13                               3 = THUNDER
                        SNOW, ICE PELLETS, HAIL    4 = ICE PELLETS
                        TOTAL MONTH:    M          5 = HAIL
                        GRTST 24HR    M  ON   M    6 = FREEZING RAIN OR DRIZZLE
                        GRTST DEPTH:  M  ON   M    7 = DUSTSTORM OR SANDSTORM:
                                                       VSBY 1/2 MILE OR LESS
                                                   8 = SMOKE OR HAZE
[NO. OF DAYS WITH]      [WEATHER - DAYS WITH]      9 = BLOWING SNOW
                                                   X = TORNADO
MAX 32 OR BELOW:   0    0.01 INCH OR MORE:  11
MAX 90 OR ABOVE:   0    0.10 INCH OR MORE:   2
MIN 32 OR BELOW:   0    0.50 INCH OR MORE:   1
MIN  0 OR BELOW:   0    1.00 INCH OR MORE:   0

[HDD (BASE 65) ]
TOTAL THIS MO.   138    CLEAR  (SCALE 0-3)  16
DPTR FM NORMAL   -32    PTCLDY (SCALE 4-7)  12
TOTAL FM JUL 1   151    CLOUDY (SCALE 8-10)  2
DPTR FM NORMAL   -49

[CDD (BASE 65) ]
TOTAL THIS MO.    60
DPTR FM NORMAL     4    [PRESSURE DATA]
TOTAL FM JAN 1   675    HIGHEST SLP 30.48 ON 12
DPTR FM NORMAL    11    LOWEST  SLP 29.52 ON  4

[REMARKS]
#FINAL-09-14#
