000
CXUS55 KCYS 281000
CF6RWL
PRELIMINARY LOCAL CLIMATOLOGICAL DATA (WS FORM: F-6)

                                          STATION:   RAWLINS WYOMING AIRPORT
                                          MONTH:     DECEMBER
                                          YEAR:      2014
                                          LATITUDE:   41 47 N
                                          LONGITUDE: 107 12 W

  TEMPERATURE IN F:       :PCPN:    SNOW:  WIND      :SUNSHINE: SKY     :PK WND
================================================================================
1   2   3   4   5  6A  6B    7    8   9   10  11  12  13   14  15   16   17  18
                                     12Z  AVG MX 2MIN
DY MAX MIN AVG DEP HDD CDD  WTR  SNW DPTH SPD SPD DIR MIN PSBL S-S WX    SPD DR
================================================================================

 1  38   7  23   0  42   0 0.04    M    M 14.2 33 250   M    M   5 1      44 240
 2  45  31  38  15  27   0 0.00    M    M 20.4 32 240   M    M   1        41 230
 3  44  26  35  12  30   0    T    M    M 12.3 32 240   M    M   5        42 240
 4  46  31  39  16  26   0 0.00    M    M 13.2 21 230   M    M   2        28 230
 5  47  25  36  14  29   0 0.00    M    M  9.4 22 250   M    M   1        27 250
 6  48  25  37  15  28   0    T    M    M 11.2 28 240   M    M   1        35 230
 7  47  31  39  17  26   0 0.00    M    M 12.0 28 270   M    M   1        37 280
 8  48  27  38  16  27   0 0.00    M    M  9.7 20 240   M    M   0        26 240
 9  49  29  39  17  26   0 0.00    M    M  9.1 24 250   M    M   0        30 240
10  50  20  35  14  30   0 0.00    M    M  4.7 17 250   M    M   0        23 280
11  53  20  37  16  28   0 0.00    M    M 15.5 30 210   M    M   0        40 220
12  54  41  48  27  17   0 0.00    M    M 13.1 32 230   M    M   3        45 230
13  49  32  41  20  24   0 0.03    M    M  9.2 22 270   M    M   5 1      25 320
14  32  24  28   7  37   0 0.16    M    M  8.6 17 270   M    M  10 12     23 350
15  25   8  17  -4  48   0 0.01    M    M 10.2 20 250   M    M   7 18     30 240
16  34   2  18  -3  47   0    T    M    M  4.7 17 160   M    M   4        21 170
17  32   9  21   0  44   0 0.00    M    M  5.9 17 240   M    M   0        20 250
18  28  17  23   2  42   0 0.00    M    M 11.5 21 250   M    M   1        26 250
19  31  20  26   5  39   0 0.00    M    M 15.1 25 250   M    M   2        35 240
20  33  25  29   8  36   0    T    M    M 12.7 26 240   M    M   8 18     34 240
21  37  25  31  10  34   0 0.02    M    M 25.6 41 230   M    M   7 1      54 240
22  30  18  24   3  41   0    T    M    M 16.1 29 320   M    M   5 1      37 320
23  25  12  19  -2  46   0 0.00    M    M 12.0 26 310   M    M   1        33 310
24  32  16  24   3  41   0 0.00    M    M 18.2 40 200   M    M   3        53 200
25  30  13  22   1  43   0 0.15    M    M 18.4 38 210   M    M   8 12     49 210
26  15  -7   4 -17  61   0    T    M    M 12.2 25  50   M    M  10 18     29  50
27  16  -6   5 -16  60   0    T    M    M 15.0 36 240   M    M   5 189    48 250
================================================================================
SM 1018  521       979   0  0.41    M    340.2          M       95
================================================================================
AV 37.7 19.3                              12.6 FASTST   M    M   4    MAX(MPH)
                                 MISC ---->  # 41 230               # 54  240
================================================================================
NOTES:
# LAST OF SEVERAL OCCURRENCES

COLUMN 17 PEAK WIND IN M.P.H.

PRELIMINARY LOCAL CLIMATOLOGICAL DATA (WS FORM: F-6) , PAGE 2

                                          STATION:  RAWLINS WYOMING AIRPORT
                                          MONTH:    DECEMBER
                                          YEAR:     2014
                                          LATITUDE:   41 47 N
                                          LONGITUDE: 107 12 W

[TEMPERATURE DATA]      [PRECIPITATION DATA]       SYMBOLS USED IN COLUMN 16

AVERAGE MONTHLY: 28.5   TOTAL FOR MONTH:   0.41    1 = FOG OR MIST
DPTR FM NORMAL:   7.0   DPTR FM NORMAL:    0.04    2 = FOG REDUCING VISIBILITY
HIGHEST:    54 ON 12    GRTST 24HR  0.18 ON 13-14      TO 1/4 MILE OR LESS
LOWEST:     -7 ON 26                               3 = THUNDER
                        SNOW, ICE PELLETS, HAIL    4 = ICE PELLETS
                        TOTAL MONTH:    M          5 = HAIL
                        GRTST 24HR    M  ON   M    6 = FREEZING RAIN OR DRIZZLE
                        GRTST DEPTH:  M  ON   M    7 = DUSTSTORM OR SANDSTORM:
                                                       VSBY 1/2 MILE OR LESS
                                                   8 = SMOKE OR HAZE
[NO. OF DAYS WITH]      [WEATHER - DAYS WITH]      9 = BLOWING SNOW
                                                   X = TORNADO
MAX 32 OR BELOW:  11    0.01 INCH OR MORE:   6
MAX 90 OR ABOVE:   0    0.10 INCH OR MORE:   2
MIN 32 OR BELOW:  26    0.50 INCH OR MORE:   0
MIN  0 OR BELOW:   2    1.00 INCH OR MORE:   0

[HDD (BASE 65) ]
TOTAL THIS MO.   979    CLEAR  (SCALE 0-3)  15
DPTR FM NORMAL  -196    PTCLDY (SCALE 4-7)   9
TOTAL FM JUL 1  2870    CLOUDY (SCALE 8-10)  3
DPTR FM NORMAL  -411

[CDD (BASE 65) ]
TOTAL THIS MO.     0
DPTR FM NORMAL     0    [PRESSURE DATA]
TOTAL FM JAN 1   211    HIGHEST SLP M ON M
DPTR FM NORMAL    25    LOWEST  SLP 29.36 ON 25

[REMARKS]
