000
CXUS56 KSTO 261355
CF6SAC
PRELIMINARY LOCAL CLIMATOLOGICAL DATA (WS FORM: F-6)

                                          STATION:   SACRAMENTO EXEC. AIRPORT CA
                                          MONTH:     AUGUST
                                          YEAR:      2016
                                          LATITUDE:   38 31 N
                                          LONGITUDE: 121 30 W

  TEMPERATURE IN F:       :PCPN:    SNOW:  WIND      :SUNSHINE: SKY     :PK WND
================================================================================
1   2   3   4   5  6A  6B    7    8   9   10  11  12  13   14  15   16   17  18
                                     12Z  AVG MX 2MIN
DY MAX MIN AVG DEP HDD CDD  WTR  SNW DPTH SPD SPD DIR MIN PSBL S-S WX    SPD DR
================================================================================

 1  92  57  75  -1   0  10 0.00  0.0    0  8.2 17 230   M    M   0        22 220
 2  93  56  75   0   0  10 0.00  0.0    0  6.2 12 220   M    M   0        16 230
 3  98  60  79   4   0  14 0.00  0.0    0  5.8 16 210   M    M   0        23 190
 4  82  55  69  -6   0   4 0.00  0.0    0 10.1 14 190   M    M   0        22 200
 5  84  56  70  -5   0   5 0.00  0.0    0  8.1 20 200   M    M   1        27 220
 6  87  55  71  -4   0   6 0.00  0.0    0  7.3 18 230   M    M   0        23 180
 7  90  56  73  -2   0   8 0.00  0.0    0  5.8 13 210   M    M   0        17 230
 8  91  58  75   0   0  10 0.00  0.0    0  6.0 15 200   M    M   0        20 230
 9  94  57  76   1   0  11 0.00  0.0    0  4.8 12 220   M    M   0        17 220
10  91  59  75   0   0  10 0.00  0.0    0  7.5 15 220   M    M   0        19 220
11  93  57  75   0   0  10 0.00  0.0    0  6.9 15 210   M    M   0        18 230
12  97  59  78   3   0  13 0.00  0.0    0  4.6  9 200   M    M   0        14 240
13 100  59  80   5   0  15 0.00  0.0    0  4.9 12 220   M    M   0        16 240
14 101  66  84   9   0  19 0.00  0.0    0  6.7 16 230   M    M   0        19 230
15  92  55  74  -1   0   9 0.00  0.0    0  7.5 13 230   M    M   0        17 230
16  95  56  76   1   0  11 0.00  0.0    0  6.5 13 210   M    M   0        17 210
17  96  58  77   2   0  12 0.00  0.0    0  5.8 14 220   M    M   0        19 220
18  94  59  77   3   0  12 0.00  0.0    0  6.5 15 220   M    M   0        20 210
19  89  61  75   1   0  10 0.00  0.0    0  7.0 14 190   M    M   0        21 200
20  91  60  76   2   0  11 0.00  0.0    0  6.5 15 200   M    M   0        21 180
21  88  57  73  -1   0   8 0.00  0.0    0  8.3 18 220   M    M   0        26 230
22  87  56  72  -2   0   7 0.00  0.0    0  7.0 16 200   M    M   0        22 210
23  85  57  71  -3   0   6 0.00  0.0    0  7.6 13 190   M    M   1        18 210
24  88  54  71  -3   0   6 0.00  0.0    0  5.8 13 230   M    M   0        17 200
25  87  54  71  -3   0   6 0.00  0.0    0  6.8 14 200   M    M   0        19 230
================================================================================
SM 2285 1437         0 243  0.00     0.0 168.2          M        2
================================================================================
AV 91.4 57.5                               6.7 FASTST   M    M   0    MAX(MPH)
                                 MISC ---->  # 20 200               # 27  220
================================================================================
NOTES:
# LAST OF SEVERAL OCCURRENCES

COLUMN 17 PEAK WIND IN M.P.H.

PRELIMINARY LOCAL CLIMATOLOGICAL DATA (WS FORM: F-6) , PAGE 2

                                          STATION:  SACRAMENTO EXEC. AIRPORT CA
                                          MONTH:    AUGUST
                                          YEAR:     2016
                                          LATITUDE:   38 31 N
                                          LONGITUDE: 121 30 W

[TEMPERATURE DATA]      [PRECIPITATION DATA]       SYMBOLS USED IN COLUMN 16

AVERAGE MONTHLY: 74.4   TOTAL FOR MONTH:   0.00    1 = FOG OR MIST
DPTR FM NORMAL:  -0.3   DPTR FM NORMAL:   -0.03    2 = FOG REDUCING VISIBILITY
HIGHEST:   101 ON 14    GRTST 24HR  0.00 ON 25-25      TO 1/4 MILE OR LESS
LOWEST:     54 ON 25,24                            3 = THUNDER
                        SNOW, ICE PELLETS, HAIL    4 = ICE PELLETS
                        TOTAL MONTH:   0.0 INCH    5 = HAIL
                        GRTST 24HR     0.0         6 = FREEZING RAIN OR DRIZZLE
                        GRTST DEPTH:   0           7 = DUSTSTORM OR SANDSTORM:
                                                       VSBY 1/2 MILE OR LESS
                                                   8 = SMOKE OR HAZE
[NO. OF DAYS WITH]      [WEATHER - DAYS WITH]      9 = BLOWING SNOW
                                                   X = TORNADO
MAX 32 OR BELOW:   0    0.01 INCH OR MORE:   0
MAX 90 OR ABOVE:  16    0.10 INCH OR MORE:   0
MIN 32 OR BELOW:   0    0.50 INCH OR MORE:   0
MIN  0 OR BELOW:   0    1.00 INCH OR MORE:   0

[HDD (BASE 65) ]
TOTAL THIS MO.     0    CLEAR  (SCALE 0-3)  25
DPTR FM NORMAL     0    PTCLDY (SCALE 4-7)   0
TOTAL FM JUL 1     0    CLOUDY (SCALE 8-10)  0
DPTR FM NORMAL    -1

[CDD (BASE 65) ]
TOTAL THIS MO.   243
DPTR FM NORMAL     0    [PRESSURE DATA]
TOTAL FM JAN 1  1033    HIGHEST SLP M ON M
DPTR FM NORMAL   166    LOWEST  SLP 29.71 ON 17

[REMARKS]
