000
CXUS55 KTWC 310855
CF6SAD
PRELIMINARY LOCAL CLIMATOLOGICAL DATA (WS FORM: F-6)

                                          STATION:   SAFFORD AZ AIRPORT
                                          MONTH:     JULY
                                          YEAR:      2014
                                          LATITUDE:   32 50 N
                                          LONGITUDE: 109 38 W

  TEMPERATURE IN F:       :PCPN:    SNOW:  WIND      :SUNSHINE: SKY     :PK WND
================================================================================
1   2   3   4   5  6A  6B    7    8   9   10  11  12  13   14  15   16   17  18
                                     12Z  AVG MX 2MIN
DY MAX MIN AVG DEP HDD CDD  WTR  SNW DPTH SPD SPD DIR MIN PSBL S-S WX    SPD DR
================================================================================

 1 108  79  94   8   0  29 0.00  0.0    0 14.3 24 270   M    M   0        32 280
 2 104  81  93   7   0  28 0.00  0.0    0 11.7 36  30   M    M   0 8      46  30
 3 103  78  91   5   0  26    T  0.0    0 10.2 48  60   M    M   2 38     61  60
 4  97  71  84  -2   0  19 0.06  0.0    0  8.5 23 140   M    M   2 3      31 130
 5  97  69  83  -3   0  18 0.50  0.0    0  8.2 31 270   M    M   3 13     38 290
 6  93  68  81  -5   0  16 0.09  0.0    0  7.1 22 220   M    M   3 3      26 210
 7  99  67  83  -3   0  18 0.63  0.0    0  9.6 43  70   M    M   2 138    51  70
 8  98  68  83  -3   0  18 0.17  0.0    0  6.6 24 300   M    M   1 3      30 300
 9  97  69  83  -3   0  18    T  0.0    0  8.7 22 310   M    M   1 8      24 290
10 100  72  86   0   0  21 0.00  0.0    0 11.0 25 290   M    M   0        31 280
11 100  76  88   2   0  23    T  0.0    0  7.7 24  40   M    M   1 3      31  30
12 100  73  87   1   0  22    T  0.0    0  8.3 33 290   M    M   1 3      42 290
13 100  74  87   1   0  22 0.04  0.0    0  9.5 32 140   M    M   1 3      40 150
14  97  72  85  -1   0  20 0.00  0.0    0  9.4 41 310   M    M   M 38     51 310
15  94  71  83  -3   0  18    T  0.0    0  8.1 26 340   M    M   M        30 340
16 100  72  86   0   0  21 0.00  0.0    0 11.7 36  30   M    M   1        48  30
17 100  71  86   0   0  21 0.00  0.0    0 12.9 29 320   M    M   M        38 290
18 100  77  89   3   0  24 0.00  0.0    0 14.3 23 290   M    M   M 3      29 300
19 103  77  90   5   0  25 0.01  0.0    0 13.5 23 310   M    M   0 3      30 300
20 102  75  89   4   0  24 0.00  0.0    0 12.5 25 300   M    M   M        31 300
21 102  78  90   5   0  25 0.00  0.0    0  9.4 21 280   M    M   0        27 290
22 107  74  91   6   0  26    T  0.0    0  7.5 31  40   M    M   1        40  30
23 101  78  90   5   0  25    T  0.0    0 10.6 29 130   M    M   0 3      37 130
24 103  75  89   4   0  24 0.00  0.0    0  9.8 24 150   M    M   0        32 170
25 105  74  90   6   0  25 0.00  0.0    0 10.1 33 310   M    M   0        40 310
26 106  71  89   5   0  24 0.24  0.0    0 13.8 44  90   M    M   0 38     56  90
27 102  69  86   2   0  21 0.45  0.0    0 14.7 32 310   M    M   1 3      37 320
28  94  70  82  -2   0  17    T  0.0    0  4.5 12 130   M    M   1        15 110
29  98  73  86   2   0  21 0.00  0.0    0  4.9 23 270   M    M   0        28 270
30 103  73  88   4   0  23 0.00  0.0    0  7.2 22 280   M    M   0        29 280
================================================================================
SM 3013 2195         0 662  2.19     0.0 296.3          M       21
================================================================================
AV100.4 73.2                               9.9 FASTST   M    M   1    MAX(MPH)
                                 MISC ---->  # 48  60               # 61   60
================================================================================
NOTES:
# LAST OF SEVERAL OCCURRENCES

COLUMN 17 PEAK WIND IN M.P.H.

PRELIMINARY LOCAL CLIMATOLOGICAL DATA (WS FORM: F-6) , PAGE 2

                                          STATION:  SAFFORD AZ AIRPORT
                                          MONTH:    JULY
                                          YEAR:     2014
                                          LATITUDE:   32 50 N
                                          LONGITUDE: 109 38 W

[TEMPERATURE DATA]      [PRECIPITATION DATA]       SYMBOLS USED IN COLUMN 16

AVERAGE MONTHLY: 86.8   TOTAL FOR MONTH:   2.19    1 = FOG OR MIST
DPTR FM NORMAL:   1.4   DPTR FM NORMAL:    0.37    2 = FOG REDUCING VISIBILITY
HIGHEST:   108 ON  1    GRTST 24HR  0.63 ON  7- 7      TO 1/4 MILE OR LESS
LOWEST:     67 ON  7                               3 = THUNDER
                        SNOW, ICE PELLETS, HAIL    4 = ICE PELLETS
                        TOTAL MONTH:   0.0 INCH    5 = HAIL
                        GRTST 24HR     0.0         6 = FREEZING RAIN OR DRIZZLE
                        GRTST DEPTH:   0           7 = DUSTSTORM OR SANDSTORM:
                                                       VSBY 1/2 MILE OR LESS
                                                   8 = SMOKE OR HAZE
[NO. OF DAYS WITH]      [WEATHER - DAYS WITH]      9 = BLOWING SNOW
                                                   X = TORNADO
MAX 32 OR BELOW:   0    0.01 INCH OR MORE:   9
MAX 90 OR ABOVE:  30    0.10 INCH OR MORE:   5
MIN 32 OR BELOW:   0    0.50 INCH OR MORE:   2
MIN  0 OR BELOW:   0    1.00 INCH OR MORE:   0

[HDD (BASE 65) ]
TOTAL THIS MO.     0    CLEAR  (SCALE 0-3)  25
DPTR FM NORMAL     0    PTCLDY (SCALE 4-7)   0
TOTAL FM JUL 1     0    CLOUDY (SCALE 8-10)  0
DPTR FM NORMAL     0

[CDD (BASE 65) ]
TOTAL THIS MO.   662
DPTR FM NORMAL    49    [PRESSURE DATA]
TOTAL FM JAN 1  1645    HIGHEST SLP M ON M
DPTR FM NORMAL   144    LOWEST  SLP 27.37 ON 23

[REMARKS]
