000
CXUS53 KMKX 180646
CF6SBM
PRELIMINARY LOCAL CLIMATOLOGICAL DATA (WS FORM: F-6)

                                          STATION:   SHEBOYGAN WI
                                          MONTH:     JULY
                                          YEAR:      2017
                                          LATITUDE:   43 46 N
                                          LONGITUDE:  87 51 W

  TEMPERATURE IN F:       :PCPN:    SNOW:  WIND      :SUNSHINE: SKY     :PK WND
================================================================================
1   2   3   4   5  6A  6B    7    8   9   10  11  12  13   14  15   16   17  18
                                     12Z  AVG MX 2MIN
DY MAX MIN AVG DEP HDD CDD  WTR  SNW DPTH SPD SPD DIR MIN PSBL S-S WX    SPD DR
================================================================================

 1  76  60  68  -1   0   3 0.08  0.0    0  5.0 13 150   M    M   4 13     17 120
 2  77  55  66  -3   0   1 0.32  0.0    0  5.8 16 250   M    M   4 13     21 240
 3  73  51  62  -7   3   0    T  0.0    0  5.2 13  60   M    M   1 12     18  70
 4  77  52  65  -4   0   0    T  0.0    0  4.9 12 150   M    M   0 1      17 120
 5  82  56  69   0   0   4    T  0.0    0  4.8 13 340   M    M   1 13     18 350
 6  89  63  76   7   0  11 0.00  0.0    0  7.4 20 280   M    M   0 1      27 270
 7  80  61  71   2   0   6 0.20  0.0    0  7.9 18  30   M    M   4 13     24  40
 8  77  55  66  -3   0   1 0.15  0.0    0  6.0 14 250   M    M   1 1      18 240
 9  83  60  72   2   0   7    T  0.0    0  8.3 17 250   M    M   2        22 250
10  79  61  70   0   0   5 0.11    M    M  3.9 20 250   M    M   2 13     25 240
11  82  60  71   1   0   6    T  0.0    0  3.9 13 170   M    M   2 12     17 160
12  85  69  77   7   0  12 0.27  0.0    0  6.5 16 250   M    M   4 13     22 250
13  79  65  72   2   0   7 0.00  0.0    0  5.3 14 340   M    M   7 1      17 350
14  72  58  65  -5   0   0 0.06  0.0    0  6.5 13 350   M    M   8 1      16 350
15  83  58  71   1   0   6 0.01    M    M  8.1 17 250   M    M   1 3      23 220
16  71  50  61  -9   4   0 0.00    M    M  7.6 16  60   M    M   5        21  60
17  74  49  62  -8   3   0 0.00    M    M  4.8 10  30   M    M   0 1      14 160
================================================================================
SM 1339  983        10  69  1.20     0.0 101.9          M       46
================================================================================
AV 78.8 57.8                               6.0 FASTST   M    M   3    MAX(MPH)
                                 MISC ---->  # 20 280               # 27  270
================================================================================
NOTES:
# LAST OF SEVERAL OCCURRENCES

COLUMN 17 PEAK WIND IN M.P.H.

PRELIMINARY LOCAL CLIMATOLOGICAL DATA (WS FORM: F-6) , PAGE 2

                                          STATION:  SHEBOYGAN WI
                                          MONTH:    JULY
                                          YEAR:     2017
                                          LATITUDE:   43 46 N
                                          LONGITUDE:  87 51 W

[TEMPERATURE DATA]      [PRECIPITATION DATA]       SYMBOLS USED IN COLUMN 16

AVERAGE MONTHLY: 68.3   TOTAL FOR MONTH:   1.20    1 = FOG OR MIST
DPTR FM NORMAL:  -1.2   DPTR FM NORMAL:   -0.70    2 = FOG REDUCING VISIBILITY
HIGHEST:    89 ON  6    GRTST 24HR  0.32 ON  2- 2      TO 1/4 MILE OR LESS
LOWEST:     49 ON 17                               3 = THUNDER
                        SNOW, ICE PELLETS, HAIL    4 = ICE PELLETS
                        TOTAL MONTH:   0.0 INCH    5 = HAIL
                        GRTST 24HR     0.0         6 = FREEZING RAIN OR DRIZZLE
                        GRTST DEPTH:   0           7 = DUSTSTORM OR SANDSTORM:
                                                       VSBY 1/2 MILE OR LESS
                                                   8 = SMOKE OR HAZE
[NO. OF DAYS WITH]      [WEATHER - DAYS WITH]      9 = BLOWING SNOW
                                                   X = TORNADO
MAX 32 OR BELOW:   0    0.01 INCH OR MORE:   8
MAX 90 OR ABOVE:   0    0.10 INCH OR MORE:   5
MIN 32 OR BELOW:   0    0.50 INCH OR MORE:   0
MIN  0 OR BELOW:   0    1.00 INCH OR MORE:   0

[HDD (BASE 65) ]
TOTAL THIS MO.    10    CLEAR  (SCALE 0-3)  10
DPTR FM NORMAL    -7    PTCLDY (SCALE 4-7)   7
TOTAL FM JUL 1    10    CLOUDY (SCALE 8-10)  0
DPTR FM NORMAL    -7

[CDD (BASE 65) ]
TOTAL THIS MO.    69
DPTR FM NORMAL   -16    [PRESSURE DATA]
TOTAL FM JAN 1   177    HIGHEST SLP M ON M
DPTR FM NORMAL     3    LOWEST  SLP 29.77 ON M

[REMARKS]
