000
CXUS55 KLOX 231155
CF6SBP
PRELIMINARY LOCAL CLIMATOLOGICAL DATA (WS FORM: F-6)

                                          STATION:   SAN LUIS OBISPO AIRPORT CA
                                          MONTH:     MAY
                                          YEAR:      2015
                                          LATITUDE:   35 13 N
                                          LONGITUDE: 120 38 W

  TEMPERATURE IN F:       :PCPN:    SNOW:  WIND      :SUNSHINE: SKY     :PK WND
================================================================================
1   2   3   4   5  6A  6B    7    8   9   10  11  12  13   14  15   16   17  18
                                     12Z  AVG MX 2MIN
DY MAX MIN AVG DEP HDD CDD  WTR  SNW DPTH SPD SPD DIR MIN PSBL S-S WX    SPD DR
================================================================================

 1  75  51  63   5   2   0 0.00  0.0    M  4.8 10 270   M    M   4 1      15 220
 2  70  48  59   0   6   0 0.00  0.0    0  3.5 12 320   M    M   4 1      17 260
 3  64  48  56  -3   9   0 0.00  0.0    0  5.0 14 230   M    M   5        18 250
 4  67  47  57  -2   8   0 0.00  0.0    0  8.5 22 320   M    M   5        26 320
 5  65  53  59   0   6   0 0.00  0.0    0  7.2 20 320   M    M   9        24 320
 6  63  52  58  -1   7   0 0.00  0.0    0  7.5 22 300   M    M   9        25 300
 7  61  51  56  -3   9   0 0.01  0.0    0  6.4 18 220   M    M  10 8      24 250
 8  64  49  57  -2   8   0 0.00  0.0    0  6.5 16 310   M    M  10         M  M
 9  67  52  60   1   5   0 0.00  0.0    0 10.4 23 310   M    M   6        29 320
10  71  48  60   0   5   0 0.00  0.0    0 11.5 25 310   M    M   3        30 300
11  68  46  57  -3   8   0 0.00  0.0    0  9.4 25 310   M    M   4 1      31 330
12  67  43  55  -5  10   0 0.00  0.0    0  9.1 26 320   M    M   1        33 320
13  65  42  54  -6  11   0 0.00  0.0    0  6.6 21 320   M    M   2        24 320
14  64  46  55  -5  10   0 0.07    M    0  5.7 18 220   M    M   8 1      24 230
15  68  50  59  -1   6   0 0.00  0.0    0  9.4 24 310   M    M   5        30 320
16  70  43  57  -3   8   0 0.00    M    0  9.0 25 320   M    M   2 128    30 310
17  69  54  62   2   3   0 0.00  0.0    0  7.6 23 320   M    M   8        27 320
18  68  50  59  -1   6   0 0.00  0.0    0 10.6 25 300   M    M   6        32 300
19  70  51  61   1   4   0 0.00  0.0    0 11.0 28 310   M    M   6        32 310
20  67  54  61   1   4   0 0.00  0.0    0  8.2 22 320   M    M   9        24 320
21  65  51  58  -3   7   0    T  0.0    0  5.3 18 330   M    M   8 1      22 320
22  72  54  63   2   2   0 0.00  0.0    0  9.5 23 330   M    M   7 1      28 330
================================================================================
SM 1480 1083       144   0  0.08     0.0 172.8          M      131
================================================================================
AV 67.3 49.2                               7.9 FASTST   M    M   6    MAX(MPH)
                                 MISC ---->    28   M               # 33  320
================================================================================
NOTES:
# LAST OF SEVERAL OCCURRENCES

COLUMN 17 PEAK WIND IN M.P.H.

PRELIMINARY LOCAL CLIMATOLOGICAL DATA (WS FORM: F-6) , PAGE 2

                                          STATION:  SAN LUIS OBISPO AIRPORT CA
                                          MONTH:    MAY
                                          YEAR:     2015
                                          LATITUDE:   35 13 N
                                          LONGITUDE: 120 38 W

[TEMPERATURE DATA]      [PRECIPITATION DATA]       SYMBOLS USED IN COLUMN 16

AVERAGE MONTHLY: 58.2   TOTAL FOR MONTH:   0.08    1 = FOG OR MIST
DPTR FM NORMAL:  -1.4   DPTR FM NORMAL:   -0.28    2 = FOG REDUCING VISIBILITY
HIGHEST:    75 ON  1    GRTST 24HR  0.07 ON 14-14      TO 1/4 MILE OR LESS
LOWEST:     42 ON 13                               3 = THUNDER
                        SNOW, ICE PELLETS, HAIL    4 = ICE PELLETS
                        TOTAL MONTH:   0.0 INCH    5 = HAIL
                        GRTST 24HR     0.0         6 = FREEZING RAIN OR DRIZZLE
                        GRTST DEPTH:   0           7 = DUSTSTORM OR SANDSTORM:
                                                       VSBY 1/2 MILE OR LESS
                                                   8 = SMOKE OR HAZE
[NO. OF DAYS WITH]      [WEATHER - DAYS WITH]      9 = BLOWING SNOW
                                                   X = TORNADO
MAX 32 OR BELOW:   0    0.01 INCH OR MORE:   2
MAX 90 OR ABOVE:   0    0.10 INCH OR MORE:   0
MIN 32 OR BELOW:   0    0.50 INCH OR MORE:   0
MIN  0 OR BELOW:   0    1.00 INCH OR MORE:   0

[HDD (BASE 65) ]
TOTAL THIS MO.   144    CLEAR  (SCALE 0-3)   3
DPTR FM NORMAL    18    PTCLDY (SCALE 4-7)  12
TOTAL FM JUL 1  1348    CLOUDY (SCALE 8-10)  7
DPTR FM NORMAL  -918

[CDD (BASE 65) ]
TOTAL THIS MO.     0
DPTR FM NORMAL    -5    [PRESSURE DATA]
TOTAL FM JAN 1    24    HIGHEST SLP M ON M
DPTR FM NORMAL     9    LOWEST  SLP 29.75 ON M

[REMARKS]
