000
CXUS55 KLOX 191155
CF6SBP
PRELIMINARY LOCAL CLIMATOLOGICAL DATA (WS FORM: F-6)

                                          STATION:   SAN LUIS OBISPO AIRPORT CA
                                          MONTH:     AUGUST
                                          YEAR:      2017
                                          LATITUDE:   35 13 N
                                          LONGITUDE: 120 38 W

  TEMPERATURE IN F:       :PCPN:    SNOW:  WIND      :SUNSHINE: SKY     :PK WND
================================================================================
1   2   3   4   5  6A  6B    7    8   9   10  11  12  13   14  15   16   17  18
                                     12Z  AVG MX 2MIN
DY MAX MIN AVG DEP HDD CDD  WTR  SNW DPTH SPD SPD DIR MIN PSBL S-S WX    SPD DR
================================================================================

 1  81  56  69   3   0   4 0.00  0.0    0  7.6 20 300   M    M   4 1      24 300
 2  84  60  72   6   0   7    T  0.0    0  4.2 17 300   M    M   4 38     23 320
 3  88  65  77  11   0  12    T  0.0    0  3.9 15 310   M    M   2        18 320
 4  90  61  76  10   0  11 0.00  0.0    0  6.3 21 320   M    M   0        22 320
 5  82  59  71   5   0   6 0.00  0.0    0  7.9 22 310   M    M   6 1      24 310
 6  77  59  68   2   0   3 0.00  0.0    0 10.7 20 310   M    M   6 1      27 350
 7  79  58  69   2   0   4 0.00  0.0    0  9.6 21 300   M    M   4 18     24 310
 8  77  57  67   0   0   2 0.00  0.0    0 10.4 20 300   M    M   4         M  M
 9  78  58  68   1   0   3 0.00  0.0    0  9.1 21 300   M    M   4        26 310
10  79  58  69   2   0   4 0.00  0.0    0  7.7 20 310   M    M   5        24 320
11  80  56  68   1   0   3 0.00  0.0    0  5.9 20 310   M    M   4 1      23 310
12  83  55  69   2   0   4 0.00  0.0    M  7.0 18 310   M    M   4 1      21 340
13  79  56  68   1   0   3 0.00  0.0    0  7.0 20 310   M    M   6 1      22 320
14  76  56  66  -1   0   1 0.00  0.0    0  8.0 24 310   M    M   7 1      28 330
15  70  58  64  -3   1   0 0.00  0.0    0  7.2 16 310   M    M   8        20 320
16  76  57  67   0   0   2 0.00  0.0    0  5.9 17 310   M    M   4        20 300
17  78  58  68   1   0   3 0.00  0.0    0  6.9 16 310   M    M   3        20 230
18  78  57  68   1   0   3 0.00  0.0    0  6.9 15 310   M    M   1        19 300
================================================================================
SM 1435 1044         1  75    T      0.0 132.1          M       76
================================================================================
AV 79.7 58.0                               7.3 FASTST   M    M   4    MAX(MPH)
                                 MISC ---->  # 24 310               # 28  330
================================================================================
NOTES:
# LAST OF SEVERAL OCCURRENCES

COLUMN 17 PEAK WIND IN M.P.H.

PRELIMINARY LOCAL CLIMATOLOGICAL DATA (WS FORM: F-6) , PAGE 2

                                          STATION:  SAN LUIS OBISPO AIRPORT CA
                                          MONTH:    AUGUST
                                          YEAR:     2017
                                          LATITUDE:   35 13 N
                                          LONGITUDE: 120 38 W

[TEMPERATURE DATA]      [PRECIPITATION DATA]       SYMBOLS USED IN COLUMN 16

AVERAGE MONTHLY: 68.9   TOTAL FOR MONTH:      T    1 = FOG OR MIST
DPTR FM NORMAL:   2.2   DPTR FM NORMAL:   -0.01    2 = FOG REDUCING VISIBILITY
HIGHEST:    90 ON  4    GRTST 24HR    T  ON  3- 3      TO 1/4 MILE OR LESS
LOWEST:     55 ON 12                               3 = THUNDER
                        SNOW, ICE PELLETS, HAIL    4 = ICE PELLETS
                        TOTAL MONTH:   0.0 INCH    5 = HAIL
                        GRTST 24HR     0.0         6 = FREEZING RAIN OR DRIZZLE
                        GRTST DEPTH:   0           7 = DUSTSTORM OR SANDSTORM:
                                                       VSBY 1/2 MILE OR LESS
                                                   8 = SMOKE OR HAZE
[NO. OF DAYS WITH]      [WEATHER - DAYS WITH]      9 = BLOWING SNOW
                                                   X = TORNADO
MAX 32 OR BELOW:   0    0.01 INCH OR MORE:   0
MAX 90 OR ABOVE:   1    0.10 INCH OR MORE:   0
MIN 32 OR BELOW:   0    0.50 INCH OR MORE:   0
MIN  0 OR BELOW:   0    1.00 INCH OR MORE:   0

[HDD (BASE 65) ]
TOTAL THIS MO.     1    CLEAR  (SCALE 0-3)   4
DPTR FM NORMAL     0    PTCLDY (SCALE 4-7)  14
TOTAL FM JUL 1     7    CLOUDY (SCALE 8-10)  0
DPTR FM NORMAL   -26

[CDD (BASE 65) ]
TOTAL THIS MO.    75
DPTR FM NORMAL    39    [PRESSURE DATA]
TOTAL FM JAN 1   328    HIGHEST SLP M ON M
DPTR FM NORMAL   199    LOWEST  SLP 29.75 ON 11

[REMARKS]
