000
CXUS56 KMTR 291000
CF6SFD
PRELIMINARY LOCAL CLIMATOLOGICAL DATA (WS FORM: F-6)

                                          STATION:   SAN FRANCISCO DWTN CA
                                          MONTH:     JULY
                                          YEAR:      2015
                                          LATITUDE:   37 46 N
                                          LONGITUDE: 122 26 W

  TEMPERATURE IN F:       :PCPN:    SNOW:  WIND      :SUNSHINE: SKY     :PK WND
================================================================================
1   2   3   4   5  6A  6B    7    8   9   10  11  12  13   14  15   16   17  18
                                     12Z  AVG MX 2MIN
DY MAX MIN AVG DEP HDD CDD  WTR  SNW DPTH SPD SPD DIR MIN PSBL S-S WX    SPD DR
================================================================================

 1  68  55  62   2   3   0 0.00    M    0   M   M   M   M    M   M         M  M
 2  66  57  62   2   3   0 0.00    M    0   M   M   M   M    M   M         M  M
 3  68  58  63   3   2   0 0.00    M    0   M   M   M   M    M   M         M  M
 4  66  58  62   2   3   0 0.00  0.0    0   M   M   M   M    M   M         M  M
 5  69  59  64   4   1   0 0.01  0.0    0   M   M   M   M    M   M         M  M
 6  69  59  64   4   1   0 0.00    M    0   M   M   M   M    M   M         M  M
 7  69  60  65   5   0   0 0.01    M    0   M   M   M   M    M   M         M  M
 8  65  58  62   2   3   0 0.00    M    0   M   M   M   M    M   M         M  M
 9  64  58  61   1   4   0 0.07    M    0   M   M   M   M    M   M         M  M
10  70  60  65   5   0   0 0.00    M    0   M   M   M   M    M   M         M  M
11  69  60  65   5   0   0 0.00    M    0   M   M   M   M    M   M         M  M
12  71  61  66   6   0   1 0.00  0.0    0   M   M   M   M    M   M         M  M
13  69  60  65   5   0   0 0.00  0.0    0   M   M   M   M    M   M         M  M
14  66  57  62   2   3   0 0.00    M    0   M   M   M   M    M   M         M  M
15  73  59  66   6   0   1 0.00  0.0    0   M   M   M   M    M   M         M  M
16  70  59  65   5   0   0 0.00  0.0    0   M   M   M   M    M   M         M  M
17  68  59  64   4   1   0 0.00  0.0    0   M   M   M   M    M   M         M  M
18  71  60  66   6   0   1 0.00  0.0    0   M   M   M   M    M   M         M  M
19  86  62  74  14   0   9 0.00  0.0    0   M   M   M   M    M   M         M  M
20  72  61  67   7   0   2 0.00    M    0   M   M   M   M    M   M         M  M
21  64  59  62   2   3   0 0.00    M    0   M   M   M   M    M   M         M  M
22  64  59  62   2   3   0 0.00    M    0   M   M   M   M    M   M         M  M
23  66  59  63   3   2   0 0.00    M    0   M   M   M   M    M   M         M  M
24  68  57  63   3   2   0 0.00    M    0   M   M   M   M    M   M         M  M
25  65  58  62   2   3   0 0.00  0.0    0   M   M   M   M    M   M         M  M
26  66  58  62   2   3   0 0.00    M    0   M   M   M   M    M   M         M  M
27  74  57  66   5   0   1 0.00    M    0   M   M   M   M    M   M         M  M
28  80  57  69   8   0   4 0.00  0.0    0   M   M   M   M    M   M         M  M
================================================================================
SM 1936 1644        40  19  0.09     0.0     M          M        M
================================================================================
AV 69.1 58.7                                 M FASTST   M    M -nan   MAX(MPH)
                                 MISC ---->     M   M                  M    M
================================================================================
NOTES:
# LAST OF SEVERAL OCCURRENCES

COLUMN 17 PEAK WIND IN M.P.H.

PRELIMINARY LOCAL CLIMATOLOGICAL DATA (WS FORM: F-6) , PAGE 2

                                          STATION:  SAN FRANCISCO DWTN CA
                                          MONTH:    JULY
                                          YEAR:     2015
                                          LATITUDE:   37 46 N
                                          LONGITUDE: 122 26 W

[TEMPERATURE DATA]      [PRECIPITATION DATA]       SYMBOLS USED IN COLUMN 16

AVERAGE MONTHLY: 63.9   TOTAL FOR MONTH:   0.09    1 = FOG OR MIST
DPTR FM NORMAL:   3.7   DPTR FM NORMAL:    0.09    2 = FOG REDUCING VISIBILITY
HIGHEST:    86 ON 19    GRTST 24HR  0.07 ON  9- 9      TO 1/4 MILE OR LESS
LOWEST:     55 ON  1                               3 = THUNDER
                        SNOW, ICE PELLETS, HAIL    4 = ICE PELLETS
                        TOTAL MONTH:   0.0 INCH    5 = HAIL
                        GRTST 24HR     0.0         6 = FREEZING RAIN OR DRIZZLE
                        GRTST DEPTH:   0           7 = DUSTSTORM OR SANDSTORM:
                                                       VSBY 1/2 MILE OR LESS
                                                   8 = SMOKE OR HAZE
[NO. OF DAYS WITH]      [WEATHER - DAYS WITH]      9 = BLOWING SNOW
                                                   X = TORNADO
MAX 32 OR BELOW:   0    0.01 INCH OR MORE:   3
MAX 90 OR ABOVE:   0    0.10 INCH OR MORE:   0
MIN 32 OR BELOW:   0    0.50 INCH OR MORE:   0
MIN  0 OR BELOW:   0    1.00 INCH OR MORE:   0

[HDD (BASE 65) ]
TOTAL THIS MO.    40    CLEAR  (SCALE 0-3)   0
DPTR FM NORMAL     M    PTCLDY (SCALE 4-7)   0
TOTAL FM JUL 1    40    CLOUDY (SCALE 8-10)  0
DPTR FM NORMAL     M

[CDD (BASE 65) ]
TOTAL THIS MO.    19
DPTR FM NORMAL    19    [PRESSURE DATA]
TOTAL FM JAN 1    35    HIGHEST SLP M ON M
DPTR FM NORMAL    35    LOWEST  SLP M ON M

[REMARKS]
