000
CXUS56 KOTX 291500
CF6SFF
PRELIMINARY LOCAL CLIMATOLOGICAL DATA (WS FORM: F-6)

                                          STATION:   SPOKANE WA FELTS AIRPORT
                                          MONTH:     AUGUST
                                          YEAR:      2015
                                          LATITUDE:   47 40 N
                                          LONGITUDE: 117 20 W

  TEMPERATURE IN F:       :PCPN:    SNOW:  WIND      :SUNSHINE: SKY     :PK WND
================================================================================
1   2   3   4   5  6A  6B    7    8   9   10  11  12  13   14  15   16   17  18
                                     12Z  AVG MX 2MIN
DY MAX MIN AVG DEP HDD CDD  WTR  SNW DPTH SPD SPD DIR MIN PSBL S-S WX    SPD DR
================================================================================

 1 102  58  80   8   0  15 0.00    M    M  3.7 16 240   M    M   1 8      21 240
 2 101  57  79   7   0  14 0.00    M    M  3.0 13 240   M    M   3 8      16 220
 3  93  60  77   5   0  12 0.00    M    M  5.0 22 220   M    M   2 8      29 220
 4  89  66  78   7   0  13 0.00    M    M  7.6 22 210   M    M   0 8      28 200
 5  84  61  73   2   0   8    T    M    M 10.6 23 220   M    M   1        29 210
 6  79  56  68  -3   0   3 0.00    M    M  5.9 15 220   M    M   4 8      20 190
 7  85  50  68  -3   0   3 0.00    M    M  2.9 10 220   M    M   0        16 360
 8  89  52  71   0   0   6 0.00    M    M  4.0 15 210   M    M   0 8      19 240
 9  84  61  73   2   0   8 0.02    M    M  3.7 15 200   M    M   3        18 180
10  93  60  77   6   0  12    T    M    M  2.8 28 230   M    M   1 38     37 220
11 100  58  79   8   0  14 0.00    M    M  2.1 10  80   M    M   1 8      17  50
12 101  63  82  12   0  17 0.00    M    M  2.5 15 190   M    M   0 8      17 200
13 103  65  84  14   0  19 0.00    M    M  2.1  7  30   M    M   0 8      10  70
14  93  64  79   9   0  14 0.00    M    M 12.3 26 220   M    M   4 8      34 220
15  77  56  67  -3   0   2 0.00    M    M  7.4 20 220   M    M   3 8      24 220
16  82  50  66  -4   0   1 0.00    M    M  2.7 10 250   M    M   0        15 240
17  86  58  72   3   0   7 0.00    M    M  2.8 10 240   M    M   1 8      15 290
18  89  54  72   3   0   7 0.00    M    M  2.6 13 350   M    M   0 8      16 290
19  93  54  74   5   0   9 0.00    M    M  3.5 13 220   M    M   4 8      18 260
20  89  64  77   8   0  12 0.00    M    M  8.2 20 220   M    M   1 8      25 230
21  76  54  65  -3   0   0 0.00    M    M  8.0 23 220   M    M   6 8      31 230
22  80  46  63  -5   2   0 0.00    M    M  2.4 12 130   M    M   0 8      16 130
23  88  46  67  -1   0   2 0.00    M    M  1.9  9 110   M    M   2 8      12  90
24  89  53  71   3   0   6 0.00    M    M  4.9 18 210   M    M   2 8      25 210
25  89  61  75   7   0  10    T    M    M  2.2 15 340   M    M   0 8      19 340
26  95  55  75   8   0  10 0.00    M    M  2.9  9 350   M    M   1 8      12 360
27  90  58  74   7   0   9 0.00    M    M  4.6 18 220   M    M   1 8      23 230
28  83  62  73   6   0   8 0.00    M    M  4.1 13 220   M    M   2 8      17 210
================================================================================
SM 2502 1602         2 241  0.02    M    126.4          M       43
================================================================================
AV 89.4 57.2                               4.5 FASTST   M    M   2    MAX(MPH)
                                 MISC ---->  # 28 230               # 37  220
================================================================================
NOTES:
# LAST OF SEVERAL OCCURRENCES

COLUMN 17 PEAK WIND IN M.P.H.

PRELIMINARY LOCAL CLIMATOLOGICAL DATA (WS FORM: F-6) , PAGE 2

                                          STATION:  SPOKANE WA FELTS AIRPORT
                                          MONTH:    AUGUST
                                          YEAR:     2015
                                          LATITUDE:   47 40 N
                                          LONGITUDE: 117 20 W

[TEMPERATURE DATA]      [PRECIPITATION DATA]       SYMBOLS USED IN COLUMN 16

AVERAGE MONTHLY: 73.3   TOTAL FOR MONTH:   0.02    1 = FOG OR MIST
DPTR FM NORMAL:   3.6   DPTR FM NORMAL:   -0.59    2 = FOG REDUCING VISIBILITY
HIGHEST:   103 ON 13    GRTST 24HR  0.02 ON  9- 9      TO 1/4 MILE OR LESS
LOWEST:     46 ON 23,22                            3 = THUNDER
                        SNOW, ICE PELLETS, HAIL    4 = ICE PELLETS
                        TOTAL MONTH:    M          5 = HAIL
                        GRTST 24HR    M  ON   M    6 = FREEZING RAIN OR DRIZZLE
                        GRTST DEPTH:  M  ON   M    7 = DUSTSTORM OR SANDSTORM:
                                                       VSBY 1/2 MILE OR LESS
                                                   8 = SMOKE OR HAZE
[NO. OF DAYS WITH]      [WEATHER - DAYS WITH]      9 = BLOWING SNOW
                                                   X = TORNADO
MAX 32 OR BELOW:   0    0.01 INCH OR MORE:   1
MAX 90 OR ABOVE:  11    0.10 INCH OR MORE:   0
MIN 32 OR BELOW:   0    0.50 INCH OR MORE:   0
MIN  0 OR BELOW:   0    1.00 INCH OR MORE:   0

[HDD (BASE 65) ]
TOTAL THIS MO.     2    CLEAR  (SCALE 0-3)  24
DPTR FM NORMAL   -14    PTCLDY (SCALE 4-7)   4
TOTAL FM JUL 1     2    CLOUDY (SCALE 8-10)  0
DPTR FM NORMAL   -35

[CDD (BASE 65) ]
TOTAL THIS MO.   241
DPTR FM NORMAL    92    [PRESSURE DATA]
TOTAL FM JAN 1   817    HIGHEST SLP M ON M
DPTR FM NORMAL   450    LOWEST  SLP  0.00 ON M

[REMARKS]
