974
CXUS56 KMTR 281000
CF6SFO
PRELIMINARY LOCAL CLIMATOLOGICAL DATA (WS FORM: F-6)

                                          STATION:   SAN FRANCISCO AIRPORT
                                          MONTH:     APRIL
                                          YEAR:      2016
                                          LATITUDE:   37 37 N
                                          LONGITUDE: 122 23 W

  TEMPERATURE IN F:       :PCPN:    SNOW:  WIND      :SUNSHINE: SKY     :PK WND
================================================================================
1   2   3   4   5  6A  6B    7    8   9   10  11  12  13   14  15   16   17  18
                                     12Z  AVG MX 2MIN
DY MAX MIN AVG DEP HDD CDD  WTR  SNW DPTH SPD SPD DIR MIN PSBL S-S WX    SPD DR
================================================================================

 1  62  53  58   2   7   0 0.00  0.0    0 14.1 21 260   M    M   5        26 270
 2  67  52  60   4   5   0 0.00  0.0    0 10.4 28 280   M    M   7        31 280
 3  62  51  57   1   8   0 0.00  0.0    0 11.9 23 280   M    M   7        30 290
 4  66  52  59   3   6   0 0.00  0.0    0 16.7 25 280   M    M   4 1      29 270
 5  79  50  65   9   0   0 0.00  0.0    0  6.3 23 280   M    M   2        26 290
 6  86  56  71  15   0   6 0.00  0.0    0  2.8  9 120   M    M   4        10 110
 7  73  60  67  11   0   2 0.00  0.0    0  8.3 20 220   M    M   7        26 220
 8  67  59  63   7   2   0 0.31  0.0    0  7.5 16 290   M    M   9 1      18 300
 9  65  57  61   5   4   0 0.20  0.0    0  6.5 15 270   M    M  10 18     17 290
10  58  55  57   1   8   0 0.09  0.0    0  8.8 15 270   M    M  10        19 250
11  64  54  59   3   6   0 0.00  0.0    0  6.8 15 270   M    M   8 8      18 230
12  61  54  58   1   7   0 0.00  0.0    0 17.9 32 270   M    M   8        38 280
13  64  53  59   2   6   0    T  0.0    0 14.6 28 270   M    M   5        33 270
14  63  50  57   0   8   0 0.03  0.0    0 18.9 33 280   M    M   4        40 270
15  66  49  58   1   7   0 0.00  0.0    0 13.4 32 280   M    M   1        37 280
16  79  51  65   8   0   0 0.00  0.0    0  7.0 21 280   M    M   2        23 270
17  83  54  69  12   0   4 0.00  0.0    0  5.1 16 200   M    M   2        17 200
18  82  56  69  12   0   4 0.00  0.0    0  7.4 24 270   M    M   4        26 280
19  80  57  69  12   0   4 0.00  0.0    0  7.5 23 270   M    M   6        29 280
20  75  52  64   7   1   0 0.00  0.0    0  6.7 20 320   M    M   5        23 320
21  70  60  65   8   0   0 0.00  0.0    0 10.7 24 210   M    M   8        30 230
22  62  53  58   0   7   0 0.15  0.0    0 15.9 29 220   M    M   8 18     37 250
23  63  51  57  -1   8   0 0.00  0.0    0 15.0 30 280   M    M   4        35 280
24  64  50  57  -1   8   0 0.00  0.0    0 24.9 48 280   M    M   5        58 280
25  63  47  55  -3  10   0 0.00  0.0    0 19.9 37 270   M    M   1        43 270
26  62  47  55  -3  10   0 0.00  0.0    0 16.5 37 270   M    M   5        44 260
27  60  49  55  -3  10   0 0.04  0.0    0 19.2 39 270   M    M   6 1      48 280
================================================================================
SM 1846 1432       128  20  0.82     0.0 320.7          M      147
================================================================================
AV 68.4 53.0                              11.9 FASTST   M    M   5    MAX(MPH)
                                 MISC ---->  # 48 280               # 58  280
================================================================================
NOTES:
# LAST OF SEVERAL OCCURRENCES

COLUMN 17 PEAK WIND IN M.P.H.

PRELIMINARY LOCAL CLIMATOLOGICAL DATA (WS FORM: F-6) , PAGE 2

                                          STATION:  SAN FRANCISCO AIRPORT
                                          MONTH:    APRIL
                                          YEAR:     2016
                                          LATITUDE:   37 37 N
                                          LONGITUDE: 122 23 W

[TEMPERATURE DATA]      [PRECIPITATION DATA]       SYMBOLS USED IN COLUMN 16

AVERAGE MONTHLY: 60.7   TOTAL FOR MONTH:   0.82    1 = FOG OR MIST
DPTR FM NORMAL:   3.9   DPTR FM NORMAL:   -0.39    2 = FOG REDUCING VISIBILITY
HIGHEST:    86 ON  6    GRTST 24HR  0.48 ON  8- 9      TO 1/4 MILE OR LESS
LOWEST:     47 ON 26,25                            3 = THUNDER
                        SNOW, ICE PELLETS, HAIL    4 = ICE PELLETS
                        TOTAL MONTH:   0.0 INCH    5 = HAIL
                        GRTST 24HR     0.0         6 = FREEZING RAIN OR DRIZZLE
                        GRTST DEPTH:   0           7 = DUSTSTORM OR SANDSTORM:
                                                       VSBY 1/2 MILE OR LESS
                                                   8 = SMOKE OR HAZE
[NO. OF DAYS WITH]      [WEATHER - DAYS WITH]      9 = BLOWING SNOW
                                                   X = TORNADO
MAX 32 OR BELOW:   0    0.01 INCH OR MORE:   6
MAX 90 OR ABOVE:   0    0.10 INCH OR MORE:   3
MIN 32 OR BELOW:   0    0.50 INCH OR MORE:   0
MIN  0 OR BELOW:   0    1.00 INCH OR MORE:   0

[HDD (BASE 65) ]
TOTAL THIS MO.   128    CLEAR  (SCALE 0-3)   5
DPTR FM NORMAL   -98    PTCLDY (SCALE 4-7)  18
TOTAL FM JUL 1  1743    CLOUDY (SCALE 8-10)  4
DPTR FM NORMAL  -603

[CDD (BASE 65) ]
TOTAL THIS MO.    20
DPTR FM NORMAL    20    [PRESSURE DATA]
TOTAL FM JAN 1    20    HIGHEST SLP 30.03 ON 19
DPTR FM NORMAL    19    LOWEST  SLP 29.81 ON 22

[REMARKS]
