477
CXUS56 KMTR 201000
CF6SFO
PRELIMINARY LOCAL CLIMATOLOGICAL DATA (WS FORM: F-6)

                                          STATION:   SAN FRANCISCO AIRPORT
                                          MONTH:     FEBRUARY
                                          YEAR:      2018
                                          LATITUDE:   37 37 N
                                          LONGITUDE: 122 23 W

  TEMPERATURE IN F:       :PCPN:    SNOW:  WIND      :SUNSHINE: SKY     :PK WND
================================================================================
1   2   3   4   5  6A  6B    7    8   9   10  11  12  13   14  15   16   17  18
                                     12Z  AVG MX 2MIN
DY MAX MIN AVG DEP HDD CDD  WTR  SNW DPTH SPD SPD DIR MIN PSBL S-S WX    SPD DR
================================================================================

 1  73  51  62  10   3   0 0.00  0.0    0  4.4 13  40   M    M   5        15  30
 2  73  51  62  10   3   0 0.00  0.0    0  2.8 15 260   M    M   5        16 250
 3  76  50  63  11   2   0 0.00  0.0    0  4.6 16  80   M    M   1        20  70
 4  75  51  63  11   2   0 0.00  0.0    0  3.7 16 280   M    M   3        22 300
 5  72  53  63  11   2   0 0.00  0.0    0  6.3 23 270   M    M   2        27 260
 6  75  52  64  12   1   0 0.00  0.0    0  2.4  8 280   M    M   1        12 150
 7  72  51  62  10   3   0 0.00  0.0    0  2.3 12  60   M    M   0 8      13  50
 8  74  51  63  11   2   0 0.00  0.0    0  4.3 14 280   M    M   1 18     17 300
 9  74  51  63  11   2   0 0.00  0.0    0  8.1 23 280   M    M   3        27 290
10  65  53  59   7   6   0 0.00  0.0    0 14.0 24 280   M    M   3        29 300
11  63  44  54   1  11   0 0.00  0.0    0 13.3 33 270   M    M   4        40 270
12  59  47  53   0  12   0 0.00  0.0    0 10.9 21 280   M    M   2        23 280
13  63  49  56   3   9   0 0.00  0.0    0  7.8 20 360   M    M   1        23 360
14  60  45  53   0  12   0 0.00  0.0    0  9.6 24 280   M    M   5        34 260
15  64  44  54   1  11   0 0.00  0.0    0  7.5 18 280   M    M   1        22 270
16  65  42  54   1  11   0 0.00  0.0    0  5.5 21 270   M    M   1        24 280
17  67  45  56   3   9   0 0.00  0.0    0  8.5 24 270   M    M   2        32 290
18  58  45  52  -1  13   0 0.02    M    0 21.1 37 270   M    M   5 1      41 270
19  53  43  48  -5  17   0 0.00  0.0    0 15.6 30 290   M    M   4        36 280
================================================================================
SM 1281  918       131   0  0.02     0.0 152.7          M       49
================================================================================
AV 67.4 48.3                               8.0 FASTST   M    M   3    MAX(MPH)
                                 MISC ---->  # 37 270               # 41  270
================================================================================
NOTES:
# LAST OF SEVERAL OCCURRENCES

COLUMN 17 PEAK WIND IN M.P.H.

PRELIMINARY LOCAL CLIMATOLOGICAL DATA (WS FORM: F-6) , PAGE 2

                                          STATION:  SAN FRANCISCO AIRPORT
                                          MONTH:    FEBRUARY
                                          YEAR:     2018
                                          LATITUDE:   37 37 N
                                          LONGITUDE: 122 23 W

[TEMPERATURE DATA]      [PRECIPITATION DATA]       SYMBOLS USED IN COLUMN 16

AVERAGE MONTHLY: 57.9   TOTAL FOR MONTH:   0.02    1 = FOG OR MIST
DPTR FM NORMAL:   5.4   DPTR FM NORMAL:   -2.77    2 = FOG REDUCING VISIBILITY
HIGHEST:    76 ON  3    GRTST 24HR  0.02 ON 18-18      TO 1/4 MILE OR LESS
LOWEST:     42 ON 16                               3 = THUNDER
                        SNOW, ICE PELLETS, HAIL    4 = ICE PELLETS
                        TOTAL MONTH:   0.0 INCH    5 = HAIL
                        GRTST 24HR     0.0         6 = FREEZING RAIN OR DRIZZLE
                        GRTST DEPTH:   0           7 = DUSTSTORM OR SANDSTORM:
                                                       VSBY 1/2 MILE OR LESS
                                                   8 = SMOKE OR HAZE
[NO. OF DAYS WITH]      [WEATHER - DAYS WITH]      9 = BLOWING SNOW
                                                   X = TORNADO
MAX 32 OR BELOW:   0    0.01 INCH OR MORE:   1
MAX 90 OR ABOVE:   0    0.10 INCH OR MORE:   0
MIN 32 OR BELOW:   0    0.50 INCH OR MORE:   0
MIN  0 OR BELOW:   0    1.00 INCH OR MORE:   0

[HDD (BASE 65) ]
TOTAL THIS MO.   131    CLEAR  (SCALE 0-3)  13
DPTR FM NORMAL  -107    PTCLDY (SCALE 4-7)   6
TOTAL FM JUL 1  1220    CLOUDY (SCALE 8-10)  0
DPTR FM NORMAL  -485

[CDD (BASE 65) ]
TOTAL THIS MO.     0
DPTR FM NORMAL     0    [PRESSURE DATA]
TOTAL FM JAN 1     0    HIGHEST SLP M ON M
DPTR FM NORMAL     0    LOWEST  SLP 29.83 ON 11

[REMARKS]
