000
CXUS56 KFGZ 220900
CF6SJN
PRELIMINARY LOCAL CLIMATOLOGICAL DATA (WS FORM: F-6)

                                          STATION:   SAINT JOHNS AZ AIRPORT
                                          MONTH:     JULY
                                          YEAR:      2017
                                          LATITUDE:   34 31 N
                                          LONGITUDE: 109 23 W

  TEMPERATURE IN F:       :PCPN:    SNOW:  WIND      :SUNSHINE: SKY     :PK WND
================================================================================
1   2   3   4   5  6A  6B    7    8   9   10  11  12  13   14  15   16   17  18
                                     12Z  AVG MX 2MIN
DY MAX MIN AVG DEP HDD CDD  WTR  SNW DPTH SPD SPD DIR MIN PSBL S-S WX    SPD DR
================================================================================

 1  98  58  78   2   0  13 0.00    M    M  8.9 28 260   M    M   0 8      36 270
 2  95  58  77   1   0  12 0.00    M    M 11.8 28 270   M    M   0        35 290
 3  94  58  76   0   0  11 0.00    M    M 10.1 32 240   M    M   0        41 250
 4  96  64  80   4   0  15 0.00    M    M  7.2 16 340   M    M   0 8      21 250
 5 100  58  79   3   0  14 0.00    M    M  7.4 28  90   M    M   0        38  80
 6 100  59  80   4   0  15 0.00  0.0    0  5.9 28 300   M    M   0        33 300
 7  98  60  79   3   0  14 0.00  0.0    0  8.2 24 250   M    M   0        32 260
 8  97  66  82   5   0  17 0.02  0.0    0  8.2 23 250   M    M   1        32  90
 9  95  62  79   2   0  14 0.47  0.0    0  9.5 41  90   M    M   2        50  90
10  93  61  77   0   0  12 0.04  0.0    0  6.5 28 330   M    M   3        34 320
11  90  63  77   0   0  12 0.01    M    M  7.2 28 240   M    M   4        37 290
12  92  63  78   1   0  13    T  0.0    0  6.8 20 310   M    M   2        27 310
13  95  64  80   3   0  15 0.00    M    M  8.4 24 310   M    M   1        33 320
14  97  61  79   2   0  14 0.00    M    M  6.4 31  50   M    M   1        38  50
15  95  65  80   3   0  15 0.14    M    M  6.4 29 270   M    M   3        37  80
16  93  61  77   0   0  12    T    M    M  5.4 31 100   M    M   2        38 110
17  90  60  75  -2   0  10    T    M    M  6.6 23 260   M    M   1        32 260
18  91  63  77   0   0  12    T    M    M  5.9 20 210   M    M   2        26  70
19  96  63  80   3   0  15 0.10    M    M  6.5 22 300   M    M   3        27 290
20  86  63  75  -1   0  10 0.39    M    M  5.2 31 200   M    M   4        37 210
21  86  64  75  -1   0  10 0.31    M    M  6.1 23 230   M    M   5 8      31 230
================================================================================
SM 1977 1294         0 275  1.48     0.0 154.6          M       34
================================================================================
AV 94.1 61.6                               7.4 FASTST   M    M   2    MAX(MPH)
                                 MISC ---->  # 41  90               # 50   90
================================================================================
NOTES:
# LAST OF SEVERAL OCCURRENCES

COLUMN 17 PEAK WIND IN M.P.H.

PRELIMINARY LOCAL CLIMATOLOGICAL DATA (WS FORM: F-6) , PAGE 2

                                          STATION:  SAINT JOHNS AZ AIRPORT
                                          MONTH:    JULY
                                          YEAR:     2017
                                          LATITUDE:   34 31 N
                                          LONGITUDE: 109 23 W

[TEMPERATURE DATA]      [PRECIPITATION DATA]       SYMBOLS USED IN COLUMN 16

AVERAGE MONTHLY: 77.9   TOTAL FOR MONTH:   1.48    1 = FOG OR MIST
DPTR FM NORMAL:   1.3   DPTR FM NORMAL:    0.56    2 = FOG REDUCING VISIBILITY
HIGHEST:   100 ON  6, 5 GRTST 24HR  0.47 ON  9- 9      TO 1/4 MILE OR LESS
LOWEST:     58 ON  5, 3                            3 = THUNDER
                        SNOW, ICE PELLETS, HAIL    4 = ICE PELLETS
                        TOTAL MONTH:   0.0 INCH    5 = HAIL
                        GRTST 24HR     0.0         6 = FREEZING RAIN OR DRIZZLE
                        GRTST DEPTH:   0           7 = DUSTSTORM OR SANDSTORM:
                                                       VSBY 1/2 MILE OR LESS
                                                   8 = SMOKE OR HAZE
[NO. OF DAYS WITH]      [WEATHER - DAYS WITH]      9 = BLOWING SNOW
                                                   X = TORNADO
MAX 32 OR BELOW:   0    0.01 INCH OR MORE:   8
MAX 90 OR ABOVE:  19    0.10 INCH OR MORE:   5
MIN 32 OR BELOW:   0    0.50 INCH OR MORE:   0
MIN  0 OR BELOW:   0    1.00 INCH OR MORE:   0

[HDD (BASE 65) ]
TOTAL THIS MO.     0    CLEAR  (SCALE 0-3)  17
DPTR FM NORMAL     0    PTCLDY (SCALE 4-7)   4
TOTAL FM JUL 1     0    CLOUDY (SCALE 8-10)  0
DPTR FM NORMAL     0

[CDD (BASE 65) ]
TOTAL THIS MO.   275
DPTR FM NORMAL    33    [PRESSURE DATA]
TOTAL FM JAN 1   592    HIGHEST SLP M ON M
DPTR FM NORMAL    99    LOWEST  SLP 29.85 ON 10

[REMARKS]
