000
CXUS54 KSJT 012010
CF6SJT
PRELIMINARY LOCAL CLIMATOLOGICAL DATA (WS FORM: F-6)

                                          STATION:   SAN ANGELO
                                          MONTH:     JULY
                                          YEAR:      2015
                                          LATITUDE:   31 21 N
                                          LONGITUDE: 100 30 W

  TEMPERATURE IN F:       :PCPN:    SNOW:  WIND      :SUNSHINE: SKY     :PK WND
================================================================================
1   2   3   4   5  6A  6B    7    8   9   10  11  12  13   14  15   16   17  18
                                     12Z  AVG MX 2MIN
DY MAX MIN AVG DEP HDD CDD  WTR  SNW DPTH SPD SPD DIR MIN PSBL S-S WX    SPD DR
================================================================================

 1  89  69  79  -3   0  14 0.00  0.0    0 11.2 20 170   M    M   2        26 180
 2  89  68  79  -3   0  14 0.00  0.0    0  9.6 18 190   M    M   0        24 190
 3  91  71  81  -1   0  16 0.00  0.0    0  7.5 17 160   M    M   1        22 160
 4  93  72  83   1   0  18 0.00  0.0    0  8.0 17 120   M    M   1        21 120
 5  93  75  84   1   0  19 0.00  0.0    0 11.5 20 160   M    M   3        26 160
 6  96  75  86   3   0  21 0.00  0.0    0 12.6 21 170   M    M   1        27 180
 7  85  72  79  -4   0  14 0.33  0.0    0  8.9 22 180   M    M   7 13     28 170
 8  88  72  80  -3   0  15 0.22  0.0    0  6.2 20 170   M    M   7 13     26 180
 9  92  72  82  -1   0  17 0.00  0.0    0 10.9 21 170   M    M   2        28 170
10  94  73  84   1   0  19 0.00  0.0    0 10.7 20 190   M    M   1        26 160
11  93  72  83   0   0  18 0.00  0.0    0  9.5 17 180   M    M   0        22 210
12  97  68  83   0   0  18 0.00  0.0    0  8.2 18 170   M    M   0        23 210
13  99  69  84   1   0  19 0.00  0.0    0  8.1 16 180   M    M   0        22 170
14 100  67  84   1   0  19 0.00  0.0    0  9.3 16 150   M    M   0        22 190
15  98  71  85   2   0  20 0.00  0.0    0  9.5 17 150   M    M   0        25 130
16 100  70  85   2   0  20 0.00  0.0    0 10.6 20 190   M    M   0        26 180
17  99  72  86   3   0  21 0.00  0.0    0  8.7 20 160   M    M   0        25 150
18 100  75  88   5   0  23 0.00  0.0    0 10.9 20 170   M    M   0        27 170
19  99  76  88   5   0  23 0.00  0.0    0  9.4 18 200   M    M   0        23 180
20 102  73  88   5   0  23 0.00  0.0    0  7.9 15 190   M    M   0        21 190
21 102  73  88   4   0  23 0.00  0.0    0  8.3 16 140   M    M   1        21 140
22 101  76  89   5   0  24 0.00  0.0    0  9.4 17 180   M    M   0        23 180
23  99  76  88   4   0  23 0.00  0.0    0 11.2 17 190   M    M   1        25 150
24 101  74  88   4   0  23 0.00  0.0    0  8.8 16 180   M    M   0        23 180
25 102  71  87   3   0  22 0.00  0.0    0  7.9 15 120   M    M   0        21 190
26 105  78  92   8   0  27 0.00  0.0    0  8.6 16 100   M    M   2        20  90
27 103  76  90   6   0  25 0.00  0.0    0  7.0 16 110   M    M   1        23  40
28 102  77  90   6   0  25 0.00  0.0    0  9.2 16 180   M    M   1        21 160
29 101  75  88   4   0  23 0.00  0.0    0  6.7 16  70   M    M   1        23  90
30 101  74  88   4   0  23 0.00  0.0    0  6.7 15  80   M    M   0        23  70
31 102  70  86   2   0  21 0.00  0.0    0  7.2 16  90   M    M   1        24  60
================================================================================
SM 3016 2252         0 630  0.55     0.0 280.2          M       33
================================================================================
AV 97.3 72.6                               9.0 FASTST   M    M   1    MAX(MPH)
                                 MISC ---->  # 22 180               # 28  170
================================================================================
NOTES:
# LAST OF SEVERAL OCCURRENCES

COLUMN 17 PEAK WIND IN M.P.H.

PRELIMINARY LOCAL CLIMATOLOGICAL DATA (WS FORM: F-6) , PAGE 2

                                          STATION:  SAN ANGELO
                                          MONTH:    JULY
                                          YEAR:     2015
                                          LATITUDE:   31 21 N
                                          LONGITUDE: 100 30 W

[TEMPERATURE DATA]      [PRECIPITATION DATA]       SYMBOLS USED IN COLUMN 16

AVERAGE MONTHLY: 85.0   TOTAL FOR MONTH:   0.55    1 = FOG OR MIST
DPTR FM NORMAL:   1.9   DPTR FM NORMAL:   -0.65    2 = FOG REDUCING VISIBILITY
HIGHEST:   105 ON 26    GRTST 24HR  0.33 ON  7- 7      TO 1/4 MILE OR LESS
LOWEST:     67 ON 14                               3 = THUNDER
                        SNOW, ICE PELLETS, HAIL    4 = ICE PELLETS
                        TOTAL MONTH:   0.0 INCH    5 = HAIL
                        GRTST 24HR     0.0         6 = FREEZING RAIN OR DRIZZLE
                        GRTST DEPTH:   0           7 = DUSTSTORM OR SANDSTORM:
                                                       VSBY 1/2 MILE OR LESS
                                                   8 = SMOKE OR HAZE
[NO. OF DAYS WITH]      [WEATHER - DAYS WITH]      9 = BLOWING SNOW
                                                   X = TORNADO
MAX 32 OR BELOW:   0    0.01 INCH OR MORE:   2
MAX 90 OR ABOVE:  27    0.10 INCH OR MORE:   2
MIN 32 OR BELOW:   0    0.50 INCH OR MORE:   0
MIN  0 OR BELOW:   0    1.00 INCH OR MORE:   0

[HDD (BASE 65) ]
TOTAL THIS MO.     0    CLEAR  (SCALE 0-3)  29
DPTR FM NORMAL     0    PTCLDY (SCALE 4-7)   2
TOTAL FM JUL 1     0    CLOUDY (SCALE 8-10)  0
DPTR FM NORMAL     0

[CDD (BASE 65) ]
TOTAL THIS MO.   630
DPTR FM NORMAL    67    [PRESSURE DATA]
TOTAL FM JAN 1  1541    HIGHEST SLP 30.10 ON 11
DPTR FM NORMAL    54    LOWEST  SLP 29.72 ON 21

[REMARKS]
#FINAL-07-15#
