000
CXUS54 KSJT 211210
CF6SJT
PRELIMINARY LOCAL CLIMATOLOGICAL DATA (WS FORM: F-6)

                                          STATION:   SAN ANGELO
                                          MONTH:     JANUARY
                                          YEAR:      2017
                                          LATITUDE:   31 21 N
                                          LONGITUDE: 100 30 W

  TEMPERATURE IN F:       :PCPN:    SNOW:  WIND      :SUNSHINE: SKY     :PK WND
================================================================================
1   2   3   4   5  6A  6B    7    8   9   10  11  12  13   14  15   16   17  18
                                     12Z  AVG MX 2MIN
DY MAX MIN AVG DEP HDD CDD  WTR  SNW DPTH SPD SPD DIR MIN PSBL S-S WX    SPD DR
================================================================================

 1  76  41  59  13   6   0 0.02  0.0    0  6.8 33 310   M    M   3 3      44 310
 2  69  43  56  10   9   0 0.32    M    0 10.6 23 280   M    M   1 138    27 260
 3  65  37  51   5  14   0 0.00  0.0    0  9.8 18 270   M    M   0        24 270
 4  50  33  42  -4  23   0 0.00  0.0    0  6.9 15  40   M    M   1        17  30
 5  46  26  36 -10  29   0 0.00  0.0    0 12.8 25  30   M    M   0        32  30
 6  31  16  24 -22  41   0    T    T    0 12.5 22 350   M    M   8        30  10
 7  44  11  28 -18  37   0 0.00  0.0    0  4.8 10 160   M    M   0        14 160
 8  55  21  38  -8  27   0 0.00  0.0    0 12.4 24 210   M    M   0        32 200
 9  72  41  57  11   8   0 0.00  0.0    0 17.0 31 180   M    M   0        39 170
10  78  49  64  18   1   0 0.00  0.0    0  9.5 28 190   M    M   0        38 200
11  83  44  64  18   1   0 0.00  0.0    0 11.7 22 200   M    M   0        29 210
12  72  45  59  13   6   0 0.00  0.0    0  4.6 13 160   M    M   7        16 150
13  56  38  47   1  18   0 0.00  0.0    0 11.2 16  40   M    M  10 18     27 350
14  43  37  40  -6  25   0 0.03    M    0 10.7 15  60   M    M  10 12     19  60
15  66  41  54   8  11   0 0.59    M    0  9.2 28 250   M    M   8 123    37 250
16  71  34  53   7  12   0 0.00  0.0    0  6.4 24 210   M    M   0        25 210
17  51  42  47   1  18   0 0.39    M    0  9.8 20  40   M    M   8 13     26  60
18  55  42  49   3  16   0    T    M    0  5.0 13 190   M    M   7 1      17 190
19  72  36  54   8  11   0 0.00  0.0    0 13.5 36 240   M    M   0 1      44 240
20  74  43  59  13   6   0 0.00  0.0    0 12.5 23 260   M    M   0        31 250
================================================================================
SM 1229  720       319   0  1.35    T    197.7          M       63
================================================================================
AV 61.5 36.0                               9.9 FASTST   M    M   3    MAX(MPH)
                                 MISC ---->  # 36 240               # 44  310
================================================================================
NOTES:
# LAST OF SEVERAL OCCURRENCES

COLUMN 17 PEAK WIND IN M.P.H.

PRELIMINARY LOCAL CLIMATOLOGICAL DATA (WS FORM: F-6) , PAGE 2

                                          STATION:  SAN ANGELO
                                          MONTH:    JANUARY
                                          YEAR:     2017
                                          LATITUDE:   31 21 N
                                          LONGITUDE: 100 30 W

[TEMPERATURE DATA]      [PRECIPITATION DATA]       SYMBOLS USED IN COLUMN 16

AVERAGE MONTHLY: 48.7   TOTAL FOR MONTH:   1.35    1 = FOG OR MIST
DPTR FM NORMAL:   2.7   DPTR FM NORMAL:    0.80    2 = FOG REDUCING VISIBILITY
HIGHEST:    83 ON 11    GRTST 24HR  0.62 ON 14-15      TO 1/4 MILE OR LESS
LOWEST:     11 ON  7                               3 = THUNDER
                        SNOW, ICE PELLETS, HAIL    4 = ICE PELLETS
                        TOTAL MONTH:    T          5 = HAIL
                        GRTST 24HR    T  ON  6- 6  6 = FREEZING RAIN OR DRIZZLE
                        GRTST DEPTH:   0           7 = DUSTSTORM OR SANDSTORM:
                                                       VSBY 1/2 MILE OR LESS
                                                   8 = SMOKE OR HAZE
[NO. OF DAYS WITH]      [WEATHER - DAYS WITH]      9 = BLOWING SNOW
                                                   X = TORNADO
MAX 32 OR BELOW:   1    0.01 INCH OR MORE:   5
MAX 90 OR ABOVE:   0    0.10 INCH OR MORE:   3
MIN 32 OR BELOW:   4    0.50 INCH OR MORE:   1
MIN  0 OR BELOW:   0    1.00 INCH OR MORE:   0

[HDD (BASE 65) ]
TOTAL THIS MO.   319    CLEAR  (SCALE 0-3)  13
DPTR FM NORMAL   -60    PTCLDY (SCALE 4-7)   5
TOTAL FM JUL 1   961    CLOUDY (SCALE 8-10)  2
DPTR FM NORMAL  -385

[CDD (BASE 65) ]
TOTAL THIS MO.     0
DPTR FM NORMAL     0    [PRESSURE DATA]
TOTAL FM JAN 1     0    HIGHEST SLP M ON M
DPTR FM NORMAL     0    LOWEST  SLP 29.58 ON M

[REMARKS]
