000
CXUS53 KICT 280800
CF6SLN
PRELIMINARY LOCAL CLIMATOLOGICAL DATA (WS FORM: F-6)

                                          STATION:   SALINA KS
                                          MONTH:     SEPTEMBER
                                          YEAR:      2016
                                          LATITUDE:   38 47 N
                                          LONGITUDE:  97 39 W

  TEMPERATURE IN F:       :PCPN:    SNOW:  WIND      :SUNSHINE: SKY     :PK WND
================================================================================
1   2   3   4   5  6A  6B    7    8   9   10  11  12  13   14  15   16   17  18
                                     12Z  AVG MX 2MIN
DY MAX MIN AVG DEP HDD CDD  WTR  SNW DPTH SPD SPD DIR MIN PSBL S-S WX    SPD DR
================================================================================

 1  81  61  71  -5   0   6 0.00    M    M  7.2 15  70   M    M   0        19  30
 2  80  59  70  -6   0   5 0.00    M    M  9.0 18 140   M    M   1        22 140
 3  84  63  74  -2   0   9 0.00    M    M 13.8 23 160   M    M   2        30 170
 4  89  69  79   4   0  14    T    M    M 16.4 31 160   M    M   1 3      38 160
 5  93  75  84   9   0  19 0.00    M    M 17.1 33 190   M    M   0        41 190
 6  94  76  85  11   0  20 0.00    M    M 15.4 30 200   M    M   1        36 200
 7  92  76  84  10   0  19    T    M    M 13.1 28 200   M    M   4        34 210
 8  84  71  78   4   0  13    T    M    M  8.2 20 150   M    M   2 3      24 170
 9  90  65  78   5   0  13 0.00    M    M 15.8 36  10   M    M   3 3      47  20
10  78  52  65  -8   0   0 0.00    M    M  9.0 20 330   M    M   0        25 330
11  83  51  67  -5   0   2 0.00    M    M 13.5 26 200   M    M   0        34 190
12  91  69  80   8   0  15 0.00    M    M 15.5 30 190   M    M   2        36 190
13  76  58  67  -4   0   2 0.20    M    M 10.8 18 350   M    M   9 13     23 360
14  71  59  65  -6   0   0 0.00    M    M  5.5 13 330   M    M   8 1      14 330
15  86  64  75   5   0  10 0.00    M    M 10.9 21 200   M    M   2 128    28 190
16  75  60  68  -2   0   3 0.65    M    M  6.6 26 360   M    M   4 13     32 350
17  85  56  71   1   0   6 0.00    M    M  3.2 14 150   M    M   3 12     16 160
18  87  63  75   6   0  10 0.00    M    M  8.0 16 160   M    M   1        19 310
19  98  69  84  15   0  19 0.00    M    M  6.3 15 200   M    M   0        17 210
20  96  66  81  13   0  16 0.00    M    M 10.2 22 200   M    M   0 1      28 170
21  94  75  85  17   0  20 0.00    M    M 15.7 25 160   M    M   0        32 190
22  95  69  82  15   0  17 0.00    M    M 14.4 25 200   M    M   0        31 170
23  91  64  78  11   0  13 0.00    M    M 13.8 25 160   M    M   2        32 190
24  82  69  76  10   0  11 0.35    M    M  9.7 24 170   M    M   4 13     30 170
25  76  52  64  -2   1   0 0.00    M    M 10.2 29 340   M    M   2        35 340
26  77  44  61  -4   4   0 0.00    M    M  4.7 12 310   M    M   0 8      16 290
27  86  51  69   4   0   4 0.00    M    M  5.2 15 290   M    M   0        19 280
================================================================================
SM 2314 1706         5 266  1.20    M    289.2          M       51
================================================================================
AV 85.7 63.2                              10.7 FASTST   M    M   2    MAX(MPH)
                                 MISC ---->  # 36  10               # 47   20
================================================================================
NOTES:
# LAST OF SEVERAL OCCURRENCES

COLUMN 17 PEAK WIND IN M.P.H.

PRELIMINARY LOCAL CLIMATOLOGICAL DATA (WS FORM: F-6) , PAGE 2

                                          STATION:  SALINA KS
                                          MONTH:    SEPTEMBER
                                          YEAR:     2016
                                          LATITUDE:   38 47 N
                                          LONGITUDE:  97 39 W

[TEMPERATURE DATA]      [PRECIPITATION DATA]       SYMBOLS USED IN COLUMN 16

AVERAGE MONTHLY: 74.4   TOTAL FOR MONTH:   1.20    1 = FOG OR MIST
DPTR FM NORMAL:   3.6   DPTR FM NORMAL:   -1.23    2 = FOG REDUCING VISIBILITY
HIGHEST:    98 ON 19    GRTST 24HR  0.91 ON 31- 1      TO 1/4 MILE OR LESS
LOWEST:     44 ON 26                               3 = THUNDER
                        SNOW, ICE PELLETS, HAIL    4 = ICE PELLETS
                        TOTAL MONTH:    M          5 = HAIL
                        GRTST 24HR    M  ON   M    6 = FREEZING RAIN OR DRIZZLE
                        GRTST DEPTH:  M  ON   M    7 = DUSTSTORM OR SANDSTORM:
                                                       VSBY 1/2 MILE OR LESS
                                                   8 = SMOKE OR HAZE
[NO. OF DAYS WITH]      [WEATHER - DAYS WITH]      9 = BLOWING SNOW
                                                   X = TORNADO
MAX 32 OR BELOW:   0    0.01 INCH OR MORE:   3
MAX 90 OR ABOVE:  10    0.10 INCH OR MORE:   3
MIN 32 OR BELOW:   0    0.50 INCH OR MORE:   1
MIN  0 OR BELOW:   0    1.00 INCH OR MORE:   0

[HDD (BASE 65) ]
TOTAL THIS MO.     5    CLEAR  (SCALE 0-3)  22
DPTR FM NORMAL   -32    PTCLDY (SCALE 4-7)   4
TOTAL FM JUL 1     5    CLOUDY (SCALE 8-10)  1
DPTR FM NORMAL   -33

[CDD (BASE 65) ]
TOTAL THIS MO.   266
DPTR FM NORMAL    71    [PRESSURE DATA]
TOTAL FM JAN 1  1936    HIGHEST SLP M ON M
DPTR FM NORMAL   334    LOWEST  SLP 29.74 ON  9

[REMARKS]
