000
CXUS55 KLOX 261704
CF6SMO
PRELIMINARY LOCAL CLIMATOLOGICAL DATA (WS FORM: F-6)

                                          STATION:   SANTA MONICA AIRPORT CA
                                          MONTH:     NOVEMBER
                                          YEAR:      2014
                                          LATITUDE:   34  0 N
                                          LONGITUDE: 118 27 W

  TEMPERATURE IN F:       :PCPN:    SNOW:  WIND      :SUNSHINE: SKY     :PK WND
================================================================================
1   2   3   4   5  6A  6B    7    8   9   10  11  12  13   14  15   16   17  18
                                     12Z  AVG MX 2MIN
DY MAX MIN AVG DEP HDD CDD  WTR  SNW DPTH SPD SPD DIR MIN PSBL S-S WX    SPD DR
================================================================================

 1  66  55  61  -2   4   0 0.22  0.0    0  5.3 16 230   M    M   4 1      24 230
 2  67  51  59  -4   6   0 0.00  0.0    0  5.1 14 210   M    M   0        18 230
 3  77  51  64   1   1   0 0.00  0.0    0  5.3 14 340   M    M   0        24 350
 4  75  52  64   1   1   0 0.00  0.0    0  4.2 12 210   M    M   0        14 200
 5  83  55  69   7   0   4 0.00  0.0    0  3.8  9 260   M    M   0        13 240
 6  90  61  76  14   0  11 0.00  0.0    0  4.9 10 250   M    M   0        13 270
 7  89  61  75  13   0  10 0.00  0.0    0  4.9 10 230   M    M   0        16 220
 8  82  58  70   8   0   5 0.00  0.0    0  3.7 10 230   M    M   0        13 250
 9  70  60  65   3   0   0 0.00  0.0    0  3.5 10 230   M    M   7 128    14 240
10  68  62  65   3   0   0 0.00  0.0    0  4.1 12 210   M    M   8 8      15 220
11  68  63  66   5   0   1 0.00  0.0    0  4.6 10 240   M    M  10        16 220
12  68  58  63   2   2   0 0.00  0.0    0  4.0 14 230   M    M   6        19 230
13  68  55  62   1   3   0    T  0.0    0  3.5 12 230   M    M   6 1      15 240
14  71  60  66   5   0   1 0.00  0.0    0  3.1 13 260   M    M   3 18     17 270
15  71  59  65   5   0   0 0.00  0.0    0  4.0 13 240   M    M   4 8      18 230
16  76  58  67   7   0   2 0.00  0.0    0  5.2 12 190   M    M   0         M  M
17  79  57  68   8   0   3 0.00  0.0    0  3.0 14 260   M    M   0        19 260
18  78  53  66   6   0   1 0.00  0.0    0  4.5 10 230   M    M   0        14 250
19  72  53  63   3   2   0 0.00  0.0    0  3.9 10 240   M    M   2        16 210
20  69  53  61   2   4   0    T  0.0    0  3.9 13 250   M    M   3 8      17 230
21  73  55  64   5   1   0 0.00  0.0    0  4.2 15 210   M    M   1        18 220
22  71  52  62   3   3   0 0.00  0.0    0  3.9 10 260   M    M   0        15 260
23  81  58  70  11   0   5 0.00  0.0    0  9.1 23  10   M    M   0        36  10
24  81  56  69  11   0   4 0.00  0.0    0  4.8 12 210   M    M   0        15 220
25  80  53  67   9   0   2 0.00  0.0    0  4.1  9 220   M    M   0        14  60
================================================================================
SM 1873 1409        27  49  0.22     0.0 110.7          M       54
================================================================================
AV 74.9 56.4                               4.4 FASTST   M    M   2    MAX(MPH)
                                 MISC ---->  # 23  10               # 36   10
================================================================================
NOTES:
# LAST OF SEVERAL OCCURRENCES

COLUMN 17 PEAK WIND IN M.P.H.

PRELIMINARY LOCAL CLIMATOLOGICAL DATA (WS FORM: F-6) , PAGE 2

                                          STATION:  SANTA MONICA AIRPORT CA
                                          MONTH:    NOVEMBER
                                          YEAR:     2014
                                          LATITUDE:   34  0 N
                                          LONGITUDE: 118 27 W

[TEMPERATURE DATA]      [PRECIPITATION DATA]       SYMBOLS USED IN COLUMN 16

AVERAGE MONTHLY: 65.6   TOTAL FOR MONTH:   0.22    1 = FOG OR MIST
DPTR FM NORMAL:   4.8   DPTR FM NORMAL:   -0.74    2 = FOG REDUCING VISIBILITY
HIGHEST:    90 ON  6    GRTST 24HR  0.53 ON 31- 1      TO 1/4 MILE OR LESS
LOWEST:     51 ON  3, 2                            3 = THUNDER
                        SNOW, ICE PELLETS, HAIL    4 = ICE PELLETS
                        TOTAL MONTH:   0.0 INCH    5 = HAIL
                        GRTST 24HR     0.0         6 = FREEZING RAIN OR DRIZZLE
                        GRTST DEPTH:   0           7 = DUSTSTORM OR SANDSTORM:
                                                       VSBY 1/2 MILE OR LESS
                                                   8 = SMOKE OR HAZE
[NO. OF DAYS WITH]      [WEATHER - DAYS WITH]      9 = BLOWING SNOW
                                                   X = TORNADO
MAX 32 OR BELOW:   0    0.01 INCH OR MORE:   1
MAX 90 OR ABOVE:   1    0.10 INCH OR MORE:   1
MIN 32 OR BELOW:   0    0.50 INCH OR MORE:   0
MIN  0 OR BELOW:   0    1.00 INCH OR MORE:   0

[HDD (BASE 65) ]
TOTAL THIS MO.    27    CLEAR  (SCALE 0-3)  17
DPTR FM NORMAL   -96    PTCLDY (SCALE 4-7)   7
TOTAL FM JUL 1    27    CLOUDY (SCALE 8-10)  1
DPTR FM NORMAL  -161

[CDD (BASE 65) ]
TOTAL THIS MO.    49
DPTR FM NORMAL    33    [PRESSURE DATA]
TOTAL FM JAN 1  1325    HIGHEST SLP M ON M
DPTR FM NORMAL   828    LOWEST  SLP 29.81 ON  9

[REMARKS]
