000
CXUS56 KMTR 011000
CF6SNS
PRELIMINARY LOCAL CLIMATOLOGICAL DATA (WS FORM: F-6)

                                          STATION:   SALINAS AIRPORT
                                          MONTH:     FEBRUARY
                                          YEAR:      2015
                                          LATITUDE:   36 40 N
                                          LONGITUDE: 121 36 W

  TEMPERATURE IN F:       :PCPN:    SNOW:  WIND      :SUNSHINE: SKY     :PK WND
================================================================================
1   2   3   4   5  6A  6B    7    8   9   10  11  12  13   14  15   16   17  18
                                     12Z  AVG MX 2MIN
DY MAX MIN AVG DEP HDD CDD  WTR  SNW DPTH SPD SPD DIR MIN PSBL S-S WX    SPD DR
================================================================================

 1  73  42  58   6   7   0 0.00  0.0    0  7.1 21 110   M    M   0        29 110
 2  77  43  60   8   5   0 0.00  0.0    0  4.5 15 260   M    M   0 18     18 260
 3  79  50  65  13   0   0 0.00  0.0    0  9.5 22 100   M    M   0        26 100
 4  69  45  57   5   8   0 0.00  0.0    0  6.6 17 320   M    M   4 128    22 330
 5  66  51  59   7   6   0 0.00  0.0    0  5.2 17 320   M    M   3 18     21 310
 6  70  51  61   9   4   0 0.20  0.0    0 21.0 36 110   M    M   6 18     44 110
 7  73  59  66  14   0   1 0.20  0.0    0  9.0 20 130   M    M   6 1      23 130
 8  68  59  64  11   1   0 0.14  0.0    0 13.2 31 120   M    M   5 1      38 110
 9  68  54  61   8   4   0 0.01  0.0    M  4.8 15 260   M    M   5 18     18 280
10  72  44  58   5   7   0 0.00  0.0    0  1.2 12  10   M    M   0 128    14  10
11  74  42  58   5   7   0 0.00  0.0    0  5.8 17 110   M    M   0        21 110
12  82  50  66  13   0   1 0.00  0.0    0  9.3 17 110   M    M   0        21 100
13  85  51  68  15   0   3 0.00  0.0    0  8.6 22 100   M    M   0        26 110
14  84  49  67  14   0   2 0.00  0.0    0  7.3 22 100   M    M   0        25 100
15  81  49  65  12   0   0 0.00  0.0    0  6.0 17 100   M    M   0        22  90
16  69  47  58   5   7   0 0.00  0.0    0  5.9 15 290   M    M   3        18 300
17  60  54  57   4   8   0 0.00  0.0    0  3.3 10 250   M    M  10 8      21 320
18  67  54  61   8   4   0 0.00  0.0    0  3.4 12 260   M    M   7 18     15 270
19  60  53  57   4   8   0 0.00  0.0    0  3.8 12 280   M    M  10 18     15 250
20  75  53  64  11   1   0 0.00  0.0    0  5.5 14 280   M    M   7 128    18 280
21  66  49  58   5   7   0 0.00  0.0    0  6.9 18 320   M    M   7 12     23 310
22  67  46  57   3   8   0 0.03    M    0  3.9 20 350   M    M   5        24 350
23  67  39  53  -1  12   0 0.00  0.0    0  5.6 20 350   M    M   2 12     26 350
24  71  37  54   0  11   0 0.00  0.0    0  3.9 14 260   M    M   0        17 250
25  68  41  55   1  10   0 0.00  0.0    0  6.5 15 260   M    M   1        18 270
26  70  50  60   6   5   0 0.00  0.0    0  8.1 18 250   M    M   5 8      21 220
27  65  51  58   4   7   0    T  0.0    0 10.8 25 240   M    M   5 18     31 270
28  61  45  53  -1  12   0 0.05  0.0    0  4.2  9 230   M    M   5 1       M  M
================================================================================
SM 1987 1358       149   7  0.63     0.0 190.9          M       96
================================================================================
AV 71.0 48.5                               6.8 FASTST   M    M   3    MAX(MPH)
                                 MISC ---->  # 36 110               # 44  110
================================================================================
NOTES:
# LAST OF SEVERAL OCCURRENCES

COLUMN 17 PEAK WIND IN M.P.H.

PRELIMINARY LOCAL CLIMATOLOGICAL DATA (WS FORM: F-6) , PAGE 2

                                          STATION:  SALINAS AIRPORT
                                          MONTH:    FEBRUARY
                                          YEAR:     2015
                                          LATITUDE:   36 40 N
                                          LONGITUDE: 121 36 W

[TEMPERATURE DATA]      [PRECIPITATION DATA]       SYMBOLS USED IN COLUMN 16

AVERAGE MONTHLY: 59.7   TOTAL FOR MONTH:   0.63    1 = FOG OR MIST
DPTR FM NORMAL:   6.7   DPTR FM NORMAL:   -1.86    2 = FOG REDUCING VISIBILITY
HIGHEST:    85 ON 13    GRTST 24HR  0.40 ON  6- 7      TO 1/4 MILE OR LESS
LOWEST:     37 ON 24                               3 = THUNDER
                        SNOW, ICE PELLETS, HAIL    4 = ICE PELLETS
                        TOTAL MONTH:   0.0 INCH    5 = HAIL
                        GRTST 24HR     0.0         6 = FREEZING RAIN OR DRIZZLE
                        GRTST DEPTH:   0           7 = DUSTSTORM OR SANDSTORM:
                                                       VSBY 1/2 MILE OR LESS
                                                   8 = SMOKE OR HAZE
[NO. OF DAYS WITH]      [WEATHER - DAYS WITH]      9 = BLOWING SNOW
                                                   X = TORNADO
MAX 32 OR BELOW:   0    0.01 INCH OR MORE:   6
MAX 90 OR ABOVE:   0    0.10 INCH OR MORE:   3
MIN 32 OR BELOW:   0    0.50 INCH OR MORE:   0
MIN  0 OR BELOW:   0    1.00 INCH OR MORE:   0

[HDD (BASE 65) ]
TOTAL THIS MO.   149    CLEAR  (SCALE 0-3)  14
DPTR FM NORMAL  -187    PTCLDY (SCALE 4-7)  12
TOTAL FM JUL 1   849    CLOUDY (SCALE 8-10)  2
DPTR FM NORMAL  -965

[CDD (BASE 65) ]
TOTAL THIS MO.     7
DPTR FM NORMAL     7    [PRESSURE DATA]
TOTAL FM JAN 1     8    HIGHEST SLP M ON M
DPTR FM NORMAL     8    LOWEST  SLP 29.72 ON 28

[REMARKS]
#FINAL-02-15#
