000
CXUS55 KCYS 281000
CF6SNY
PRELIMINARY LOCAL CLIMATOLOGICAL DATA (WS FORM: F-6)

                                          STATION:   SIDNEY NEBRASKA AIRPORT
                                          MONTH:     MARCH
                                          YEAR:      2015
                                          LATITUDE:   41  5 N
                                          LONGITUDE: 102 59 W

  TEMPERATURE IN F:       :PCPN:    SNOW:  WIND      :SUNSHINE: SKY     :PK WND
================================================================================
1   2   3   4   5  6A  6B    7    8   9   10  11  12  13   14  15   16   17  18
                                     12Z  AVG MX 2MIN
DY MAX MIN AVG DEP HDD CDD  WTR  SNW DPTH SPD SPD DIR MIN PSBL S-S WX    SPD DR
================================================================================

 1  34  12  23 -12  42   0 0.00  0.0    0  5.8 15  10   M    M   3        22 320
 2  37  22  30  -6  35   0 0.00    M    M 14.9 25 170   M    M   8 1      31 170
 3  29  14  22 -14  43   0 0.05    M    M 14.9 33 360   M    M  10 128    42 350
 4  27   5  16 -20  49   0    T    M    M 11.2 23 320   M    M   4 18     29 330
 5  45   5  25 -11  40   0 0.00    M    M 12.7 26 310   M    M   0        33 310
 6  57  26  42   5  23   0 0.00  0.0    0 13.6 23 300   M    M   1        29 290
 7  62  29  46   9  19   0 0.00    M    M 11.1 22 230   M    M   0        32 220
 8  55  28  42   5  23   0 0.00    M    M  8.9 17 340   M    M   0        21 340
 9  63  23  43   5  22   0 0.00    M    M 10.0 20 330   M    M   0        24 330
10  66  25  46   8  19   0 0.00    M    M 10.6 21  10   M    M   0        25  10
11  71  22  47   9  18   0 0.00    M    M 12.8 25 210   M    M   0        34 210
12  70  33  52  14  13   0 0.00    M    M 11.9 25 360   M    M   0        30 360
13  66  28  47   9  18   0 0.00    M    M 10.3 22  20   M    M   1        27 320
14  68  21  45   6  20   0 0.00    M    M 13.8 24 200   M    M   0        29 200
15  81  40  61  22   4   0 0.00    M    M 11.8 20 200   M    M   0        26 280
16  81  35  58  19   7   0 0.00    M    M 17.2 35  30   M    M   0        44  20
17  46  29  38  -1  27   0 0.00    M    M 14.4 25 150   M    M   6        31 160
18  66  31  49   9  16   0 0.00    M    M 10.9 20 180   M    M   0 8      23 180
19  60  26  43   3  22   0 0.00    M    M  8.5 21 320   M    M   3        27 310
20  72  24  48   8  17   0 0.00    M    M  8.6 20 250   M    M   0        23 240
21  73  25  49   9  16   0 0.00    M    M 10.3 23 210   M    M   0        31 200
22  68  35  52  12  13   0 0.00    M    M 14.6 28 320   M    M   0        34 320
23  64  33  49   8  16   0 0.16    M    M 14.8 32 160   M    M   3        43 150
24  61  34  48   7  17   0    T    M    M 16.2 31 320   M    M   2        41 320
25  51  23  37  -4  28   0 0.01    M    M 10.9 22  30   M    M   7 1      29 360
26  57  22  40  -1  25   0 0.00    M    M 15.4 35 340   M    M   8        42 340
27  70  35  53  11  12   0 0.03    M    M 12.6 32 340   M    M   4        49 310
================================================================================
SM 1600  685       604   0  0.25     0.0 328.7          M       60
================================================================================
AV 59.3 25.4                              12.2 FASTST   M    M   2    MAX(MPH)
                                 MISC ---->  # 35  30               # 49  310
================================================================================
NOTES:
# LAST OF SEVERAL OCCURRENCES

COLUMN 17 PEAK WIND IN M.P.H.

PRELIMINARY LOCAL CLIMATOLOGICAL DATA (WS FORM: F-6) , PAGE 2

                                          STATION:  SIDNEY NEBRASKA AIRPORT
                                          MONTH:    MARCH
                                          YEAR:     2015
                                          LATITUDE:   41  5 N
                                          LONGITUDE: 102 59 W

[TEMPERATURE DATA]      [PRECIPITATION DATA]       SYMBOLS USED IN COLUMN 16

AVERAGE MONTHLY: 42.3   TOTAL FOR MONTH:   0.25    1 = FOG OR MIST
DPTR FM NORMAL:   3.7   DPTR FM NORMAL:   -0.65    2 = FOG REDUCING VISIBILITY
HIGHEST:    81 ON 16,15 GRTST 24HR  0.16 ON 23-23      TO 1/4 MILE OR LESS
LOWEST:      5 ON  5, 4                            3 = THUNDER
                        SNOW, ICE PELLETS, HAIL    4 = ICE PELLETS
                        TOTAL MONTH:   0.0 INCH    5 = HAIL
                        GRTST 24HR     0.0         6 = FREEZING RAIN OR DRIZZLE
                        GRTST DEPTH:   0           7 = DUSTSTORM OR SANDSTORM:
                                                       VSBY 1/2 MILE OR LESS
                                                   8 = SMOKE OR HAZE
[NO. OF DAYS WITH]      [WEATHER - DAYS WITH]      9 = BLOWING SNOW
                                                   X = TORNADO
MAX 32 OR BELOW:   2    0.01 INCH OR MORE:   4
MAX 90 OR ABOVE:   0    0.10 INCH OR MORE:   1
MIN 32 OR BELOW:  20    0.50 INCH OR MORE:   0
MIN  0 OR BELOW:   0    1.00 INCH OR MORE:   0

[HDD (BASE 65) ]
TOTAL THIS MO.   604    CLEAR  (SCALE 0-3)  18
DPTR FM NORMAL  -109    PTCLDY (SCALE 4-7)   7
TOTAL FM JUL 1  5336    CLOUDY (SCALE 8-10)  2
DPTR FM NORMAL    41

[CDD (BASE 65) ]
TOTAL THIS MO.     0
DPTR FM NORMAL     0    [PRESSURE DATA]
TOTAL FM JAN 1     0    HIGHEST SLP M ON M
DPTR FM NORMAL     0    LOWEST  SLP 29.48 ON M

[REMARKS]
