000
CXUS56 KPQR 221230
CF6SPB
PRELIMINARY LOCAL CLIMATOLOGICAL DATA (WS FORM: F-6)

                                          STATION:   SCAPPOOSE OR
                                          MONTH:     AUGUST
                                          YEAR:      2014
                                          LATITUDE:   45 46 N
                                          LONGITUDE: 122 50 W

  TEMPERATURE IN F:       :PCPN:    SNOW:  WIND      :SUNSHINE: SKY     :PK WND
================================================================================
1   2   3   4   5  6A  6B    7    8   9   10  11  12  13   14  15   16   17  18
                                     12Z  AVG MX 2MIN
DY MAX MIN AVG DEP HDD CDD  WTR  SNW DPTH SPD SPD DIR MIN PSBL S-S WX    SPD DR
================================================================================

 1  92  62  77   9   0  12 0.34  0.0    0  7.7 20 360   M    M   0 13     23 360
 2  89  58  74   6   0   9 0.00  0.0    0  5.5 16 360   M    M   0        21  20
 3  91  54  73   5   0   8 0.00  0.0    0  7.7 18 360   M    M   0        23  10
 4  94  60  77   9   0  12 0.00  0.0    0  9.3 17 330   M    M   0        25 330
 5  83  54  69   1   0   4 0.00  0.0    0  7.0 15 360   M    M   0        21 350
 6  85  57  71   3   0   6 0.00  0.0    0  5.8 17 360   M    M   4        22  30
 7  84  49  67  -1   0   2 0.00  0.0    0  7.1 15 360   M    M   1        21 320
 8  80  51  66  -2   0   1 0.00  0.0    0  6.8 15 340   M    M   1        21 320
 9  86  50  68   0   0   3 0.00  0.0    0  8.8 20 360   M    M   0        25 340
10  94  64  79  11   0  14 0.00  0.0    0 11.0 20 360   M    M   0        24 360
11  99  63  81  13   0  16 0.00  0.0    0  2.8 10  10   M    M   0        14  10
12  79  63  71   3   0   6 0.08  0.0    0  3.3 16 360   M    M   5 3      18 360
13  74  58  66  -2   0   1 0.08  0.0    0  2.9 13 320   M    M   8 1      19 320
14  80  59  70   3   0   5 0.00  0.0    0  3.1 10 340   M    M   5        13 210
15  78  63  71   4   0   6    T  0.0    0  3.9 10 340   M    M   6        13  10
16  85  62  74   7   0   9 0.00  0.0    0  6.8 15  10   M    M   0        19  10
17  88  65  77  10   0  12 0.00  0.0    0  9.4 18 360   M    M   0        24  10
18  91  64  78  11   0  13 0.00  0.0    0  9.3 18 360   M    M   0        23 320
19  86  58  72   5   0   7 0.00  0.0    0  6.2 16 270   M    M   0        24 300
20  78  55  67   0   0   2 0.00  0.0    0  6.3 15 360   M    M   3        19 330
21  79  45  62  -5   3   0 0.00  0.0    0  3.7 12  80   M    M   2        13  70
================================================================================
SM 1795 1214         3 148  0.50     0.0 134.4          M       35
================================================================================
AV 85.5 57.8                               6.4 FASTST   M    M   2    MAX(MPH)
                                 MISC ---->  # 20 360               # 25  330
================================================================================
NOTES:
# LAST OF SEVERAL OCCURRENCES

COLUMN 17 PEAK WIND IN M.P.H.

PRELIMINARY LOCAL CLIMATOLOGICAL DATA (WS FORM: F-6) , PAGE 2

                                          STATION:  SCAPPOOSE OR
                                          MONTH:    AUGUST
                                          YEAR:     2014
                                          LATITUDE:   45 46 N
                                          LONGITUDE: 122 50 W

[TEMPERATURE DATA]      [PRECIPITATION DATA]       SYMBOLS USED IN COLUMN 16

AVERAGE MONTHLY: 71.6   TOTAL FOR MONTH:   0.50    1 = FOG OR MIST
DPTR FM NORMAL:   4.0   DPTR FM NORMAL:   -0.01    2 = FOG REDUCING VISIBILITY
HIGHEST:    99 ON 11    GRTST 24HR  0.34 ON  1- 1      TO 1/4 MILE OR LESS
LOWEST:     45 ON 21                               3 = THUNDER
                        SNOW, ICE PELLETS, HAIL    4 = ICE PELLETS
                        TOTAL MONTH:   0.0 INCH    5 = HAIL
                        GRTST 24HR     0.0         6 = FREEZING RAIN OR DRIZZLE
                        GRTST DEPTH:   0           7 = DUSTSTORM OR SANDSTORM:
                                                       VSBY 1/2 MILE OR LESS
                                                   8 = SMOKE OR HAZE
[NO. OF DAYS WITH]      [WEATHER - DAYS WITH]      9 = BLOWING SNOW
                                                   X = TORNADO
MAX 32 OR BELOW:   0    0.01 INCH OR MORE:   3
MAX 90 OR ABOVE:   6    0.10 INCH OR MORE:   1
MIN 32 OR BELOW:   0    0.50 INCH OR MORE:   0
MIN  0 OR BELOW:   0    1.00 INCH OR MORE:   0

[HDD (BASE 65) ]
TOTAL THIS MO.     3    CLEAR  (SCALE 0-3)  16
DPTR FM NORMAL   -18    PTCLDY (SCALE 4-7)   5
TOTAL FM JUL 1    10    CLOUDY (SCALE 8-10)  0
DPTR FM NORMAL   -57

[CDD (BASE 65) ]
TOTAL THIS MO.   148
DPTR FM NORMAL    71    [PRESSURE DATA]
TOTAL FM JAN 1   348    HIGHEST SLP M ON M
DPTR FM NORMAL   151    LOWEST  SLP 29.77 ON M

[REMARKS]
