000
CXUS56 KPQR 261200
CF6SPB
PRELIMINARY LOCAL CLIMATOLOGICAL DATA (WS FORM: F-6)

                                          STATION:   SCAPPOOSE OR
                                          MONTH:     SEPTEMBER
                                          YEAR:      2016
                                          LATITUDE:   45 46 N
                                          LONGITUDE: 122 50 W

  TEMPERATURE IN F:       :PCPN:    SNOW:  WIND      :SUNSHINE: SKY     :PK WND
================================================================================
1   2   3   4   5  6A  6B    7    8   9   10  11  12  13   14  15   16   17  18
                                     12Z  AVG MX 2MIN
DY MAX MIN AVG DEP HDD CDD  WTR  SNW DPTH SPD SPD DIR MIN PSBL S-S WX    SPD DR
================================================================================

 1  68  51  60  -5   5   0 0.08  0.0    0  2.8 10 150   M    M   7 1      14 140
 2  71  52  62  -3   3   0 0.04  0.0    0  3.5 13 280   M    M   8 1      17 300
 3  69  45  57  -8   8   0 0.00  0.0    0  3.4  9 340   M    M   5 1      14 170
 4  72  48  60  -5   5   0 0.00  0.0    0  4.5 10  20   M    M   5        14  10
 5  71  43  57  -8   8   0 0.02  0.0    0  1.9 10  80   M    M   4 1      14  80
 6  64  53  59  -5   6   0 0.18  0.0    0  3.1  9  80   M    M   8 1      13 140
 7  73  54  64   0   1   0 0.00  0.0    0  3.5 12 350   M    M   8        16  10
 8  76  56  66   2   0   1 0.00  0.0    0  5.1 14 340   M    M   6        18 350
 9  83  46  65   1   0   0 0.00  0.0    0  6.9 14 340   M    M   0        19 340
10  86  50  68   4   0   3 0.00  0.0    0  6.1 16 320   M    M   0        25 320
11  73  46  60  -3   5   0 0.00  0.0    0  4.5 16 360   M    M   2        19 360
12  79  45  62  -1   3   0 0.00  0.0    0  4.6 13 360   M    M   0        17  20
13  81  42  62  -1   3   0 0.00  0.0    0  3.7 10  20   M    M   0        15 360
14  79  43  61  -2   4   0 0.00  0.0    0  4.6 12  10   M    M   0        15  10
15  81  46  64   2   1   0 0.00  0.0    0  3.2 10 360   M    M   1 1      13 360
16  82  46  64   2   1   0 0.00  0.0    0  3.0 10  10   M    M   1 1      14  20
17  61  57  59  -3   6   0 0.48  0.0    0  3.2 12 140   M    M  10 1      13 140
18  73  49  61  -1   4   0 0.03    M    0  2.4  9 300   M    M   7 1      13 330
19  67  46  57  -4   8   0 0.04    M    0  3.3 12 130   M    M   5 1      16 140
20  72  43  58  -3   7   0    T    M    0  3.2 12 340   M    M   0 1      16 350
21  74  43  59  -2   6   0 0.00  0.0    0  5.1 17 360   M    M   0 1      22  10
22  66  44  55  -5  10   0 0.00  0.0    0  2.8  9 110   M    M   5 1      11 100
23  61  46  54  -6  11   0 0.06    M    0  3.1 14 160   M    M   9 12     23 190
24  69  46  58  -2   7   0 0.00  0.0    0  2.0  8  80   M    M   6 12     11  80
25  83  48  66   7   0   1 0.00  0.0    0  4.3 14 360   M    M   1 1      18  10
================================================================================
SM 1834 1188       112   5  0.93     0.0  93.8          M       98
================================================================================
AV 73.4 47.5                               3.8 FASTST   M    M   4    MAX(MPH)
                                 MISC ---->  # 17 360               # 25  320
================================================================================
NOTES:
# LAST OF SEVERAL OCCURRENCES

COLUMN 17 PEAK WIND IN M.P.H.

PRELIMINARY LOCAL CLIMATOLOGICAL DATA (WS FORM: F-6) , PAGE 2

                                          STATION:  SCAPPOOSE OR
                                          MONTH:    SEPTEMBER
                                          YEAR:     2016
                                          LATITUDE:   45 46 N
                                          LONGITUDE: 122 50 W

[TEMPERATURE DATA]      [PRECIPITATION DATA]       SYMBOLS USED IN COLUMN 16

AVERAGE MONTHLY: 60.4   TOTAL FOR MONTH:   0.93    1 = FOG OR MIST
DPTR FM NORMAL:  -2.2   DPTR FM NORMAL:   -0.14    2 = FOG REDUCING VISIBILITY
HIGHEST:    86 ON 10    GRTST 24HR  0.48 ON 17-17      TO 1/4 MILE OR LESS
LOWEST:     42 ON 13                               3 = THUNDER
                        SNOW, ICE PELLETS, HAIL    4 = ICE PELLETS
                        TOTAL MONTH:   0.0 INCH    5 = HAIL
                        GRTST 24HR     0.0         6 = FREEZING RAIN OR DRIZZLE
                        GRTST DEPTH:   0           7 = DUSTSTORM OR SANDSTORM:
                                                       VSBY 1/2 MILE OR LESS
                                                   8 = SMOKE OR HAZE
[NO. OF DAYS WITH]      [WEATHER - DAYS WITH]      9 = BLOWING SNOW
                                                   X = TORNADO
MAX 32 OR BELOW:   0    0.01 INCH OR MORE:   8
MAX 90 OR ABOVE:   0    0.10 INCH OR MORE:   2
MIN 32 OR BELOW:   0    0.50 INCH OR MORE:   0
MIN  0 OR BELOW:   0    1.00 INCH OR MORE:   0

[HDD (BASE 65) ]
TOTAL THIS MO.   112    CLEAR  (SCALE 0-3)  11
DPTR FM NORMAL    23    PTCLDY (SCALE 4-7)  10
TOTAL FM JUL 1   161    CLOUDY (SCALE 8-10)  4
DPTR FM NORMAL    -9

[CDD (BASE 65) ]
TOTAL THIS MO.     5
DPTR FM NORMAL   -27    [PRESSURE DATA]
TOTAL FM JAN 1   354    HIGHEST SLP M ON M
DPTR FM NORMAL   104    LOWEST  SLP 29.88 ON 13

[REMARKS]
