000
CXUS55 KPUB 181159
CF6SPD
PRELIMINARY LOCAL CLIMATOLOGICAL DATA (WS FORM: F-6)

                                          STATION:   SPRINGFIELD CO
                                          MONTH:     NOVEMBER
                                          YEAR:      2017
                                          LATITUDE:   37 16 N
                                          LONGITUDE: 102 37 W

  TEMPERATURE IN F:       :PCPN:    SNOW:  WIND      :SUNSHINE: SKY     :PK WND
================================================================================
1   2   3   4   5  6A  6B    7    8   9   10  11  12  13   14  15   16   17  18
                                     12Z  AVG MX 2MIN
DY MAX MIN AVG DEP HDD CDD  WTR  SNW DPTH SPD SPD DIR MIN PSBL S-S WX    SPD DR
================================================================================

 1  77  40  59  11   6   0 0.00  0.0    0  9.1 26 280   M    M   0        33 290
 2  57  30  44  -3  21   0 0.00  0.0    0 10.2 21  30   M    M   0        24 320
 3  58  36  47   0  18   0 0.00  0.0    0  9.8 20 170   M    M   0        23 170
 4  79  41  60  13   5   0 0.00  0.0    0  7.5 21 260   M    M   0        29 250
 5  53  31  42  -4  23   0 0.00  0.0    0  9.7 15  30   M    M   0        21 250
 6  51  33  42  -4  23   0 0.00  0.0    0  9.8 16 110   M    M   0        20 100
 7  39  28  34 -11  31   0 0.02    M    0  7.6 14  50   M    M   0        17  70
 8  50  25  38  -7  27   0 0.02    M    M  6.8 14 170   M    M   0        21 240
 9  45  23  34 -10  31   0 0.00  0.0    0  8.3 16 310   M    M   0        19 350
10  56  19  38  -6  27   0 0.00  0.0    0  8.6 20 160   M    M   0        24 160
11  61  26  44   0  21   0 0.00  0.0    0  8.6 18 320   M    M   0        22 320
12  53  29  41  -2  24   0 0.00  0.0    0 10.9 23 190   M    M   0        27 190
13  75  38  57  14   8   0 0.00  0.0    0 10.6 28 190   M    M   0        34 190
14  78  33  56  14   9   0 0.00  0.0    0  7.7 24 360   M    M   0        29 360
15  54  30  42   0  23   0 0.00  0.0    0 12.8 22 200   M    M   0        28 350
16  72  32  52  11  13   0 0.00  0.0    0 11.8 24 190   M    M   0        32 190
17  78  38  58  17   7   0 0.00  0.0    0 15.0 38 280   M    M   0        52 270
================================================================================
SM 1036  532       317   0  0.04     0.0 164.8          M        0
================================================================================
AV 60.9 31.3                               9.7 FASTST   M    M   0    MAX(MPH)
                                 MISC ---->  # 38 280               # 52  270
================================================================================
NOTES:
# LAST OF SEVERAL OCCURRENCES

COLUMN 17 PEAK WIND IN M.P.H.

PRELIMINARY LOCAL CLIMATOLOGICAL DATA (WS FORM: F-6) , PAGE 2

                                          STATION:  SPRINGFIELD CO
                                          MONTH:    NOVEMBER
                                          YEAR:     2017
                                          LATITUDE:   37 16 N
                                          LONGITUDE: 102 37 W

[TEMPERATURE DATA]      [PRECIPITATION DATA]       SYMBOLS USED IN COLUMN 16

AVERAGE MONTHLY: 46.1   TOTAL FOR MONTH:   0.04    1 = FOG OR MIST
DPTR FM NORMAL:   1.7   DPTR FM NORMAL:   -0.32    2 = FOG REDUCING VISIBILITY
HIGHEST:    79 ON  4    GRTST 24HR  0.02 ON  8- 8      TO 1/4 MILE OR LESS
LOWEST:     19 ON 10                               3 = THUNDER
                        SNOW, ICE PELLETS, HAIL    4 = ICE PELLETS
                        TOTAL MONTH:   0.0 INCH    5 = HAIL
                        GRTST 24HR     0.0         6 = FREEZING RAIN OR DRIZZLE
                        GRTST DEPTH:   0           7 = DUSTSTORM OR SANDSTORM:
                                                       VSBY 1/2 MILE OR LESS
                                                   8 = SMOKE OR HAZE
[NO. OF DAYS WITH]      [WEATHER - DAYS WITH]      9 = BLOWING SNOW
                                                   X = TORNADO
MAX 32 OR BELOW:   0    0.01 INCH OR MORE:   2
MAX 90 OR ABOVE:   0    0.10 INCH OR MORE:   0
MIN 32 OR BELOW:  10    0.50 INCH OR MORE:   0
MIN  0 OR BELOW:   0    1.00 INCH OR MORE:   0

[HDD (BASE 65) ]
TOTAL THIS MO.   317    CLEAR  (SCALE 0-3)  17
DPTR FM NORMAL   -33    PTCLDY (SCALE 4-7)   0
TOTAL FM JUL 1   745    CLOUDY (SCALE 8-10)  0
DPTR FM NORMAL   -50

[CDD (BASE 65) ]
TOTAL THIS MO.     0
DPTR FM NORMAL     0    [PRESSURE DATA]
TOTAL FM JAN 1   852    HIGHEST SLP M ON M
DPTR FM NORMAL  -176    LOWEST  SLP 29.62 ON 17

[REMARKS]
