000
CXUS55 KTBW 211000
CF6SPG
PRELIMINARY LOCAL CLIMATOLOGICAL DATA (WS FORM: F-6)

                                          STATION:   Saint Petersburg
                                          MONTH:     OCTOBER
                                          YEAR:      2014
                                          LATITUDE:   27 46 N
                                          LONGITUDE:  82 38 W

  TEMPERATURE IN F:       :PCPN:    SNOW:  WIND      :SUNSHINE: SKY     :PK WND
================================================================================
1   2   3   4   5  6A  6B    7    8   9   10  11  12  13   14  15   16   17  18
                                     12Z  AVG MX 2MIN
DY MAX MIN AVG DEP HDD CDD  WTR  SNW DPTH SPD SPD DIR MIN PSBL S-S WX    SPD DR
================================================================================

 1  85  75  80   0   0  15    T  0.0    0  6.1 15 290   M    M   3        22 250
 2  86  77  82   2   0  17    T  0.0    0  5.3 12 270   M    M   4        14 260
 3  86  78  82   2   0  17 0.25  0.0    0  7.6 15 310   M    M   2 13     23 270
 4  83  73  78  -2   0  13 0.59  0.0    0  7.9 21 360   M    M   3 13     26  10
 5  77  65  71  -9   0   6 0.00  0.0    0 12.1 21  30   M    M   0        26  30
 6  80  69  75  -5   0  10 0.00  0.0    0 11.2 20 150   M    M   0        23 150
 7  85  74  80   1   0  15    T  0.0    0  8.1 20 180   M    M   2        23 160
 8  89  75  82   3   0  17 0.00  0.0    0  5.4 12 350   M    M   1        16 320
 9  87  77  82   3   0  17 0.00  0.0    0  8.2 17 110   M    M   0        20 120
10  88  76  82   3   0  17 0.00  0.0    0  8.3 16 120   M    M   1        20 120
11  90  77  84   6   0  19 0.00  0.0    0  6.8 18 130   M    M   0        21 130
12  88  76  82   4   0  17 0.00  0.0    0  8.6 23 130   M    M   0        26 120
13  89  76  83   5   0  18    T  0.0    0 10.2 23 190   M    M   3 3      27 180
14  84  74  79   1   0  14 1.06  0.0    0 12.2 22 190   M    M   3 13     27 290
15  82  71  77  -1   0  12 0.19  0.0    0  5.7 15 340   M    M   4 1      20 350
16  80  71  76  -1   0  11 0.00  0.0    0  6.2 18 290   M    M   3        25 340
17  82  70  76  -1   0  11 0.00  0.0    0  6.5 13 250   M    M   0        16 250
18  82  67  75  -2   0  10 0.00  0.0    0  3.2 13 350   M    M   0        19 350
19  84  71  78   2   0  13 0.00  0.0    0  5.6 21  90   M    M   1        24  90
20  86  72  79   3   0  14 0.00  0.0    0  6.3 18 100   M    M   0        21  90
================================================================================
SM 1693 1464         0 283  2.09     0.0 151.5          M       30
================================================================================
AV 84.7 73.2                               7.6 FASTST   M    M   2    MAX(MPH)
                                 MISC ---->  # 23 130               # 27  180
================================================================================
NOTES:
# LAST OF SEVERAL OCCURRENCES

COLUMN 17 PEAK WIND IN M.P.H.

PRELIMINARY LOCAL CLIMATOLOGICAL DATA (WS FORM: F-6) , PAGE 2

                                          STATION:  Saint Petersburg
                                          MONTH:    OCTOBER
                                          YEAR:     2014
                                          LATITUDE:   27 46 N
                                          LONGITUDE:  82 38 W

[TEMPERATURE DATA]      [PRECIPITATION DATA]       SYMBOLS USED IN COLUMN 16

AVERAGE MONTHLY: 78.9   TOTAL FOR MONTH:   2.09    1 = FOG OR MIST
DPTR FM NORMAL:   0.5   DPTR FM NORMAL:    0.05    2 = FOG REDUCING VISIBILITY
HIGHEST:    90 ON 11    GRTST 24HR  1.25 ON 14-15      TO 1/4 MILE OR LESS
LOWEST:     65 ON  5                               3 = THUNDER
                        SNOW, ICE PELLETS, HAIL    4 = ICE PELLETS
                        TOTAL MONTH:   0.0 INCH    5 = HAIL
                        GRTST 24HR     0.0         6 = FREEZING RAIN OR DRIZZLE
                        GRTST DEPTH:   0           7 = DUSTSTORM OR SANDSTORM:
                                                       VSBY 1/2 MILE OR LESS
                                                   8 = SMOKE OR HAZE
[NO. OF DAYS WITH]      [WEATHER - DAYS WITH]      9 = BLOWING SNOW
                                                   X = TORNADO
MAX 32 OR BELOW:   0    0.01 INCH OR MORE:   4
MAX 90 OR ABOVE:   1    0.10 INCH OR MORE:   4
MIN 32 OR BELOW:   0    0.50 INCH OR MORE:   2
MIN  0 OR BELOW:   0    1.00 INCH OR MORE:   1

[HDD (BASE 65) ]
TOTAL THIS MO.     0    CLEAR  (SCALE 0-3)  16
DPTR FM NORMAL     0    PTCLDY (SCALE 4-7)   4
TOTAL FM JUL 1     0    CLOUDY (SCALE 8-10)  0
DPTR FM NORMAL     0

[CDD (BASE 65) ]
TOTAL THIS MO.   283
DPTR FM NORMAL    13    [PRESSURE DATA]
TOTAL FM JAN 1  3510    HIGHEST SLP M ON M
DPTR FM NORMAL   107    LOWEST  SLP 29.82 ON  1

[REMARKS]
