000
CXUS55 KTBW 271000
CF6SPG
PRELIMINARY LOCAL CLIMATOLOGICAL DATA (WS FORM: F-6)

                                          STATION:   Saint Petersburg
                                          MONTH:     MAY
                                          YEAR:      2016
                                          LATITUDE:   27 46 N
                                          LONGITUDE:  82 38 W

  TEMPERATURE IN F:       :PCPN:    SNOW:  WIND      :SUNSHINE: SKY     :PK WND
================================================================================
1   2   3   4   5  6A  6B    7    8   9   10  11  12  13   14  15   16   17  18
                                     12Z  AVG MX 2MIN
DY MAX MIN AVG DEP HDD CDD  WTR  SNW DPTH SPD SPD DIR MIN PSBL S-S WX    SPD DR
================================================================================

 1  89  73  81   5   0  16 0.00  0.0    0  9.6 18 150   M    M   1        21 150
 2  86  74  80   4   0  15 0.00  0.0    0 11.2 20 130   M    M   1        26 250
 3  84  76  80   4   0  15 0.00  0.0    0  8.9 17 270   M    M   4        22 270
 4  79  69  74  -3   0   9 3.62  0.0    0  9.2 31 160   M    M   5 123    41 360
 5  78  68  73  -4   0   8 0.00  0.0    0  9.4 22 280   M    M   2        31 280
 6  74  67  71  -6   0   6 0.00  0.0    0  9.4 18 350   M    M   1 8      28  10
 7  77  67  72  -5   0   7 0.00  0.0    0  8.4 18  30   M    M   0        31  20
 8  84  67  76  -2   0  11 0.00  0.0    0  4.6 13 260   M    M   0        16 250
 9  83  71  77  -1   0  12 0.00  0.0    0  6.9 22 140   M    M   0        25 150
10  84  71  78   0   0  13 0.00  0.0    0  9.1 23 160   M    M   1        28 150
11  87  74  81   3   0  16 0.00  0.0    0  7.9 18 170   M    M   2        21 170
12  85  74  80   2   0  15 0.00  0.0    0  8.2 16 160   M    M   1        19 140
13  84  75  80   2   0  15 0.00  0.0    0  6.5 15 270   M    M   2        20 290
14  85  75  80   1   0  15 0.00  0.0    0  5.6 17 260   M    M   2        21 260
15  85  74  80   1   0  15 0.00  0.0    0  5.9 14  90   M    M   0        16  90
16  90  75  83   4   0  18 0.00  0.0    0 10.2 23  70   M    M   2        25  70
17  88  73  81   2   0  16 0.40  0.0    0 10.4 25 290   M    M   6 138    31 290
18  87  73  80   0   0  15 0.00  0.0    0  7.1 14 270   M    M   6        18 260
19  85  76  81   1   0  16 0.00  0.0    0  9.2 17 250   M    M   4        22 250
20  87  72  80   0   0  15 0.18  0.0    0  8.2 24 320   M    M   4 1      34 310
21  85  74  80   0   0  15 0.00  0.0    0  7.9 25 160   M    M   0        28 160
22  85  76  81   1   0  16 0.00  0.0    0  8.0 17 350   M    M   1        24 330
23  86  75  81   1   0  16 0.00  0.0    0  5.6 14 280   M    M   1        21 280
24  88  73  81   1   0  16 0.00  0.0    0  6.4 18 130   M    M   1        22 130
25  90  76  83   2   0  18 0.00  0.0    0 13.6 21 120   M    M   1        24 120
26  88  74  81   0   0  16 0.00  0.0    0 12.1 20 120   M    M   1        24 130
================================================================================
SM 2203 1892         0 365  4.20     0.0 219.5          M       49
================================================================================
AV 84.7 72.8                               8.4 FASTST   M    M   2    MAX(MPH)
                                 MISC ---->  # 31 160               # 41  360
================================================================================
NOTES:
# LAST OF SEVERAL OCCURRENCES

COLUMN 17 PEAK WIND IN M.P.H.

PRELIMINARY LOCAL CLIMATOLOGICAL DATA (WS FORM: F-6) , PAGE 2

                                          STATION:  Saint Petersburg
                                          MONTH:    MAY
                                          YEAR:     2016
                                          LATITUDE:   27 46 N
                                          LONGITUDE:  82 38 W

[TEMPERATURE DATA]      [PRECIPITATION DATA]       SYMBOLS USED IN COLUMN 16

AVERAGE MONTHLY: 78.8   TOTAL FOR MONTH:   4.20    1 = FOG OR MIST
DPTR FM NORMAL:   0.2   DPTR FM NORMAL:    2.51    2 = FOG REDUCING VISIBILITY
HIGHEST:    90 ON 25,16 GRTST 24HR  3.62 ON  4- 4      TO 1/4 MILE OR LESS
LOWEST:     67 ON  8, 7                            3 = THUNDER
                        SNOW, ICE PELLETS, HAIL    4 = ICE PELLETS
                        TOTAL MONTH:   0.0 INCH    5 = HAIL
                        GRTST 24HR     0.0         6 = FREEZING RAIN OR DRIZZLE
                        GRTST DEPTH:   0           7 = DUSTSTORM OR SANDSTORM:
                                                       VSBY 1/2 MILE OR LESS
                                                   8 = SMOKE OR HAZE
[NO. OF DAYS WITH]      [WEATHER - DAYS WITH]      9 = BLOWING SNOW
                                                   X = TORNADO
MAX 32 OR BELOW:   0    0.01 INCH OR MORE:   3
MAX 90 OR ABOVE:   2    0.10 INCH OR MORE:   3
MIN 32 OR BELOW:   0    0.50 INCH OR MORE:   1
MIN  0 OR BELOW:   0    1.00 INCH OR MORE:   1

[HDD (BASE 65) ]
TOTAL THIS MO.     0    CLEAR  (SCALE 0-3)  20
DPTR FM NORMAL     0    PTCLDY (SCALE 4-7)   6
TOTAL FM JUL 1   269    CLOUDY (SCALE 8-10)  0
DPTR FM NORMAL  -148

[CDD (BASE 65) ]
TOTAL THIS MO.   365
DPTR FM NORMAL    15    [PRESSURE DATA]
TOTAL FM JAN 1   961    HIGHEST SLP M ON M
DPTR FM NORMAL   131    LOWEST  SLP 29.63 ON  4

[REMARKS]
