000
CXUS56 KMTR 241000
CF6STS
PRELIMINARY LOCAL CLIMATOLOGICAL DATA (WS FORM: F-6)

                                          STATION:   SANTA ROSA AIRPORT
                                          MONTH:     MAY
                                          YEAR:      2015
                                          LATITUDE:   38 30 N
                                          LONGITUDE: 122 49 W

  TEMPERATURE IN F:       :PCPN:    SNOW:  WIND      :SUNSHINE: SKY     :PK WND
================================================================================
1   2   3   4   5  6A  6B    7    8   9   10  11  12  13   14  15   16   17  18
                                     12Z  AVG MX 2MIN
DY MAX MIN AVG DEP HDD CDD  WTR  SNW DPTH SPD SPD DIR MIN PSBL S-S WX    SPD DR
================================================================================

 1  81  50  66   8   0   1 0.00  0.0    0  6.6 16 180   M    M   2        20 180
 2  71  50  61   3   4   0 0.00  0.0    0  4.8 15 170   M    M   6        20 160
 3  61  49  55  -3  10   0 0.00    M    0  4.3 15 190   M    M   9 1      18 180
 4  68  45  57  -1   8   0 0.00    M    0  4.1 14 140   M    M   6 1      18 150
 5  74  40  57  -2   8   0 0.00  0.0    0  3.6 14 140   M    M   3 12     17 130
 6  79  39  59   0   6   0    T    M    0  6.2 20 340   M    M   1 1      24 310
 7  77  49  63   4   2   0 0.00  0.0    0  7.4 21  30   M    M   4        28  50
 8  72  43  58  -1   7   0 0.00  0.0    0  5.8 17 170   M    M   3 8      21 180
 9  71  49  60   1   5   0 0.00  0.0    0  5.7 15 140   M    M   6 1      20 150
10  71  47  59  -1   6   0 0.00  0.0    0  4.7 15 140   M    M   5 18     21 220
11  77  40  59  -1   6   0 0.00  0.0    0  6.6 21 320   M    M   4 12     28 330
12  70  46  58  -2   7   0 0.00  0.0    0  8.1 20 250   M    M   2        24 250
13  66  45  56  -4   9   0 0.00  0.0    0  4.7 20 250   M    M   5        25 230
14  68  49  59  -1   6   0 0.00  0.0    0  4.7 15 180   M    M   6 1      20 180
15  74  48  61   1   4   0 0.00  0.0    0  5.1 17 270   M    M   6 1      22 280
16  72  43  58  -2   7   0 0.00  0.0    0  4.5 15 140   M    M   3 1      18 220
17  70  48  59  -2   6   0 0.00  0.0    0  5.0 17 140   M    M   3        21 140
18  69  46  58  -3   7   0    T    M    0  5.2 16 150   M    M   6 12     22 140
19  72  47  60  -1   5   0    T    M    0  4.5 14 140   M    M   6 18     18 200
20  69  50  60  -1   5   0    T  0.0    0  4.6 14 150   M    M   7 1      22 170
21  71  53  62   1   3   0    T  0.0    0  4.5 15 230   M    M   9 1      21 220
22  74  50  62   1   3   0 0.00  0.0    0  5.4 16 140   M    M   6        20 150
23  75  51  63   1   2   0 0.00  0.0    0  4.7 14 170   M    M   6 1      20 160
================================================================================
SM 1652 1077       126   1    T      0.0 120.8          M      114
================================================================================
AV 71.8 46.8                               5.3 FASTST   M    M   5    MAX(MPH)
                                 MISC ---->  # 21  30               # 28   50
================================================================================
NOTES:
# LAST OF SEVERAL OCCURRENCES

COLUMN 17 PEAK WIND IN M.P.H.

PRELIMINARY LOCAL CLIMATOLOGICAL DATA (WS FORM: F-6) , PAGE 2

                                          STATION:  SANTA ROSA AIRPORT
                                          MONTH:    MAY
                                          YEAR:     2015
                                          LATITUDE:   38 30 N
                                          LONGITUDE: 122 49 W

[TEMPERATURE DATA]      [PRECIPITATION DATA]       SYMBOLS USED IN COLUMN 16

AVERAGE MONTHLY: 59.3   TOTAL FOR MONTH:      T    1 = FOG OR MIST
DPTR FM NORMAL:  -0.5   DPTR FM NORMAL:   -1.14    2 = FOG REDUCING VISIBILITY
HIGHEST:    81 ON  1    GRTST 24HR  0.01 ON  3- 4      TO 1/4 MILE OR LESS
LOWEST:     39 ON  6                               3 = THUNDER
                        SNOW, ICE PELLETS, HAIL    4 = ICE PELLETS
                        TOTAL MONTH:   0.0 INCH    5 = HAIL
                        GRTST 24HR     0.0         6 = FREEZING RAIN OR DRIZZLE
                        GRTST DEPTH:   0           7 = DUSTSTORM OR SANDSTORM:
                                                       VSBY 1/2 MILE OR LESS
                                                   8 = SMOKE OR HAZE
[NO. OF DAYS WITH]      [WEATHER - DAYS WITH]      9 = BLOWING SNOW
                                                   X = TORNADO
MAX 32 OR BELOW:   0    0.01 INCH OR MORE:   0
MAX 90 OR ABOVE:   0    0.10 INCH OR MORE:   0
MIN 32 OR BELOW:   0    0.50 INCH OR MORE:   0
MIN  0 OR BELOW:   0    1.00 INCH OR MORE:   0

[HDD (BASE 65) ]
TOTAL THIS MO.   126    CLEAR  (SCALE 0-3)   7
DPTR FM NORMAL    -6    PTCLDY (SCALE 4-7)  14
TOTAL FM JUL 1  2005    CLOUDY (SCALE 8-10)  2
DPTR FM NORMAL  -972

[CDD (BASE 65) ]
TOTAL THIS MO.     1
DPTR FM NORMAL   -12    [PRESSURE DATA]
TOTAL FM JAN 1    12    HIGHEST SLP 30.12 ON 18
DPTR FM NORMAL    -6    LOWEST  SLP 29.73 ON  7

[REMARKS]
