000
CXUS56 KMTR 211000
CF6STS
PRELIMINARY LOCAL CLIMATOLOGICAL DATA (WS FORM: F-6)

                                          STATION:   SANTA ROSA AIRPORT
                                          MONTH:     DECEMBER
                                          YEAR:      2014
                                          LATITUDE:   38 30 N
                                          LONGITUDE: 122 49 W

  TEMPERATURE IN F:       :PCPN:    SNOW:  WIND      :SUNSHINE: SKY     :PK WND
================================================================================
1   2   3   4   5  6A  6B    7    8   9   10  11  12  13   14  15   16   17  18
                                     12Z  AVG MX 2MIN
DY MAX MIN AVG DEP HDD CDD  WTR  SNW DPTH SPD SPD DIR MIN PSBL S-S WX    SPD DR
================================================================================

 1  64  51  58  10   7   0 0.09  0.0    0  1.1  6 270   M    M   9 12      8 250
 2  61  51  56   8   9   0 0.69  0.0    0  5.0 16 170   M    M   9 13     20 160
 3  63  54  59  11   6   0 1.25  0.0    0  8.0 24 170   M    M   9 18     32 180
 4  64  50  57   9   8   0 0.02  0.0    0  1.3  9 210   M    M   9 12     13 210
 5  63  52  58  11   7   0 0.63  0.0    0  6.1 15 150   M    M  10 18     20 140
 6  64  49  57  10   8   0 0.01  0.0    0  2.1  7 310   M    M   8 12     10 250
 7  62  46  54   7  11   0 0.01    M    0  0.9  9  80   M    M   9 128    13  90
 8  63  55  59  12   6   0 0.12  0.0    0  0.8  6 280   M    M  10 12      7 280
 9  61  54  58  11   7   0 0.13  0.0    0  1.8  7  30   M    M   9 12      9 160
10  60  55  58  11   7   0 1.32  0.0    0  6.1 18 140   M    M  10 1      24 150
11  61  50  56  10   9   0 4.66  0.0    0  9.8 29 140   M    M  10 1      39 140
12  55  44  50   4  15   0 0.41  0.0    0  2.4 15 120   M    M   9 12     18 120
13  54  42  48   2  17   0 0.00  0.0    0  2.3  9 350   M    M   7 12     12 350
14  57  44  51   5  14   0 0.10    M    0  3.5 14 100   M    M   8 12     20 100
15  53  48  51   5  14   0 2.31    M    0  3.5 18 100   M    M  10 1      24 120
16  57  47  52   6  13   0 1.12  0.0    0  5.3 18 140   M    M   9 12     23 150
17  56  47  52   6  13   0 0.29  0.0    0  3.7 10 130   M    M   9 1      13 100
18  56  49  53   7  12   0 0.18  0.0    0  1.7  7 140   M    M   9 1       9 100
19  58  52  55   9  10   0 0.78  0.0    0  4.4 16 140   M    M  10 1      22 150
20  57  52  55   9  10   0 0.33  0.0    0  2.0  7 120   M    M  10 1      10 150
================================================================================
SM 1189  992       203   0 14.45     0.0  71.8          M      183
================================================================================
AV 59.5 49.6                               3.6 FASTST   M    M   9    MAX(MPH)
                                 MISC ---->  # 29 140               # 39  140
================================================================================
NOTES:
# LAST OF SEVERAL OCCURRENCES

COLUMN 17 PEAK WIND IN M.P.H.

PRELIMINARY LOCAL CLIMATOLOGICAL DATA (WS FORM: F-6) , PAGE 2

                                          STATION:  SANTA ROSA AIRPORT
                                          MONTH:    DECEMBER
                                          YEAR:     2014
                                          LATITUDE:   38 30 N
                                          LONGITUDE: 122 49 W

[TEMPERATURE DATA]      [PRECIPITATION DATA]       SYMBOLS USED IN COLUMN 16

AVERAGE MONTHLY: 54.5   TOTAL FOR MONTH:  14.45    1 = FOG OR MIST
DPTR FM NORMAL:   7.8   DPTR FM NORMAL:   10.37    2 = FOG REDUCING VISIBILITY
HIGHEST:    64 ON  6, 4 GRTST 24HR  5.31 ON 10-11      TO 1/4 MILE OR LESS
LOWEST:     42 ON 13                               3 = THUNDER
                        SNOW, ICE PELLETS, HAIL    4 = ICE PELLETS
                        TOTAL MONTH:   0.0 INCH    5 = HAIL
                        GRTST 24HR     0.0         6 = FREEZING RAIN OR DRIZZLE
                        GRTST DEPTH:   0           7 = DUSTSTORM OR SANDSTORM:
                                                       VSBY 1/2 MILE OR LESS
                                                   8 = SMOKE OR HAZE
[NO. OF DAYS WITH]      [WEATHER - DAYS WITH]      9 = BLOWING SNOW
                                                   X = TORNADO
MAX 32 OR BELOW:   0    0.01 INCH OR MORE:  19
MAX 90 OR ABOVE:   0    0.10 INCH OR MORE:  15
MIN 32 OR BELOW:   0    0.50 INCH OR MORE:   8
MIN  0 OR BELOW:   0    1.00 INCH OR MORE:   5

[HDD (BASE 65) ]
TOTAL THIS MO.   203    CLEAR  (SCALE 0-3)   0
DPTR FM NORMAL  -162    PTCLDY (SCALE 4-7)   3
TOTAL FM JUL 1   561    CLOUDY (SCALE 8-10) 17
DPTR FM NORMAL  -413

[CDD (BASE 65) ]
TOTAL THIS MO.     0
DPTR FM NORMAL     0    [PRESSURE DATA]
TOTAL FM JAN 1   499    HIGHEST SLP M ON M
DPTR FM NORMAL   127    LOWEST  SLP 29.48 ON 11

[REMARKS]
