000
CXUS55 KPUB 211059
CF6TAD
PRELIMINARY LOCAL CLIMATOLOGICAL DATA (WS FORM: F-6)

                                          STATION:   TRINIDAD CO
                                          MONTH:     OCTOBER
                                          YEAR:      2017
                                          LATITUDE:   37 16 N
                                          LONGITUDE: 104 20 W

  TEMPERATURE IN F:       :PCPN:    SNOW:  WIND      :SUNSHINE: SKY     :PK WND
================================================================================
1   2   3   4   5  6A  6B    7    8   9   10  11  12  13   14  15   16   17  18
                                     12Z  AVG MX 2MIN
DY MAX MIN AVG DEP HDD CDD  WTR  SNW DPTH SPD SPD DIR MIN PSBL S-S WX    SPD DR
================================================================================

 1  78  50  64   6   1   0 0.00  0.0    0 12.5 30 260   M    M   0        38 270
 2  79  44  62   4   3   0 0.00  0.0    0  8.5 30 230   M    M   3        38 230
 3  57  43  50  -7  15   0    T  0.0    0  3.5 10  50   M    M   9 13     12  50
 4  76  47  62   5   3   0 0.01  0.0    0  7.7 28 210   M    M   3 3      34 210
 5  74  55  65   9   0   0 0.15  0.0    0  7.5 25 300   M    M   2 13     34 290
 6  78  38  58   2   7   0 0.00  0.0    0 14.1 37 250   M    M   0        45 250
 7  78  36  57   1   8   0 0.00  0.0    0  8.3 18 260   M    M   0        23 250
 8  81  42  62   7   3   0 0.00  0.0    0  9.5 24 340   M    M   0        30  10
 9  50  29  40 -15  25   0 0.12    M    0 11.0 23 350   M    M   9 18     31 350
10  60  26  43 -11  22   0 0.00  0.0    0  8.1 16 240   M    M   0        21 250
11  76  36  56   2   9   0 0.00  0.0    0  8.3 18 250   M    M   0        25 250
12  80  49  65  11   0   0 0.00  0.0    0 12.7 26 270   M    M   0        33 280
13  78  35  57   4   8   0 0.00  0.0    0  7.7 16 220   M    M   0        22 220
14  79  35  57   4   8   0 0.00  0.0    0 13.1 36  30   M    M   0        44  30
15  68  28  48  -5  17   0 0.00  0.0    0  7.1 15 240   M    M   0        20 300
16  80  38  59   7   6   0 0.00  0.0    0  9.2 20 250   M    M   0 8      22 250
17  77  39  58   6   7   0 0.00  0.0    0  8.0 17 260   M    M   0        22 260
18  79  38  59   7   6   0 0.00  0.0    0  9.2 15 250   M    M   0 8      19 250
19  79  40  60   8   5   0 0.00  0.0    0  8.8 18 170   M    M   0        23 160
20  77  45  61  10   4   0 0.00  0.0    0 12.2 30 240   M    M   0 8      38 250
================================================================================
SM 1484  793       157   0  0.28     0.0 187.0          M       26
================================================================================
AV 74.2 39.7                               9.4 FASTST   M    M   1    MAX(MPH)
                                 MISC ---->  # 37 250               # 45  250
================================================================================
NOTES:
# LAST OF SEVERAL OCCURRENCES

COLUMN 17 PEAK WIND IN M.P.H.

PRELIMINARY LOCAL CLIMATOLOGICAL DATA (WS FORM: F-6) , PAGE 2

                                          STATION:  TRINIDAD CO
                                          MONTH:    OCTOBER
                                          YEAR:     2017
                                          LATITUDE:   37 16 N
                                          LONGITUDE: 104 20 W

[TEMPERATURE DATA]      [PRECIPITATION DATA]       SYMBOLS USED IN COLUMN 16

AVERAGE MONTHLY: 56.9   TOTAL FOR MONTH:   0.28    1 = FOG OR MIST
DPTR FM NORMAL:   2.5   DPTR FM NORMAL:   -0.27    2 = FOG REDUCING VISIBILITY
HIGHEST:    81 ON  8    GRTST 24HR  0.16 ON 30- 1      TO 1/4 MILE OR LESS
LOWEST:     26 ON 10                               3 = THUNDER
                        SNOW, ICE PELLETS, HAIL    4 = ICE PELLETS
                        TOTAL MONTH:   0.0 INCH    5 = HAIL
                        GRTST 24HR     0.0         6 = FREEZING RAIN OR DRIZZLE
                        GRTST DEPTH:   0           7 = DUSTSTORM OR SANDSTORM:
                                                       VSBY 1/2 MILE OR LESS
                                                   8 = SMOKE OR HAZE
[NO. OF DAYS WITH]      [WEATHER - DAYS WITH]      9 = BLOWING SNOW
                                                   X = TORNADO
MAX 32 OR BELOW:   0    0.01 INCH OR MORE:   3
MAX 90 OR ABOVE:   0    0.10 INCH OR MORE:   2
MIN 32 OR BELOW:   3    0.50 INCH OR MORE:   0
MIN  0 OR BELOW:   0    1.00 INCH OR MORE:   0

[HDD (BASE 65) ]
TOTAL THIS MO.   157    CLEAR  (SCALE 0-3)  18
DPTR FM NORMAL   -60    PTCLDY (SCALE 4-7)   0
TOTAL FM JUL 1   250    CLOUDY (SCALE 8-10)  2
DPTR FM NORMAL   -77

[CDD (BASE 65) ]
TOTAL THIS MO.     0
DPTR FM NORMAL     0    [PRESSURE DATA]
TOTAL FM JAN 1   796    HIGHEST SLP M ON M
DPTR FM NORMAL    80    LOWEST  SLP 29.53 ON 20

[REMARKS]
