000
CXUS54 KBMX 281216
CF6TCL
PRELIMINARY LOCAL CLIMATOLOGICAL DATA (WS FORM: F-6)

                                          STATION:   TUSCALOOSA
                                          MONTH:     SEPTEMBER
                                          YEAR:      2016
                                          LATITUDE:   33 13 N
                                          LONGITUDE:  87 37 W

  TEMPERATURE IN F:       :PCPN:    SNOW:  WIND      :SUNSHINE: SKY     :PK WND
================================================================================
1   2   3   4   5  6A  6B    7    8   9   10  11  12  13   14  15   16   17  18
                                     12Z  AVG MX 2MIN
DY MAX MIN AVG DEP HDD CDD  WTR  SNW DPTH SPD SPD DIR MIN PSBL S-S WX    SPD DR
================================================================================

 1  97  73  85   5   0  20    T  0.0    0  5.4 17 300   M    M   1 3      24 320
 2  93  73  83   3   0  18 0.00  0.0    0  6.9 12 360   M    M   1        16  10
 3  89  71  80   1   0  15 0.00  0.0    0  5.3 12  80   M    M   3        18 150
 4  93  73  83   4   0  18 0.00  0.0    0  6.2 16 150   M    M   3        22 150
 5  93  70  82   3   0  17 0.00  0.0    0  4.9 15 180   M    M   3        19 180
 6  94  66  80   1   0  15 0.00  0.0    0  1.0 10 350   M    M   2        12 360
 7  95  66  81   3   0  16 0.00  0.0    M  2.3 10 190   M    M   1         M  M
 8  95  66  81   3   0  16 0.00  0.0    0  2.3 15 210   M    M   0 1      19 210
 9  95  65  80   2   0  15 0.00  0.0    0  2.7 14 160   M    M   0 1      17 180
10  94  68  81   3   0  16 0.00  0.0    0  4.8 16 350   M    M   1 3      20 350
11  89  72  81   4   0  16 0.00  0.0    0  5.5 14  10   M    M   2 3      19 310
12  96  69  83   6   0  18    T  0.0    0  2.8 10 180   M    M   1 18     14  50
13  91  70  81   4   0  16    T  0.0    0  4.6 16  60   M    M   1 3      22  80
14  95  69  82   6   0  17 0.00  0.0    0  3.3 15  30   M    M   1        18  20
15  97  68  83   7   0  18 0.00  0.0    0  2.1 14 180   M    M   1        20 120
16  94  69  82   6   0  17 0.00  0.0    0  5.3 15 120   M    M   1        24 100
17  86  72  79   4   0  14 0.33  0.0    0  5.9 15 180   M    M   8 18     20 160
18  89  72  81   6   0  16    T  0.0    0  2.9 12 290   M    M   6 3      15 280
19  92  70  81   7   0  16 0.00  0.0    0  4.9 14 360   M    M   1 1      17 360
20  94  66  80   6   0  15 0.00  0.0    0  5.1 16  40   M    M   0 8      19  40
21  97  66  82   8   0  17 0.00  0.0    0  2.7 10  20   M    M   1        14  20
22  94  66  80   7   0  15 0.00  0.0    0  1.8 12 200   M    M   1 8      16 170
23  98  67  83  10   0  18 0.00  0.0    0  1.8 10  10   M    M   1 1      14  10
24  99  68  84  12   0  19 0.00  0.0    0  3.7 15  20   M    M   1        18  20
25  98  67  83  11   0  18 0.00  0.0    0  2.5 15 230   M    M   0        19 230
26  95  67  81   9   0  16 0.00  0.0    0  3.1 22 290   M    M   0 13     30 290
27  89  63  76   5   0  11 0.00  0.0    0  4.6 12 300   M    M   1        19 310
================================================================================
SM 2531 1852         0 443  0.33     0.0 104.4          M       42
================================================================================
AV 93.7 68.6                               3.9 FASTST   M    M   2    MAX(MPH)
                                 MISC ---->  # 22 290               # 30  290
================================================================================
NOTES:
# LAST OF SEVERAL OCCURRENCES

COLUMN 17 PEAK WIND IN M.P.H.

PRELIMINARY LOCAL CLIMATOLOGICAL DATA (WS FORM: F-6) , PAGE 2

                                          STATION:  TUSCALOOSA
                                          MONTH:    SEPTEMBER
                                          YEAR:     2016
                                          LATITUDE:   33 13 N
                                          LONGITUDE:  87 37 W

[TEMPERATURE DATA]      [PRECIPITATION DATA]       SYMBOLS USED IN COLUMN 16

AVERAGE MONTHLY: 81.2   TOTAL FOR MONTH:   0.33    1 = FOG OR MIST
DPTR FM NORMAL:   5.2   DPTR FM NORMAL:   -2.82    2 = FOG REDUCING VISIBILITY
HIGHEST:    99 ON 24    GRTST 24HR  0.33 ON 17-17      TO 1/4 MILE OR LESS
LOWEST:     63 ON 27                               3 = THUNDER
                        SNOW, ICE PELLETS, HAIL    4 = ICE PELLETS
                        TOTAL MONTH:   0.0 INCH    5 = HAIL
                        GRTST 24HR     0.0         6 = FREEZING RAIN OR DRIZZLE
                        GRTST DEPTH:   0           7 = DUSTSTORM OR SANDSTORM:
                                                       VSBY 1/2 MILE OR LESS
                                                   8 = SMOKE OR HAZE
[NO. OF DAYS WITH]      [WEATHER - DAYS WITH]      9 = BLOWING SNOW
                                                   X = TORNADO
MAX 32 OR BELOW:   0    0.01 INCH OR MORE:   1
MAX 90 OR ABOVE:  22    0.10 INCH OR MORE:   1
MIN 32 OR BELOW:   0    0.50 INCH OR MORE:   0
MIN  0 OR BELOW:   0    1.00 INCH OR MORE:   0

[HDD (BASE 65) ]
TOTAL THIS MO.     0    CLEAR  (SCALE 0-3)  25
DPTR FM NORMAL    -2    PTCLDY (SCALE 4-7)   1
TOTAL FM JUL 1     0    CLOUDY (SCALE 8-10)  1
DPTR FM NORMAL    -2

[CDD (BASE 65) ]
TOTAL THIS MO.   443
DPTR FM NORMAL   141    [PRESSURE DATA]
TOTAL FM JAN 1  2289    HIGHEST SLP M ON M
DPTR FM NORMAL   250    LOWEST  SLP 29.81 ON  1

[REMARKS]
