000
CXUS54 KBMX 281216
CF6TCL
PRELIMINARY LOCAL CLIMATOLOGICAL DATA (WS FORM: F-6)

                                          STATION:   TUSCALOOSA
                                          MONTH:     JANUARY
                                          YEAR:      2015
                                          LATITUDE:   33 13 N
                                          LONGITUDE:  87 37 W

  TEMPERATURE IN F:       :PCPN:    SNOW:  WIND      :SUNSHINE: SKY     :PK WND
================================================================================
1   2   3   4   5  6A  6B    7    8   9   10  11  12  13   14  15   16   17  18
                                     12Z  AVG MX 2MIN
DY MAX MIN AVG DEP HDD CDD  WTR  SNW DPTH SPD SPD DIR MIN PSBL S-S WX    SPD DR
================================================================================

 1  54  31  43  -2  22   0 0.30  0.0    0  3.2  8  30   M    M   6 1      10  40
 2  55  44  50   5  15   0 1.61    M    0  4.8 12 150   M    M  10 13     14 150
 3  68  55  62  17   3   0 2.47  0.0    0  8.2 17 190   M    M  10 138    23 190
 4  65  42  54   9  11   0 0.37  0.0    0 10.6 20 320   M    M   7 1      28 310
 5  49  30  40  -5  25   0 0.00  0.0    0  8.2 17  10   M    M   3        23 350
 6  56  27  42  -2  23   0 0.00  0.0    0  3.8 14 300   M    M   0        19 300
 7  43  18  31 -13  34   0 0.00  0.0    0 13.9 28 350   M    M   2        35 360
 8  32  11  22 -22  43   0 0.00  0.0    0  6.0 21  10   M    M   0        24 360
 9  41  20  31 -13  34   0 0.00  0.0    0  3.9 15 360   M    M   0        19 360
10  47  21  34 -10  31   0 0.00  0.0    0  4.6 13  20   M    M   1        17  20
11  54  33  44   0  21   0 0.00  0.0    0  5.3 10  90   M    M   7        15 100
12  56  50  53   9  12   0 0.16  0.0    0  4.2 15  10   M    M  10 1      20 360
13  50  37  44   0  21   0 0.00  0.0    0  9.2 16  10   M    M  10 18     19 360
14  42  35  39  -5  26   0 0.00  0.0    0  5.8 10  30   M    M   9 18     13 350
15  41  31  36  -8  29   0 0.01  0.0    0  4.6  9 350   M    M   8 18     11 350
16  56  26  41  -3  24   0 0.00  0.0    0  1.7  9  10   M    M   0 18     13  20
17  63  29  46   2  19   0 0.00  0.0    0  4.3 17 190   M    M   1 1      22 170
18  63  33  48   4  17   0 0.00  0.0    0  3.9 15 300   M    M   1 1      21 300
19  70  27  49   5  16   0 0.00  0.0    0  4.0 15 240   M    M   0        19 210
20  66  34  50   5  15   0 0.00  0.0    0  2.1 10 190   M    M   0        13 170
21  66  37  52   7  13   0 0.00  0.0    0  6.4 14  30   M    M   0        19  20
22  52  41  47   2  18   0 0.70  0.0    0  9.5 17  30   M    M   8 1      21  30
23  48  41  45   0  20   0 0.49  0.0    0  8.0 16 300   M    M  10 1      22 290
24  52  32  42  -3  23   0 0.02  0.0    0  6.1 16 310   M    M   4 18     24 300
25  64  29  47   2  18   0 0.04  0.0    0  6.4 39 270   M    M   3 13     58 280
26  51  32  42  -3  23   0    T  0.0    0  7.8 18 300   M    M   6        27 350
27  61  29  45   0  20   0 0.00  0.0    0  5.4 17 350   M    M   0 1      23  10
================================================================================
SM 1465  875       576   0  6.17     0.0 161.9          M      116
================================================================================
AV 54.3 32.4                               6.0 FASTST   M    M   4    MAX(MPH)
                                 MISC ---->  # 39 270               # 58  280
================================================================================
NOTES:
# LAST OF SEVERAL OCCURRENCES

COLUMN 17 PEAK WIND IN M.P.H.

PRELIMINARY LOCAL CLIMATOLOGICAL DATA (WS FORM: F-6) , PAGE 2

                                          STATION:  TUSCALOOSA
                                          MONTH:    JANUARY
                                          YEAR:     2015
                                          LATITUDE:   33 13 N
                                          LONGITUDE:  87 37 W

[TEMPERATURE DATA]      [PRECIPITATION DATA]       SYMBOLS USED IN COLUMN 16

AVERAGE MONTHLY: 43.3   TOTAL FOR MONTH:   6.17    1 = FOG OR MIST
DPTR FM NORMAL:  -1.1   DPTR FM NORMAL:    1.62    2 = FOG REDUCING VISIBILITY
HIGHEST:    70 ON 19    GRTST 24HR  2.84 ON  3- 4      TO 1/4 MILE OR LESS
LOWEST:     11 ON  8                               3 = THUNDER
                        SNOW, ICE PELLETS, HAIL    4 = ICE PELLETS
                        TOTAL MONTH:   0.0 INCH    5 = HAIL
                        GRTST 24HR     0.0         6 = FREEZING RAIN OR DRIZZLE
                        GRTST DEPTH:   0           7 = DUSTSTORM OR SANDSTORM:
                                                       VSBY 1/2 MILE OR LESS
                                                   8 = SMOKE OR HAZE
[NO. OF DAYS WITH]      [WEATHER - DAYS WITH]      9 = BLOWING SNOW
                                                   X = TORNADO
MAX 32 OR BELOW:   1    0.01 INCH OR MORE:  10
MAX 90 OR ABOVE:   0    0.10 INCH OR MORE:   7
MIN 32 OR BELOW:  15    0.50 INCH OR MORE:   3
MIN  0 OR BELOW:   0    1.00 INCH OR MORE:   2

[HDD (BASE 65) ]
TOTAL THIS MO.   576    CLEAR  (SCALE 0-3)  13
DPTR FM NORMAL    22    PTCLDY (SCALE 4-7)   8
TOTAL FM JUL 1  1583    CLOUDY (SCALE 8-10)  6
DPTR FM NORMAL    28

[CDD (BASE 65) ]
TOTAL THIS MO.     0
DPTR FM NORMAL     0    [PRESSURE DATA]
TOTAL FM JAN 1     0    HIGHEST SLP M ON M
DPTR FM NORMAL     0    LOWEST  SLP 29.73 ON 25

[REMARKS]
