000
CXUS54 KBMX 301216
CF6TCL
PRELIMINARY LOCAL CLIMATOLOGICAL DATA (WS FORM: F-6)

                                          STATION:   TUSCALOOSA
                                          MONTH:     AUGUST
                                          YEAR:      2016
                                          LATITUDE:   33 13 N
                                          LONGITUDE:  87 37 W

  TEMPERATURE IN F:       :PCPN:    SNOW:  WIND      :SUNSHINE: SKY     :PK WND
================================================================================
1   2   3   4   5  6A  6B    7    8   9   10  11  12  13   14  15   16   17  18
                                     12Z  AVG MX 2MIN
DY MAX MIN AVG DEP HDD CDD  WTR  SNW DPTH SPD SPD DIR MIN PSBL S-S WX    SPD DR
================================================================================

 1  96  73  85   3   0  20 0.00  0.0    0  3.6 10 160   M    M   1        15 340
 2  98  74  86   4   0  21 0.36  0.0    0  3.5 30 360   M    M   0 138    39  20
 3  95  73  84   2   0  19 0.01  0.0    0  3.3 14 360   M    M   1 13     18 330
 4  98  74  86   4   0  21 0.00  0.0    0  4.0 17  50   M    M   2 3      21  50
 5  97  73  85   3   0  20 0.01  0.0    0  3.3 20 360   M    M   1 3      23 360
 6  97  72  85   3   0  20 0.42  0.0    0  3.5 26 300   M    M   0 13     32 300
 7  94  74  84   2   0  19 0.01  0.0    0  3.2 14  60   M    M   3 13     17  60
 8  92  75  84   2   0  19    T  0.0    0  3.2 17 100   M    M   1 13     25  80
 9  90  74  82   0   0  17 0.16  0.0    0  4.6 20  60   M    M   3 13     25  40
10  88  77  83   1   0  18 0.21  0.0    0  6.4 20  50   M    M   8 18     26  40
11  88  77  83   1   0  18 0.09  0.0    0  7.9 20 170   M    M   9 13     30 100
12  87  76  82   0   0  17 0.15  0.0    0  7.2 16 200   M    M   8 13     21 210
13  87  75  81  -1   0  16 0.22  0.0    0  7.6 17 240   M    M   6 1      23 210
14  91  72  82   0   0  17 0.37  0.0    0  6.9 26 220   M    M   4 13     39 210
15  92  71  82   0   0  17 0.02  0.0    0  7.1 20 180   M    M   2        25 200
16  92  71  82   0   0  17 0.00  0.0    0  3.6 13 190   M    M   1 1      19 190
17  93  71  82   0   0  17 0.11  0.0    0  2.4 13 310   M    M   1 13     16 270
18  93  73  83   2   0  18    T  0.0    0  3.1 15 240   M    M   0 13     19 240
19  86  72  79  -2   0  14 0.07  0.0    0  3.7 14 250   M    M   2 13     18 240
20  88  73  81   0   0  16 0.58  0.0    0  3.6 16 290   M    M   1 13     20 300
21  89  72  81   0   0  16    T  0.0    0  3.0 16 320   M    M   3 1      21 310
22  89  73  81   0   0  16 0.09  0.0    0  3.4 20  10   M    M   3 13     26  10
23  92  71  82   1   0  17 0.00  0.0    0  2.1 10  10   M    M   1 1      13  10
24  95  74  85   4   0  20 0.00  0.0    0  1.5  9 150   M    M   2 18     12 190
25  95  74  85   4   0  20    T  0.0    0  2.1 12 350   M    M   2 138    14  30
26  95  74  85   4   0  20 0.00  0.0    0  3.7 15 180   M    M   1 13     19 170
27  95  72  84   3   0  19 0.00  0.0    0  3.1 17  70   M    M   1 1      21  70
28  94  70  82   2   0  17 0.00  0.0    0  3.9 14  60   M    M   1        20  90
29  96  72  84   4   0  19    T  0.0    0  5.1 14  50   M    M   2        18  60
================================================================================
SM 2682 2122         0 525  2.88     0.0 119.6          M       70
================================================================================
AV 92.5 73.2                               4.1 FASTST   M    M   2    MAX(MPH)
                                 MISC ---->  # 30 360               # 39   20
================================================================================
NOTES:
# LAST OF SEVERAL OCCURRENCES

COLUMN 17 PEAK WIND IN M.P.H.

PRELIMINARY LOCAL CLIMATOLOGICAL DATA (WS FORM: F-6) , PAGE 2

                                          STATION:  TUSCALOOSA
                                          MONTH:    AUGUST
                                          YEAR:     2016
                                          LATITUDE:   33 13 N
                                          LONGITUDE:  87 37 W

[TEMPERATURE DATA]      [PRECIPITATION DATA]       SYMBOLS USED IN COLUMN 16

AVERAGE MONTHLY: 82.8   TOTAL FOR MONTH:   2.88    1 = FOG OR MIST
DPTR FM NORMAL:   1.3   DPTR FM NORMAL:   -0.22    2 = FOG REDUCING VISIBILITY
HIGHEST:    98 ON  4, 2 GRTST 24HR  0.60 ON 19-20      TO 1/4 MILE OR LESS
LOWEST:     70 ON 28                               3 = THUNDER
                        SNOW, ICE PELLETS, HAIL    4 = ICE PELLETS
                        TOTAL MONTH:   0.0 INCH    5 = HAIL
                        GRTST 24HR     0.0         6 = FREEZING RAIN OR DRIZZLE
                        GRTST DEPTH:   0           7 = DUSTSTORM OR SANDSTORM:
                                                       VSBY 1/2 MILE OR LESS
                                                   8 = SMOKE OR HAZE
[NO. OF DAYS WITH]      [WEATHER - DAYS WITH]      9 = BLOWING SNOW
                                                   X = TORNADO
MAX 32 OR BELOW:   0    0.01 INCH OR MORE:  16
MAX 90 OR ABOVE:  21    0.10 INCH OR MORE:   9
MIN 32 OR BELOW:   0    0.50 INCH OR MORE:   1
MIN  0 OR BELOW:   0    1.00 INCH OR MORE:   0

[HDD (BASE 65) ]
TOTAL THIS MO.     0    CLEAR  (SCALE 0-3)  24
DPTR FM NORMAL     0    PTCLDY (SCALE 4-7)   4
TOTAL FM JUL 1     0    CLOUDY (SCALE 8-10)  1
DPTR FM NORMAL     0

[CDD (BASE 65) ]
TOTAL THIS MO.   525
DPTR FM NORMAL    47    [PRESSURE DATA]
TOTAL FM JAN 1  1808    HIGHEST SLP M ON M
DPTR FM NORMAL    98    LOWEST  SLP 29.82 ON  7

[REMARKS]
