000
CXUS54 KBMX 171216
CF6TCL
PRELIMINARY LOCAL CLIMATOLOGICAL DATA (WS FORM: F-6)

                                          STATION:   TUSCALOOSA
                                          MONTH:     APRIL
                                          YEAR:      2014
                                          LATITUDE:   33 13 N
                                          LONGITUDE:  87 37 W

  TEMPERATURE IN F:       :PCPN:    SNOW:  WIND      :SUNSHINE: SKY     :PK WND
================================================================================
1   2   3   4   5  6A  6B    7    8   9   10  11  12  13   14  15   16   17  18
                                     12Z  AVG MX 2MIN
DY MAX MIN AVG DEP HDD CDD  WTR  SNW DPTH SPD SPD DIR MIN PSBL S-S WX    SPD DR
================================================================================

 1  80  50  65   5   0   0 0.00  0.0    0  3.8 15 160   M    M   2        22 130
 2  77  54  66   6   0   1    T  0.0    0  5.7 13 180   M    M   4 18     18 240
 3  85  65  75  15   0  10 0.00  0.0    0  9.8 17 210   M    M   5 8      23 210
 4  69  54  62   2   3   0 0.66  0.0    0  7.6 28 310   M    M   6 13     39 300
 5  68  44  56  -4   9   0 0.00  0.0    0  6.9 16  20   M    M   0        21  10
 6  63  50  57  -4   8   0 2.31  0.0    0  5.5 18 360   M    M   7 13     25 120
 7  67  49  58  -3   7   0 1.05  0.0    0  8.3 21  80   M    M   9 13     26  90
 8  68  41  55  -6  10   0 0.11  0.0    0  3.8 15 290   M    M   4 13     21 290
 9  71  46  59  -2   6   0 0.01  0.0    0  4.8 15 320   M    M   0        20 310
10  77  41  59  -3   6   0 0.00  0.0    0  6.9 16 180   M    M   0 1      21 210
11  75  49  62   0   3   0 0.00  0.0    0  4.2 13 190   M    M   1 1      18 160
12  80  51  66   4   0   1 0.00  0.0    0  5.3 15 200   M    M   1 18     21 180
13  81  55  68   6   0   3 0.00  0.0    0  8.0 17 170   M    M   1        23 190
14  70  55  63   0   2   0 2.08  0.0    0  6.8 22 300   M    M   9 13     29 290
15  56  38  47 -16  18   0 0.08  0.0    0 11.3 23 350   M    M   5 1      29 340
16  67  34  51 -12  14   0 0.00  0.0    0  4.4 13  60   M    M   0        16 100
================================================================================
SM 1154  776        86  15  6.30     0.0 103.1          M       54
================================================================================
AV 72.1 48.5                               6.4 FASTST   M    M   3    MAX(MPH)
                                 MISC ---->  # 28 310               # 39  300
================================================================================
NOTES:
# LAST OF SEVERAL OCCURRENCES

COLUMN 17 PEAK WIND IN M.P.H.

PRELIMINARY LOCAL CLIMATOLOGICAL DATA (WS FORM: F-6) , PAGE 2

                                          STATION:  TUSCALOOSA
                                          MONTH:    APRIL
                                          YEAR:     2014
                                          LATITUDE:   33 13 N
                                          LONGITUDE:  87 37 W

[TEMPERATURE DATA]      [PRECIPITATION DATA]       SYMBOLS USED IN COLUMN 16

AVERAGE MONTHLY: 60.3   TOTAL FOR MONTH:   6.30    1 = FOG OR MIST
DPTR FM NORMAL:  -1.0   DPTR FM NORMAL:    3.99    2 = FOG REDUCING VISIBILITY
HIGHEST:    85 ON  3    GRTST 24HR  3.35 ON  6- 7      TO 1/4 MILE OR LESS
LOWEST:     34 ON 16                               3 = THUNDER
                        SNOW, ICE PELLETS, HAIL    4 = ICE PELLETS
                        TOTAL MONTH:   0.0 INCH    5 = HAIL
                        GRTST 24HR     0.0         6 = FREEZING RAIN OR DRIZZLE
                        GRTST DEPTH:   0           7 = DUSTSTORM OR SANDSTORM:
                                                       VSBY 1/2 MILE OR LESS
                                                   8 = SMOKE OR HAZE
[NO. OF DAYS WITH]      [WEATHER - DAYS WITH]      9 = BLOWING SNOW
                                                   X = TORNADO
MAX 32 OR BELOW:   0    0.01 INCH OR MORE:   7
MAX 90 OR ABOVE:   0    0.10 INCH OR MORE:   5
MIN 32 OR BELOW:   0    0.50 INCH OR MORE:   4
MIN  0 OR BELOW:   0    1.00 INCH OR MORE:   3

[HDD (BASE 65) ]
TOTAL THIS MO.    86    CLEAR  (SCALE 0-3)   8
DPTR FM NORMAL     2    PTCLDY (SCALE 4-7)   6
TOTAL FM JUL 1  2743    CLOUDY (SCALE 8-10)  2
DPTR FM NORMAL   275

[CDD (BASE 65) ]
TOTAL THIS MO.    15
DPTR FM NORMAL   -10    [PRESSURE DATA]
TOTAL FM JAN 1    23    HIGHEST SLP M ON M
DPTR FM NORMAL   -25    LOWEST  SLP 29.64 ON  7

[REMARKS]
