000
CXUS55 KCYS 271000
CF6TOR
PRELIMINARY LOCAL CLIMATOLOGICAL DATA (WS FORM: F-6)

                                          STATION:   TORRINGTON WY AIRPORT
                                          MONTH:     AUGUST
                                          YEAR:      2015
                                          LATITUDE:   42  3 N
                                          LONGITUDE: 104  9 W

  TEMPERATURE IN F:       :PCPN:    SNOW:  WIND      :SUNSHINE: SKY     :PK WND
================================================================================
1   2   3   4   5  6A  6B    7    8   9   10  11  12  13   14  15   16   17  18
                                     12Z  AVG MX 2MIN
DY MAX MIN AVG DEP HDD CDD  WTR  SNW DPTH SPD SPD DIR MIN PSBL S-S WX    SPD DR
================================================================================

 1  97  58  78   4   0  13    T    M    M  6.0 20 130   M    M   0 3      27 110
 2  95  56  76   2   0  11 0.00    M    M  7.3 30  60   M    M   0 3      40  50
 3  88  58  73  -1   0   8 0.00    M    M  6.0 16 200   M    M   0        21 180
 4  86  57  72  -2   0   7    T    M    M  5.6 25 360   M    M   3 13     30  10
 5  91  54  73  -1   0   8 0.00    M    M  7.5 26 300   M    M   4 123    39 310
 6  89  59  74   0   0   9 0.00    M    M  9.6 21 290   M    M   0 8      27  90
 7  94  55  75   1   0  10    T    M    M  7.1 20  20   M    M   1        25  20
 8  90  61  76   3   0  11 0.00    M    M  5.6 15 330   M    M   3        20 300
 9  91  57  74   1   0   9 0.00    M    M  8.3 26 270   M    M   0        33 260
10  89  57  73   0   0   8 0.00    M    M  6.9 25 150   M    M   2 3      30 140
11  89  61  75   2   0  10 0.00    M    M 11.9 21 140   M    M   1 8      26 140
12  96  60  78   5   0  13 0.00    M    M  6.1 15 150   M    M   1        18 150
13  98  63  81   9   0  16 0.00    M    M  9.0 18 330   M    M   0        23 310
14  96  59  78   6   0  13 0.00    M    M  8.5 22 120   M    M   0 8      26 110
15 102  64  83  11   0  18 0.01    M    M  8.4 35 230   M    M   0 38     45 250
16  82  60  71  -1   0   6 0.02    M    M 10.3 20 140   M    M   0        25  60
17  72  52  62 -10   3   0 0.17    M    M 13.1 33  10   M    M   9 138    42 340
18  68  51  60 -11   5   0 0.02  0.0    0 14.2 26 320   M    M   5 13     36 300
19  71  50  61 -10   4   0    T    M    M  7.5 18 310   M    M   5 1      23 300
20  86  47  67  -4   0   2 0.00    M    M  6.0 13 110   M    M   1        15  40
21  94  50  72   1   0   7 0.00    M    M  5.3 14 130   M    M   0        17 130
22  71  46  59 -11   6   0 0.00    M    M 14.6 30 340   M    M   1 8      41 330
23  75  38  57 -13   8   0 0.00    M    M  6.9 15  80   M    M   0        19  80
24  86  44  65  -5   0   0 0.00    M    M  5.6 13  90   M    M   0        16 160
25  95  50  73   3   0   8 0.00    M    M  6.6 13  80   M    M   0        16 100
26  97  57  77   8   0  12 0.07    M    M  6.7 51 200   M    M   1 3      63 180
================================================================================
SM 2288 1424        26 199  0.29     0.0 210.6          M       37
================================================================================
AV 88.0 54.8                               8.1 FASTST   M    M   1    MAX(MPH)
                                 MISC ---->  # 51 200               # 63  180
================================================================================
NOTES:
# LAST OF SEVERAL OCCURRENCES

COLUMN 17 PEAK WIND IN M.P.H.

PRELIMINARY LOCAL CLIMATOLOGICAL DATA (WS FORM: F-6) , PAGE 2

                                          STATION:  TORRINGTON WY AIRPORT
                                          MONTH:    AUGUST
                                          YEAR:     2015
                                          LATITUDE:   42  3 N
                                          LONGITUDE: 104  9 W

[TEMPERATURE DATA]      [PRECIPITATION DATA]       SYMBOLS USED IN COLUMN 16

AVERAGE MONTHLY: 71.4   TOTAL FOR MONTH:   0.29    1 = FOG OR MIST
DPTR FM NORMAL:  -0.8   DPTR FM NORMAL:   -0.83    2 = FOG REDUCING VISIBILITY
HIGHEST:   102 ON 15    GRTST 24HR  0.18 ON 17-18      TO 1/4 MILE OR LESS
LOWEST:     38 ON 23                               3 = THUNDER
                        SNOW, ICE PELLETS, HAIL    4 = ICE PELLETS
                        TOTAL MONTH:   0.0 INCH    5 = HAIL
                        GRTST 24HR     0.0         6 = FREEZING RAIN OR DRIZZLE
                        GRTST DEPTH:   0           7 = DUSTSTORM OR SANDSTORM:
                                                       VSBY 1/2 MILE OR LESS
                                                   8 = SMOKE OR HAZE
[NO. OF DAYS WITH]      [WEATHER - DAYS WITH]      9 = BLOWING SNOW
                                                   X = TORNADO
MAX 32 OR BELOW:   0    0.01 INCH OR MORE:   5
MAX 90 OR ABOVE:  13    0.10 INCH OR MORE:   1
MIN 32 OR BELOW:   0    0.50 INCH OR MORE:   0
MIN  0 OR BELOW:   0    1.00 INCH OR MORE:   0

[HDD (BASE 65) ]
TOTAL THIS MO.    26    CLEAR  (SCALE 0-3)  22
DPTR FM NORMAL    21    PTCLDY (SCALE 4-7)   3
TOTAL FM JUL 1    34    CLOUDY (SCALE 8-10)  1
DPTR FM NORMAL    23

[CDD (BASE 65) ]
TOTAL THIS MO.   199
DPTR FM NORMAL     5    [PRESSURE DATA]
TOTAL FM JAN 1   571    HIGHEST SLP M ON M
DPTR FM NORMAL   -39    LOWEST  SLP 29.60 ON 21

[REMARKS]
