000
CXUS54 KFWD 180730
CF6TPL
PRELIMINARY LOCAL CLIMATOLOGICAL DATA (WS FORM: F-6)

                                          STATION:   TEMPLE
                                          MONTH:     DECEMBER
                                          YEAR:      2017
                                          LATITUDE:   31  8 N
                                          LONGITUDE:  97 25 W

  TEMPERATURE IN F:       :PCPN:    SNOW:  WIND      :SUNSHINE: SKY     :PK WND
================================================================================
1   2   3   4   5  6A  6B    7    8   9   10  11  12  13   14  15   16   17  18
                                     12Z  AVG MX 2MIN
DY MAX MIN AVG DEP HDD CDD  WTR  SNW DPTH SPD SPD DIR MIN PSBL S-S WX    SPD DR
================================================================================

 1  75  44  60   8   5   0 0.00  0.0    0  5.6 10 170   M    M   1         M  M
 2  80  47  64  13   1   0 0.00  0.0    0  7.4 14 160   M    M   0 1      17 170
 3  72  57  65  14   0   0    T  0.0    0  8.9 17 120   M    M   7 12     25 120
 4  83  65  74  23   0   9    T  0.0    0 13.5 24 190   M    M   7        31 190
 5  68  40  54   4  11   0 0.17  0.0    0 15.9 22 360   M    M   9        31 350
 6  43  39  41  -9  24   0 0.36  0.0    0  4.9  9 330   M    M   2         M  M
 7  46  34  40 -10  25   0    T    M    0 10.0 20 350   M    M   5        30 350
 8  50  23  37 -13  28   0 0.00  0.0    0  6.4 12 330   M    M   1         M  M
 9  64  28  46  -3  19   0 0.00  0.0    0  8.5 17 330   M    M   0        21 340
10  70  27  49   0  16   0 0.00  0.0    0  5.3 12 220   M    M   0         M  M
11  74  34  54   5  11   0 0.00  0.0    0  4.7 14 210   M    M   0         M  M
12  59  34  47  -2  18   0 0.00  0.0    0  9.5 20 330   M    M   0        25 360
13  68  28  48  -1  17   0 0.00  0.0    0  8.2 17 220   M    M   0         M  M
14  65  40  53   5  12   0 0.00  0.0    0  9.1 15  20   M    M   0        23  10
15  57  32  45  -3  20   0 0.00  0.0    0  6.5 14 350   M    M   0        17  10
16  51  36  44  -4  21   0 0.93    M    0  6.5  9 190   M    M   6 1       M  M
17  56  41  49   1  16   0 0.00  0.0    0  5.0 13 150   M    M   7 12      M  M
================================================================================
SM 1081  649       244   9  1.46     0.0 135.9          M       45
================================================================================
AV 63.6 38.2                               8.0 FASTST   M    M   3    MAX(MPH)
                                 MISC ---->    24   M                 31    M
================================================================================
NOTES:
# LAST OF SEVERAL OCCURRENCES

COLUMN 17 PEAK WIND IN M.P.H.

PRELIMINARY LOCAL CLIMATOLOGICAL DATA (WS FORM: F-6) , PAGE 2

                                          STATION:  TEMPLE
                                          MONTH:    DECEMBER
                                          YEAR:     2017
                                          LATITUDE:   31  8 N
                                          LONGITUDE:  97 25 W

[TEMPERATURE DATA]      [PRECIPITATION DATA]       SYMBOLS USED IN COLUMN 16

AVERAGE MONTHLY: 50.9   TOTAL FOR MONTH:   1.46    1 = FOG OR MIST
DPTR FM NORMAL:   1.4   DPTR FM NORMAL:    0.01    2 = FOG REDUCING VISIBILITY
HIGHEST:    83 ON  4    GRTST 24HR  0.93 ON 16-16      TO 1/4 MILE OR LESS
LOWEST:     23 ON  8                               3 = THUNDER
                        SNOW, ICE PELLETS, HAIL    4 = ICE PELLETS
                        TOTAL MONTH:   0.0 INCH    5 = HAIL
                        GRTST 24HR     0.0         6 = FREEZING RAIN OR DRIZZLE
                        GRTST DEPTH:   0           7 = DUSTSTORM OR SANDSTORM:
                                                       VSBY 1/2 MILE OR LESS
                                                   8 = SMOKE OR HAZE
[NO. OF DAYS WITH]      [WEATHER - DAYS WITH]      9 = BLOWING SNOW
                                                   X = TORNADO
MAX 32 OR BELOW:   0    0.01 INCH OR MORE:   3
MAX 90 OR ABOVE:   0    0.10 INCH OR MORE:   3
MIN 32 OR BELOW:   5    0.50 INCH OR MORE:   1
MIN  0 OR BELOW:   0    1.00 INCH OR MORE:   0

[HDD (BASE 65) ]
TOTAL THIS MO.   244    CLEAR  (SCALE 0-3)  11
DPTR FM NORMAL   -21    PTCLDY (SCALE 4-7)   5
TOTAL FM JUL 1   485    CLOUDY (SCALE 8-10)  1
DPTR FM NORMAL  -119

[CDD (BASE 65) ]
TOTAL THIS MO.     9
DPTR FM NORMAL     9    [PRESSURE DATA]
TOTAL FM JAN 1  3011    HIGHEST SLP M ON M
DPTR FM NORMAL   514    LOWEST  SLP M ON M

[REMARKS]
