000
CXUS54 KFWD 270730
CF6TPL
PRELIMINARY LOCAL CLIMATOLOGICAL DATA (WS FORM: F-6)

                                          STATION:   TEMPLE
                                          MONTH:     MAY
                                          YEAR:      2015
                                          LATITUDE:   31  8 N
                                          LONGITUDE:  97 25 W

  TEMPERATURE IN F:       :PCPN:    SNOW:  WIND      :SUNSHINE: SKY     :PK WND
================================================================================
1   2   3   4   5  6A  6B    7    8   9   10  11  12  13   14  15   16   17  18
                                     12Z  AVG MX 2MIN
DY MAX MIN AVG DEP HDD CDD  WTR  SNW DPTH SPD SPD DIR MIN PSBL S-S WX    SPD DR
================================================================================

 1  82  52  67  -3   0   2 0.00  0.0    0  3.6 10 150   M    M   0         M  M
 2  82  57  70   0   0   5 0.00  0.0    0  7.4 15 140   M    M   1        20 180
 3  82  55  69  -1   0   4 0.00  0.0    0 11.8 20 170   M    M   1        28 180
 4  82  64  73   3   0   8 0.00  0.0    0 13.5 18 140   M    M   4        24 130
 5  84  61  73   2   0   8 0.00  0.0    0 15.6 28 150   M    M   6        31 160
 6  86  64  75   4   0  10 0.41  0.0    0 14.0 20 160   M    M   7        23 160
 7  84  70  77   6   0  12 0.00  0.0    0 14.7 21 160   M    M   7        28 160
 8  77  70  74   3   0   9 0.04  0.0    0 10.6 15 130   M    M   7 3      28 130
 9  86  70  78   6   0  13 0.00  0.0    0 16.5 24 160   M    M   6        30 160
10  88  73  81   9   0  16 0.13  0.0    0 16.4 22 150   M    M   6 3      31 150
11  72  64  68  -4   0   3 0.12  0.0    0  9.4 16 360   M    M   6 3      16 360
12  66  61  64  -8   1   0 0.20  0.0    0  8.0 12 350   M    M   9         M  M
13  70  63  67  -6   0   2 0.00  0.0    0  9.3 23 180   M    M   7        30 180
14  84  64  74   1   0   9 0.01  0.0    0  8.7 16 130   M    M   8        20 130
15  75  70  73   0   0   8 0.43  0.0    0 10.4 17 150   M    M   7        23 150
16  88  68  78   5   0  13 0.00  0.0    0 16.7 27 160   M    M  10        31 160
17  82  66  74   0   0   9 0.21  0.0    0  9.4 20 170   M    M   4 3      28 160
18  88  68  78   4   0  13 0.15  0.0    0  6.7 24  60   M    M   9 3      29  60
19  86  70  78   4   0  13 0.01  0.0    0 13.4 22 160   M    M   6        29 160
20  88  70  79   5   0  14 0.00  0.0    0  8.3 16 170   M    M   6 3      22 360
21  72  61  67  -8   0   2 0.03  0.0    0 11.5 20 340   M    M   9 3      28 360
22  73  61  67  -8   0   2 0.00  0.0    0  9.7 13 110   M    M  10         M  M
23  86  66  76   1   0  11 0.50  0.0    0 12.4 24 150   M    M   8 3      28 150
24  81  64  73  -2   0   8 0.91  0.0    0  9.9 17 160   M    M   6 3       M  M
25  75  64  70  -6   0   5 2.07  0.0    0  8.9 16 150   M    M   7 3      22 150
26  88  64  76   0   0  11 0.00  0.0    0 12.0 18 170   M    M   7 3      25 160
================================================================================
SM 2107 1680         1 210  5.22     0.0 288.8          M      164
================================================================================
AV 81.0 64.6                              11.1 FASTST   M    M   6    MAX(MPH)
                                 MISC ---->    28   M                 31    M
================================================================================
NOTES:
# LAST OF SEVERAL OCCURRENCES

COLUMN 17 PEAK WIND IN M.P.H.

PRELIMINARY LOCAL CLIMATOLOGICAL DATA (WS FORM: F-6) , PAGE 2

                                          STATION:  TEMPLE
                                          MONTH:    MAY
                                          YEAR:     2015
                                          LATITUDE:   31  8 N
                                          LONGITUDE:  97 25 W

[TEMPERATURE DATA]      [PRECIPITATION DATA]       SYMBOLS USED IN COLUMN 16

AVERAGE MONTHLY: 72.8   TOTAL FOR MONTH:   5.22    1 = FOG OR MIST
DPTR FM NORMAL:   0.1   DPTR FM NORMAL:    1.67    2 = FOG REDUCING VISIBILITY
HIGHEST:    88 ON 26,20 GRTST 24HR  2.07 ON 25-25      TO 1/4 MILE OR LESS
LOWEST:     52 ON  1                               3 = THUNDER
                        SNOW, ICE PELLETS, HAIL    4 = ICE PELLETS
                        TOTAL MONTH:   0.0 INCH    5 = HAIL
                        GRTST 24HR     0.0         6 = FREEZING RAIN OR DRIZZLE
                        GRTST DEPTH:   0           7 = DUSTSTORM OR SANDSTORM:
                                                       VSBY 1/2 MILE OR LESS
                                                   8 = SMOKE OR HAZE
[NO. OF DAYS WITH]      [WEATHER - DAYS WITH]      9 = BLOWING SNOW
                                                   X = TORNADO
MAX 32 OR BELOW:   0    0.01 INCH OR MORE:  14
MAX 90 OR ABOVE:   0    0.10 INCH OR MORE:  10
MIN 32 OR BELOW:   0    0.50 INCH OR MORE:   3
MIN  0 OR BELOW:   0    1.00 INCH OR MORE:   1

[HDD (BASE 65) ]
TOTAL THIS MO.     1    CLEAR  (SCALE 0-3)   3
DPTR FM NORMAL    -5    PTCLDY (SCALE 4-7)  17
TOTAL FM JUL 1  2197    CLOUDY (SCALE 8-10)  6
DPTR FM NORMAL    62

[CDD (BASE 65) ]
TOTAL THIS MO.   210
DPTR FM NORMAL    -3    [PRESSURE DATA]
TOTAL FM JAN 1   391    HIGHEST SLP M ON M
DPTR FM NORMAL    33    LOWEST  SLP M ON M

[REMARKS]
