000
CXUS53 KOAX 301000
CF6TQE
PRELIMINARY LOCAL CLIMATOLOGICAL DATA (WS FORM: F-6)

                                          STATION:   TEKAMAH, NEBRASKA
                                          MONTH:     JUNE
                                          YEAR:      2015
                                          LATITUDE:   41 46 N
                                          LONGITUDE:  96 11 W

  TEMPERATURE IN F:       :PCPN:    SNOW:  WIND      :SUNSHINE: SKY     :PK WND
================================================================================
1   2   3   4   5  6A  6B    7    8   9   10  11  12  13   14  15   16   17  18
                                     12Z  AVG MX 2MIN
DY MAX MIN AVG DEP HDD CDD  WTR  SNW DPTH SPD SPD DIR MIN PSBL S-S WX    SPD DR
================================================================================

 1  79  50  65  -3   0   0 0.00    M    M  9.8 21 140   M    M   2        27 150
 2  82  58  70   2   0   5 0.00    M    M 17.4 28 150   M    M   3        32 160
 3  85  63  74   5   0   9 0.09    M    M  6.6 28 250   M    M   2 3      33 260
 4  81  62  72   3   0   7    T    M    M  5.9 22 180   M    M   1 18     26 170
 5  88  62  75   6   0  10 0.00    M    M  5.8 15 190   M    M   3 3      19 190
 6  86  66  76   6   0  11 1.08    M    M 13.9 43 310   M    M   2 13     53 290
 7  81  65  73   3   0   8 0.00    M    M  9.1 21 360   M    M   3        26 320
 8  90  63  77   7   0  12 0.00    M    M  9.2 23 320   M    M   0        29 300
 9 100  61  81  11   0  16 0.00    M    M 10.2 21 230   M    M   0        28 220
10  94  64  79   8   0  14 0.28    M    M 12.5 31 310   M    M   1 13     39 310
11  70  63  67  -4   0   2 1.60    M    M 10.9 23 360   M    M  10 1      27 350
12  67  62  65  -6   0   0    T    M    M  7.1 17 360   M    M  10        21 350
13  80  64  72   1   0   7 0.00    M    M  5.7 14 140   M    M   6 1      17 150
14  85  63  74   2   0   9 0.42    M    M  4.0 22 180   M    M   4 123    26 190
15  76  62  69  -3   0   4 0.24    M    M  8.0 24  10   M    M   5 1      29  10
16  81  56  69  -3   0   4 0.00    M    M  7.7 16 150   M    M   0        20 350
17  83  66  75   3   0  10 0.00    M    M  7.6 15 280   M    M   1        19 310
18  78  60  69  -4   0   4 0.03    M    M  6.8 16  30   M    M   6        19  40
19  86  57  72  -1   0   7 0.00    M    M  9.7 21 160   M    M   0        24 160
20  90  68  79   6   0  14 0.00    M    M  9.8 20 360   M    M   2        26 350
21  90  62  76   3   0  11 0.00    M    M  8.6 18 130   M    M   1        23 140
22  92  64  78   4   0  13 0.00    M    M 14.0 26 330   M    M   1        33 320
23  84  57  71  -3   0   6 0.00    M    M  3.5 18 180   M    M   3        22 180
24  87  66  77   3   0  12 0.11    M    M 10.8 25 160   M    M   5 3      32 150
25  82  68  75   1   0  10 0.00    M    M  8.7 16  30   M    M   4 1      22  30
26  85  62  74   0   0   9 0.01    M    M 10.0 23 360   M    M   5        29  20
27  88  58  73  -1   0   8 0.00    M    M  3.8  9  30   M    M   2        11  50
28  89  66  78   4   0  13 0.00    M    M 13.6 26 340   M    M   1        33 330
29  88  61  75   0   0  10 0.00    M    M  6.8 16 350   M    M   1        21 350
================================================================================
SM 2447 1799         0 245  3.86    M    257.5          M       84
================================================================================
AV 84.4 62.0                               8.9 FASTST   M    M   3    MAX(MPH)
                                 MISC ---->  # 43 310               # 53  290
================================================================================
NOTES:
# LAST OF SEVERAL OCCURRENCES

COLUMN 17 PEAK WIND IN M.P.H.

PRELIMINARY LOCAL CLIMATOLOGICAL DATA (WS FORM: F-6) , PAGE 2

                                          STATION:  TEKAMAH, NEBRASKA
                                          MONTH:    JUNE
                                          YEAR:     2015
                                          LATITUDE:   41 46 N
                                          LONGITUDE:  96 11 W

[TEMPERATURE DATA]      [PRECIPITATION DATA]       SYMBOLS USED IN COLUMN 16

AVERAGE MONTHLY: 73.2   TOTAL FOR MONTH:   3.86    1 = FOG OR MIST
DPTR FM NORMAL:   1.5   DPTR FM NORMAL:   -0.58    2 = FOG REDUCING VISIBILITY
HIGHEST:   100 ON  9    GRTST 24HR  1.88 ON 10-11      TO 1/4 MILE OR LESS
LOWEST:     50 ON  1                               3 = THUNDER
                        SNOW, ICE PELLETS, HAIL    4 = ICE PELLETS
                        TOTAL MONTH:    M          5 = HAIL
                        GRTST 24HR    M  ON   M    6 = FREEZING RAIN OR DRIZZLE
                        GRTST DEPTH:  M  ON   M    7 = DUSTSTORM OR SANDSTORM:
                                                       VSBY 1/2 MILE OR LESS
                                                   8 = SMOKE OR HAZE
[NO. OF DAYS WITH]      [WEATHER - DAYS WITH]      9 = BLOWING SNOW
                                                   X = TORNADO
MAX 32 OR BELOW:   0    0.01 INCH OR MORE:   9
MAX 90 OR ABOVE:   6    0.10 INCH OR MORE:   6
MIN 32 OR BELOW:   0    0.50 INCH OR MORE:   2
MIN  0 OR BELOW:   0    1.00 INCH OR MORE:   2

[HDD (BASE 65) ]
TOTAL THIS MO.     0    CLEAR  (SCALE 0-3)  18
DPTR FM NORMAL   -16    PTCLDY (SCALE 4-7)   9
TOTAL FM JUL 1  6104    CLOUDY (SCALE 8-10)  2
DPTR FM NORMAL  -394

[CDD (BASE 65) ]
TOTAL THIS MO.   245
DPTR FM NORMAL    32    [PRESSURE DATA]
TOTAL FM JAN 1   284    HIGHEST SLP M ON M
DPTR FM NORMAL    -5    LOWEST  SLP 29.61 ON 10

[REMARKS]
