000
CXUS53 KOAX 271000
CF6TQE
PRELIMINARY LOCAL CLIMATOLOGICAL DATA (WS FORM: F-6)

                                          STATION:   TEKAMAH, NEBRASKA
                                          MONTH:     MAY
                                          YEAR:      2015
                                          LATITUDE:   41 46 N
                                          LONGITUDE:  96 11 W

  TEMPERATURE IN F:       :PCPN:    SNOW:  WIND      :SUNSHINE: SKY     :PK WND
================================================================================
1   2   3   4   5  6A  6B    7    8   9   10  11  12  13   14  15   16   17  18
                                     12Z  AVG MX 2MIN
DY MAX MIN AVG DEP HDD CDD  WTR  SNW DPTH SPD SPD DIR MIN PSBL S-S WX    SPD DR
================================================================================

 1  65  49  57   0   8   0 0.09    M    M  6.3 17 130   M    M   6        21 130
 2  78  43  61   4   4   0 0.02    M    M 16.8 48 180   M    M   3 38     56 180
 3  89  57  73  16   0   8 0.06    M    M 14.2 43 180   M    M   1 38     50 180
 4  70  56  63   5   2   0 0.35    M    M 11.2 26  40   M    M   7 1      31  40
 5  78  57  68  10   0   3 0.08    M    M 10.0 18 130   M    M   5 1      23 160
 6  74  62  68  10   0   3 1.07    M    M 18.8 32 160   M    M   9 13     38 160
 7  77  56  67   8   0   2 0.83    M    M 17.9 29 160   M    M   7 1      33 170
 8  60  49  55  -4  10   0 0.00    M    M 10.9 17 350   M    M   8        21 330
 9  71  45  58  -2   7   0 0.00    M    M 10.5 16 110   M    M   6        20  90
10  72  47  60   0   5   0 0.68    M    M 18.6 48 150   M    M   8 13     63 160
11  52  44  48 -12  17   0 0.00    M    M 18.2 29 270   M    M   9        35 300
12  69  39  54  -7  11   0 0.00    M    M  8.3 18 140   M    M   0        23 140
13  74  47  61   0   4   0 0.25    M    M 18.7 32 150   M    M   1 1      40 160
14  69  54  62   0   3   0 0.45    M    M 11.2 21 130   M    M   8 1      26 120
15  70  55  63   1   2   0 0.03    M    M  9.1 31 180   M    M   6 1      37 180
16  80  62  71   9   0   6 0.10    M    M 16.3 30 230   M    M   6 3      34 230
17  77  53  65   2   0   0 0.04    M    M 16.7 33 270   M    M   4 1      39 260
18  60  42  51 -12  14   0 0.00    M    M 17.5 29 320   M    M   4        35 300
19  56  40  48 -15  17   0 0.01    M    M 10.2 22  20   M    M   6        27 360
20  52  41  47 -17  18   0 0.08    M    M  9.5 18 360   M    M   8        20 350
21  77  39  58  -6   7   0 0.00    M    M  9.1 18 310   M    M   0 8      24 300
22  73  45  59  -5   6   0 0.02    M    M  6.3 29 210   M    M   3        33 200
23  65  56  61  -4   4   0    T    M    M  8.5 20 160   M    M  10 1      22 130
24  69  60  65   0   0   0 0.08    M    M  5.8 15  80   M    M   9 1      17  80
25  83  61  72   6   0   7 0.28    M    M 13.6 28 180   M    M   6 13     33 160
26  71  55  63  -3   2   0    T    M    M  8.1 21 320   M    M   6 3      25 310
================================================================================
SM 1831 1314       141  29  4.52    M    322.3          M      146
================================================================================
AV 70.4 50.5                              12.4 FASTST   M    M   6    MAX(MPH)
                                 MISC ---->  # 48 180               # 63  160
================================================================================
NOTES:
# LAST OF SEVERAL OCCURRENCES

COLUMN 17 PEAK WIND IN M.P.H.

PRELIMINARY LOCAL CLIMATOLOGICAL DATA (WS FORM: F-6) , PAGE 2

                                          STATION:  TEKAMAH, NEBRASKA
                                          MONTH:    MAY
                                          YEAR:     2015
                                          LATITUDE:   41 46 N
                                          LONGITUDE:  96 11 W

[TEMPERATURE DATA]      [PRECIPITATION DATA]       SYMBOLS USED IN COLUMN 16

AVERAGE MONTHLY: 60.5   TOTAL FOR MONTH:   4.52    1 = FOG OR MIST
DPTR FM NORMAL:  -0.8   DPTR FM NORMAL:    1.07    2 = FOG REDUCING VISIBILITY
HIGHEST:    89 ON  3    GRTST 24HR  1.90 ON  6- 7      TO 1/4 MILE OR LESS
LOWEST:     39 ON 21,12                            3 = THUNDER
                        SNOW, ICE PELLETS, HAIL    4 = ICE PELLETS
                        TOTAL MONTH:    M          5 = HAIL
                        GRTST 24HR    M  ON   M    6 = FREEZING RAIN OR DRIZZLE
                        GRTST DEPTH:  M  ON   M    7 = DUSTSTORM OR SANDSTORM:
                                                       VSBY 1/2 MILE OR LESS
                                                   8 = SMOKE OR HAZE
[NO. OF DAYS WITH]      [WEATHER - DAYS WITH]      9 = BLOWING SNOW
                                                   X = TORNADO
MAX 32 OR BELOW:   0    0.01 INCH OR MORE:  18
MAX 90 OR ABOVE:   0    0.10 INCH OR MORE:   8
MIN 32 OR BELOW:   0    0.50 INCH OR MORE:   3
MIN  0 OR BELOW:   0    1.00 INCH OR MORE:   1

[HDD (BASE 65) ]
TOTAL THIS MO.   141    CLEAR  (SCALE 0-3)   6
DPTR FM NORMAL    -3    PTCLDY (SCALE 4-7)  15
TOTAL FM JUL 1  6092    CLOUDY (SCALE 8-10)  5
DPTR FM NORMAL  -381

[CDD (BASE 65) ]
TOTAL THIS MO.    29
DPTR FM NORMAL   -20    [PRESSURE DATA]
TOTAL FM JAN 1    32    HIGHEST SLP M ON M
DPTR FM NORMAL   -25    LOWEST  SLP 29.56 ON 17

[REMARKS]
