000
CXUS54 KMRX 261252
CF6TRI
PRELIMINARY LOCAL CLIMATOLOGICAL DATA (WS FORM: F-6)

                                          STATION:   TRI-CITIES      ASOS
                                          MONTH:     MARCH
                                          YEAR:      2017
                                          LATITUDE:   36 28 N
                                          LONGITUDE:  82 24 W

  TEMPERATURE IN F:       :PCPN:    SNOW:  WIND      :SUNSHINE: SKY     :PK WND
================================================================================
1   2   3   4   5  6A  6B    7    8   9   10  11  12  13   14  15   16   17  18
                                     12Z  AVG MX 2MIN
DY MAX MIN AVG DEP HDD CDD  WTR  SNW DPTH SPD SPD DIR MIN PSBL S-S WX    SPD DR
================================================================================

 1  66  46  56  13   9   0 1.72  0.0    0  7.4 30 300   M    M   9 123    40 300
 2  51  35  43   0  22   0 0.00  0.0    0 11.4 23 270   M    M   3        28 270
 3  45  25  35  -8  30   0    T    T    0 10.0 26 270   M    M   5        33 260
 4  54  20  37  -6  28   0 0.00  0.0    0  1.8 13 270   M    M   1        15 270
 5  64  27  46   2  19   0 0.00  0.0    0  2.2 14 240   M    M   1        17 190
 6  61  43  52   8  13   0    T  0.0    0  4.0 15 190   M    M   9        19 190
 7  67  46  57  13   8   0 0.31  0.0    0  6.3 21 180   M    M   9 1      27 200
 8  62  37  50   6  15   0 0.07  0.0    0  7.7 24 310   M    M   2 18     33 250
 9  68  30  49   4  16   0 0.00  0.0    0  4.0 22 230   M    M   4        26 230
10  52  36  44  -1  21   0 0.56  0.0    0  9.5 23 300   M    M   6 13     31 350
11  44  27  36  -9  29   0 0.00  0.0    0  4.9 13 270   M    M   6        16 250
12  50  29  40  -6  25   0 0.00  0.0    0  3.5 10 320   M    M   4        15  10
13  56  24  40  -6  25   0 0.16  0.0    0  4.6 17 300   M    M   6 1      20 300
14  41  23  32 -14  33   0 0.10  0.1    0 10.7 21 320   M    M  10 1      26 310
15  34  18  26 -20  39   0    T  0.2    0 12.1 22 320   M    M   5 1      32 290
16  44  15  30 -17  35   0 0.00  0.0    0  4.9 16 250   M    M   0        21 290
17  47  20  34 -13  31   0 0.57  0.0    0  1.5 10 180   M    M   8 13     13 180
18  64  40  52   5  13   0 0.16  0.0    0  8.9 29 250   M    M   6 18     37 260
19  50  30  40  -8  25   0    T  0.0    0  4.6 13 350   M    M   7        17 360
20  58  26  42  -6  23   0 0.00  0.0    0  2.3 13 190   M    M   5        17 190
21  76  43  60  12   5   0 0.02  0.0    0  4.3 17  10   M    M   7        23  20
22  57  36  47  -1  18   0 0.00  0.0    0  6.7 15 340   M    M   5        22 360
23  65  30  48  -1  17   0 0.00  0.0    0  3.6 13 220   M    M   3        16 210
24  74  43  59  10   6   0 0.00  0.0    0  5.1 15 260   M    M   7        21 230
25  76  50  63  14   2   0 0.00  0.0    0  3.9 15 180   M    M   8        20 130
================================================================================
SM 1426  799       507   0  3.67     0.3 145.9          M      136
================================================================================
AV 57.0 32.0                               5.8 FASTST   M    M   5    MAX(MPH)
                                 MISC ---->  # 30 300               # 40  300
================================================================================
NOTES:
# LAST OF SEVERAL OCCURRENCES

COLUMN 17 PEAK WIND IN M.P.H.

PRELIMINARY LOCAL CLIMATOLOGICAL DATA (WS FORM: F-6) , PAGE 2

                                          STATION:  TRI-CITIES      ASOS
                                          MONTH:    MARCH
                                          YEAR:     2017
                                          LATITUDE:   36 28 N
                                          LONGITUDE:  82 24 W

[TEMPERATURE DATA]      [PRECIPITATION DATA]       SYMBOLS USED IN COLUMN 16

AVERAGE MONTHLY: 44.5   TOTAL FOR MONTH:   3.67    1 = FOG OR MIST
DPTR FM NORMAL:  -1.4   DPTR FM NORMAL:    0.92    2 = FOG REDUCING VISIBILITY
HIGHEST:    76 ON 25,21 GRTST 24HR  1.72 ON  1- 1      TO 1/4 MILE OR LESS
LOWEST:     15 ON 16                               3 = THUNDER
                        SNOW, ICE PELLETS, HAIL    4 = ICE PELLETS
                        TOTAL MONTH:   0.3 INCH    5 = HAIL
                        GRTST 24HR   0.2 ON 15-15  6 = FREEZING RAIN OR DRIZZLE
                        GRTST DEPTH:   0           7 = DUSTSTORM OR SANDSTORM:
                                                       VSBY 1/2 MILE OR LESS
                                                   8 = SMOKE OR HAZE
[NO. OF DAYS WITH]      [WEATHER - DAYS WITH]      9 = BLOWING SNOW
                                                   X = TORNADO
MAX 32 OR BELOW:   0    0.01 INCH OR MORE:   9
MAX 90 OR ABOVE:   0    0.10 INCH OR MORE:   7
MIN 32 OR BELOW:  14    0.50 INCH OR MORE:   3
MIN  0 OR BELOW:   0    1.00 INCH OR MORE:   1

[HDD (BASE 65) ]
TOTAL THIS MO.   507    CLEAR  (SCALE 0-3)   5
DPTR FM NORMAL    29    PTCLDY (SCALE 4-7)  15
TOTAL FM JUL 1  3074    CLOUDY (SCALE 8-10)  5
DPTR FM NORMAL  -786

[CDD (BASE 65) ]
TOTAL THIS MO.     0
DPTR FM NORMAL     0    [PRESSURE DATA]
TOTAL FM JAN 1     0    HIGHEST SLP M ON M
DPTR FM NORMAL     0    LOWEST  SLP 29.80 ON  1

[REMARKS]
